205.143.222.10 - - [20/Jun/2005:06:33:36 +0200] "GET / HTTP/1.0" 200 3369 "-" "Mozilla/5.0 (Windows; U; Windows NT 5.1; en-US; rv:1.7.8) Gecko/20050511 Firefox/1.0.4"
205.143.222.10 - - [20/Jun/2005:06:33:45 +0200] "GET /wiki.pl?Table_Of_Contents HTTP/1.0" 200 26183 "http://wiki.wxwidgets.org/" "Mozilla/5.0 (Windows; U; Windows NT 5.1; en-US; rv:1.7.8) Gecko/20050511 Firefox/1.0.4"
205.143.222.10 - - [20/Jun/2005:06:33:53 +0200] "GET /wiki.pl?FAQ HTTP/1.0" 200 8648 "http://wiki.wxwidgets.org/wiki.pl?Table_Of_Contents" "Mozilla/5.0 (Windows; U; Windows NT 5.1; en-US; rv:1.7.8) Gecko/20050511 Firefox/1.0.4"
68.111.211.48 - - [20/Jun/2005:06:34:02 +0200] "GET /wiki.pl?Compiling_WxWidgets HTTP/1.1" 200 15599 "http://www.google.com/search?q=wxwidgets+cygwin&sourceid=mozilla-search&start=0&start=0&ie=utf-8&oe=utf-8&client=firefox-a&rls=org.mozilla:en-US:official" "Mozilla/5.0 (Windows; U; Windows NT 5.1; en-US; rv:1.7.8) Gecko/20050511 Firefox/1.0.4"
205.143.222.10 - - [20/Jun/2005:06:34:13 +0200] "GET /wiki.pl?action=editprefs HTTP/1.0" 200 4152 "http://wiki.wxwidgets.org/wiki.pl?FAQ" "Mozilla/5.0 (Windows; U; Windows NT 5.1; en-US; rv:1.7.8) Gecko/20050511 Firefox/1.0.4"
194.224.199.52 - - [20/Jun/2005:06:34:16 +0200] "GET /wiki.pl?eco HTTP/1.1" 200 1740 "http://wiki.wxwidgets.org/wiki.pl?RecentChanges" "noxtrumbot/1.0 (crawler@noxtrum.com)"
194.224.199.52 - - [20/Jun/2005:06:35:18 +0200] "GET /wiki.pl?action=browse&diff=1&id=Sjzyxh HTTP/1.1" 200 9358 "http://wiki.wxwidgets.org/wiki.pl?RecentChanges" "noxtrumbot/1.0 (crawler@noxtrum.com)"
218.84.200.73 - - [20/Jun/2005:06:35:25 +0200] "GET /wximages/wxwidgets02-small.png HTTP/1.1" 200 12468 "http://blog.vckbase.com/bastet/" "Mozilla/4.0 (compatible; MSIE 6.0; Windows NT 5.1; (R1 1.3))"
194.224.199.52 - - [20/Jun/2005:06:36:19 +0200] "GET /wiki.pl?Sjzyxh HTTP/1.1" 200 1867 "http://wiki.wxwidgets.org/wiki.pl?RecentChanges" "noxtrumbot/1.0 (crawler@noxtrum.com)"
202.158.84.67 - - [20/Jun/2005:06:36:33 +0200] "GET /wiki.pl?IDEs HTTP/1.1" 200 10212 "http://www.google.co.id/search?hl=id&q=vc+toolkit+2003+eclipse+mingw&btnG=Cari&meta=" "Mozilla/5.0 (Windows; U; Windows NT 5.0; en-US; rv:1.7.8) Gecko/20050511 Firefox/1.0.4"
202.158.84.67 - - [20/Jun/2005:06:36:45 +0200] "GET /wxwiki.css HTTP/1.1" 200 1540 "http://wiki.wxwidgets.org/wiki.pl?IDEs" "Mozilla/5.0 (Windows; U; Windows NT 5.0; en-US; rv:1.7.8) Gecko/20050511 Firefox/1.0.4"
202.158.84.67 - - [20/Jun/2005:06:36:54 +0200] "GET /wximages/wxwidgets02-small.png HTTP/1.1" 200 12468 "http://wiki.wxwidgets.org/wiki.pl?IDEs" "Mozilla/5.0 (Windows; U; Windows NT 5.0; en-US; rv:1.7.8) Gecko/20050511 Firefox/1.0.4"
194.224.199.52 - - [20/Jun/2005:06:37:20 +0200] "GET /wiki.pl?action=history&id=Sjzyxh HTTP/1.1" 200 10951 "http://wiki.wxwidgets.org/wiki.pl?RecentChanges" "noxtrumbot/1.0 (crawler@noxtrum.com)"
202.158.84.67 - - [20/Jun/2005:06:37:48 +0200] "GET /favicon.ico HTTP/1.1" 200 3262 "-" "Mozilla/5.0 (Windows; U; Windows NT 5.0; en-US; rv:1.7.8) Gecko/20050511 Firefox/1.0.4"
218.61.0.107 - - [20/Jun/2005:06:38:04 +0200] "GET /wximages/wxwidgets02-small.png HTTP/1.1" 200 12468 "http://blog.vckbase.com/bastet/" "Mozilla/4.0 (compatible; MSIE 6.0; Windows NT 5.0)"
194.224.199.52 - - [20/Jun/2005:06:38:20 +0200] "GET /wiki.pl?action=browse&diff=1&id=Writing_Your_First_Application/Introduction HTTP/1.1" 200 8495 "http://wiki.wxwidgets.org/wiki.pl?RecentChanges" "noxtrumbot/1.0 (crawler@noxtrum.com)"
194.224.199.52 - - [20/Jun/2005:06:39:20 +0200] "GET /wiki.pl?Writing_Your_First_Application/Introduction HTTP/1.1" 200 7803 "http://wiki.wxwidgets.org/wiki.pl?RecentChanges" "noxtrumbot/1.0 (crawler@noxtrum.com)"
194.224.199.52 - - [20/Jun/2005:06:40:19 +0200] "GET /wiki.pl?action=history&id=Writing_Your_First_Application/Introduction HTTP/1.1" 200 4090 "http://wiki.wxwidgets.org/wiki.pl?RecentChanges" "noxtrumbot/1.0 (crawler@noxtrum.com)"
194.224.199.52 - - [20/Jun/2005:06:41:20 +0200] "GET /wiki.pl?Wegstar HTTP/1.1" 200 1764 "http://wiki.wxwidgets.org/wiki.pl?RecentChanges" "noxtrumbot/1.0 (crawler@noxtrum.com)"
194.224.199.52 - - [20/Jun/2005:06:42:20 +0200] "GET /wiki.pl?action=browse&diff=1&id=WxPropertyGrid HTTP/1.1" 200 2412 "http://wiki.wxwidgets.org/wiki.pl?RecentChanges" "noxtrumbot/1.0 (crawler@noxtrum.com)"
65.214.44.47 - - [20/Jun/2005:06:43:05 +0200] "GET /wiki.pl?RN HTTP/1.0" 200 2195 "-" "Mozilla/2.0 (compatible; Ask Jeeves/Teoma; +http://sp.ask.com/docs/about/tech_crawling.html)"
194.224.199.52 - - [20/Jun/2005:06:43:21 +0200] "GET /wiki.pl?WxPropertyGrid HTTP/1.1" 200 2243 "http://wiki.wxwidgets.org/wiki.pl?RecentChanges" "noxtrumbot/1.0 (crawler@noxtrum.com)"
222.248.121.59 - - [20/Jun/2005:06:43:51 +0200] "GET /wximages/wxwidgets02-small.png HTTP/1.1" 200 12468 "http://blog.vckbase.com/bastet/" "Mozilla/4.0 (compatible; MSIE 6.0; Windows NT 5.1; SV1)"
194.224.199.52 - - [20/Jun/2005:06:44:22 +0200] "GET /wiki.pl?JaakkoSalli HTTP/1.1" 200 1790 "http://wiki.wxwidgets.org/wiki.pl?RecentChanges" "noxtrumbot/1.0 (crawler@noxtrum.com)"
194.224.199.52 - - [20/Jun/2005:06:45:24 +0200] "GET /wiki.pl?action=browse&diff=1&id=Multiple_Inheritance HTTP/1.1" 200 54656 "http://wiki.wxwidgets.org/wiki.pl?RecentChanges" "noxtrumbot/1.0 (crawler@noxtrum.com)"
61.130.198.255 - - [20/Jun/2005:06:46:03 +0200] "GET /wximages/wxwidgets02-small.png HTTP/1.1" 200 12468 "http://blog.vckbase.com/bastet/" "Mozilla/4.0 (compatible; MSIE 6.0; Windows NT 5.1; SV1; Maxthon)"
194.224.199.52 - - [20/Jun/2005:06:46:26 +0200] "GET /wiki.pl?Multiple_Inheritance HTTP/1.1" 200 53027 "http://wiki.wxwidgets.org/wiki.pl?RecentChanges" "noxtrumbot/1.0 (crawler@noxtrum.com)"
65.54.188.139 - - [20/Jun/2005:06:47:20 +0200] "GET /wiki.pl?Cvs HTTP/1.0" 200 8316 "-" "msnbot/1.0 (+http://search.msn.com/msnbot.htm)"
194.224.199.52 - - [20/Jun/2005:06:47:25 +0200] "GET /wiki.pl?action=history&id=Multiple_Inheritance HTTP/1.1" 200 7663 "http://wiki.wxwidgets.org/wiki.pl?RecentChanges" "noxtrumbot/1.0 (crawler@noxtrum.com)"
194.224.199.52 - - [20/Jun/2005:06:48:25 +0200] "GET /wiki.pl?action=browse&diff=1&id=Launching_The_Default_Browser HTTP/1.1" 200 4530 "http://wiki.wxwidgets.org/wiki.pl?RecentChanges" "noxtrumbot/1.0 (crawler@noxtrum.com)"
194.224.199.52 - - [20/Jun/2005:06:49:25 +0200] "GET /wiki.pl?Launching_The_Default_Browser HTTP/1.1" 200 3950 "http://wiki.wxwidgets.org/wiki.pl?RecentChanges" "noxtrumbot/1.0 (crawler@noxtrum.com)"
194.224.199.52 - - [20/Jun/2005:06:50:25 +0200] "GET /wiki.pl?action=history&id=Launching_The_Default_Browser HTTP/1.1" 200 4712 "http://wiki.wxwidgets.org/wiki.pl?RecentChanges" "noxtrumbot/1.0 (crawler@noxtrum.com)"
68.142.250.23 - - [20/Jun/2005:06:50:45 +0200] "GET /robots.txt HTTP/1.0" 200 138 "-" "Mozilla/5.0 (compatible; Yahoo! Slurp; http://help.yahoo.com/help/us/ysearch/slurp)"
68.142.249.35 - - [20/Jun/2005:06:50:46 +0200] "GET /wiki.pl?WxSMTP HTTP/1.0" 200 5525 "-" "Mozilla/5.0 (compatible; Yahoo! Slurp; http://help.yahoo.com/help/us/ysearch/slurp)"
194.224.199.52 - - [20/Jun/2005:06:51:25 +0200] "GET /wiki.pl?Ryan_Norton HTTP/1.1" 200 1788 "http://wiki.wxwidgets.org/wiki.pl?RecentChanges" "noxtrumbot/1.0 (crawler@noxtrum.com)"
80.203.79.144 - - [20/Jun/2005:06:51:30 +0200] "GET /wiki.pl?WxWidgets_Vacancies HTTP/1.1" 200 3602 "http://www.wxwidgets.org/toolbar.htm" "Mozilla/5.0 (X11; U; Linux i686; en-US; rv:1.7.5) Gecko/20041107 Firefox/1.0"
80.203.79.144 - - [20/Jun/2005:06:51:30 +0200] "GET /wxwiki.css HTTP/1.1" 200 1540 "http://wiki.wxwidgets.org/wiki.pl?WxWidgets_Vacancies" "Mozilla/5.0 (X11; U; Linux i686; en-US; rv:1.7.5) Gecko/20041107 Firefox/1.0"
80.203.79.144 - - [20/Jun/2005:06:51:30 +0200] "GET /wximages/wxwidgets02-small.png HTTP/1.1" 200 12468 "http://wiki.wxwidgets.org/wiki.pl?WxWidgets_Vacancies" "Mozilla/5.0 (X11; U; Linux i686; en-US; rv:1.7.5) Gecko/20041107 Firefox/1.0"
80.203.79.144 - - [20/Jun/2005:06:51:30 +0200] "GET /favicon.ico HTTP/1.1" 200 3262 "-" "Mozilla/5.0 (X11; U; Linux i686; en-US; rv:1.7.5) Gecko/20041107 Firefox/1.0"
194.224.199.52 - - [20/Jun/2005:06:52:25 +0200] "GET /wiki.pl?action=browse&diff=1&id=Using_XML_With_WxWidgets HTTP/1.1" 200 6915 "http://wiki.wxwidgets.org/wiki.pl?RecentChanges" "noxtrumbot/1.0 (crawler@noxtrum.com)"
194.224.199.52 - - [20/Jun/2005:06:53:26 +0200] "GET /wiki.pl?Using_XML_With_WxWidgets HTTP/1.1" 200 5823 "http://wiki.wxwidgets.org/wiki.pl?RecentChanges" "noxtrumbot/1.0 (crawler@noxtrum.com)"
194.224.199.52 - - [20/Jun/2005:06:54:25 +0200] "GET /wiki.pl?action=browse&diff=1&id=CMake HTTP/1.1" 200 11510 "http://wiki.wxwidgets.org/wiki.pl?RecentChanges" "noxtrumbot/1.0 (crawler@noxtrum.com)"
194.224.199.52 - - [20/Jun/2005:06:55:25 +0200] "GET /wiki.pl?CMake HTTP/1.1" 200 10758 "http://wiki.wxwidgets.org/wiki.pl?RecentChanges" "noxtrumbot/1.0 (crawler@noxtrum.com)"
207.46.98.84 - - [20/Jun/2005:06:56:25 +0200] "GET /robots.txt HTTP/1.0" 200 138 "-" "msnbot/1.0 (+http://search.msn.com/msnbot.htm)"
194.224.199.52 - - [20/Jun/2005:06:56:25 +0200] "GET /wiki.pl?Jfath HTTP/1.1" 200 1752 "http://wiki.wxwidgets.org/wiki.pl?RecentChanges" "noxtrumbot/1.0 (crawler@noxtrum.com)"
210.22.151.50 - - [20/Jun/2005:06:56:30 +0200] "GET /wximages/wxwidgets02-small.png HTTP/1.1" 200 12468 "http://blog.vckbase.com/bastet/" "Mozilla/4.0 (compatible; MSIE 6.0; Windows NT 5.1; Maxthon; SV1; .NET CLR 1.0.3705; .NET CLR 1.1.4322)"
194.224.199.52 - - [20/Jun/2005:06:57:25 +0200] "GET /wiki.pl?action=browse&diff=1&id=Bakefile_Basic HTTP/1.1" 200 6784 "http://wiki.wxwidgets.org/wiki.pl?RecentChanges" "noxtrumbot/1.0 (crawler@noxtrum.com)"
194.224.199.52 - - [20/Jun/2005:06:58:25 +0200] "GET /wiki.pl?Bakefile_Basic HTTP/1.1" 200 6177 "http://wiki.wxwidgets.org/wiki.pl?RecentChanges" "noxtrumbot/1.0 (crawler@noxtrum.com)"
218.19.42.189 - - [20/Jun/2005:06:58:49 +0200] "GET /wximages/wxwidgets02-small.png HTTP/1.1" 200 12468 "http://blog.vckbase.com/bastet/" "Mozilla/4.0 (compatible; MSIE 6.0; Windows 98)"
194.224.199.52 - - [20/Jun/2005:06:59:25 +0200] "GET /wiki.pl?action=history&id=Bakefile_Basic HTTP/1.1" 200 3445 "http://wiki.wxwidgets.org/wiki.pl?RecentChanges" "noxtrumbot/1.0 (crawler@noxtrum.com)"
195.250.136.10 - - [20/Jun/2005:06:59:34 +0200] "GET /wiki.pl?WxWidgets_For_MFC_Programmers HTTP/1.0" 200 12551 "http://www.google.com/search?biw=1003&hl=cs&q=wxWidgets+mfc&lr=" "Mozilla/4.0 (compatible; MSIE 6.0; Windows NT 5.1; SV1; .NET CLR 1.1.4322)"
195.250.136.10 - - [20/Jun/2005:06:59:37 +0200] "GET /wxwiki.css HTTP/1.0" 304 - "http://wiki.wxwidgets.org/wiki.pl?WxWidgets_For_MFC_Programmers" "Mozilla/4.0 (compatible; MSIE 6.0; Windows NT 5.1; SV1; .NET CLR 1.1.4322)"
195.250.136.10 - - [20/Jun/2005:06:59:37 +0200] "GET /wximages/wxwidgets02-small.png HTTP/1.0" 304 - "http://wiki.wxwidgets.org/wiki.pl?WxWidgets_For_MFC_Programmers" "Mozilla/4.0 (compatible; MSIE 6.0; Windows NT 5.1; SV1; .NET CLR 1.1.4322)"
218.72.10.25 - - [20/Jun/2005:07:00:16 +0200] "GET /wximages/wxwidgets02-small.png HTTP/1.1" 200 12468 "http://blog.vckbase.com/bastet/default.aspx?opt=msg" "Mozilla/4.0 (compatible; MSIE 6.0; Windows NT 5.1; Poco 0.31; .NET CLR 1.1.4322)"
194.224.199.52 - - [20/Jun/2005:07:00:25 +0200] "GET /wiki.pl?action=browse&diff=1&id=Compiling_A_WxWidgets_Application HTTP/1.1" 200 7263 "http://wiki.wxwidgets.org/wiki.pl?RecentChanges" "noxtrumbot/1.0 (crawler@noxtrum.com)"
222.69.137.10 - - [20/Jun/2005:07:01:03 +0200] "GET /wximages/wxwidgets02-small.png HTTP/1.1" 200 12468 "http://blog.vckbase.com/bastet/" "Mozilla/4.0 (compatible; MSIE 6.0; Windows NT 5.1; SV1)"
194.224.199.52 - - [20/Jun/2005:07:01:26 +0200] "GET /wiki.pl?Compiling_A_WxWidgets_Application HTTP/1.1" 200 6068 "http://wiki.wxwidgets.org/wiki.pl?RecentChanges" "noxtrumbot/1.0 (crawler@noxtrum.com)"
65.214.44.47 - - [20/Jun/2005:07:01:31 +0200] "GET /wiki.pl?33 HTTP/1.0" 200 1778 "-" "Mozilla/2.0 (compatible; Ask Jeeves/Teoma; +http://sp.ask.com/docs/about/tech_crawling.html)"
24.119.10.69 - - [20/Jun/2005:07:01:41 +0200] "GET /wiki.pl?WxWidgets_Compared_To_Other_Toolkits HTTP/1.1" 200 19476 "http://search.yahoo.com/search?p=fltk+c%23&fr=FP-tab-web-t&toggle=1&ei=UTF-8" "Mozilla/4.0 (compatible; MSIE 6.0; Windows NT 5.1; SV1; Maxthon; .NET CLR 1.1.4322)"
24.119.10.69 - - [20/Jun/2005:07:01:41 +0200] "GET /wxwiki.css HTTP/1.1" 200 1540 "http://wiki.wxwidgets.org/wiki.pl?WxWidgets_Compared_To_Other_Toolkits" "Mozilla/4.0 (compatible; MSIE 6.0; Windows NT 5.1; SV1; Maxthon; .NET CLR 1.1.4322)"
24.119.10.69 - - [20/Jun/2005:07:01:42 +0200] "GET /wximages/wxwidgets02-small.png HTTP/1.1" 200 12468 "http://wiki.wxwidgets.org/wiki.pl?WxWidgets_Compared_To_Other_Toolkits" "Mozilla/4.0 (compatible; MSIE 6.0; Windows NT 5.1; SV1; Maxthon; .NET CLR 1.1.4322)"
24.119.10.69 - - [20/Jun/2005:07:01:42 +0200] "GET /favicon.ico HTTP/1.1" 200 3262 "-" "Mozilla/4.0 (compatible; MSIE 6.0; Windows NT 5.1; SV1; Maxthon; .NET CLR 1.1.4322)"
61.152.115.113 - - [20/Jun/2005:07:01:48 +0200] "GET /wximages/wxwidgets02-small.png HTTP/1.1" 200 12468 "http://blog.vckbase.com/bastet/" "Mozilla/4.0 (compatible; MSIE 6.0; Windows NT 5.1; SV1; .NET CLR 1.1.4322)"
218.13.34.243 - - [20/Jun/2005:07:02:07 +0200] "GET /wximages/wxwidgets02-small.png HTTP/1.1" 200 12468 "http://blog.vckbase.com/bastet/" "Mozilla/4.0 (compatible; MSIE 6.0; Windows NT 5.0; MyIE2)"
194.224.199.52 - - [20/Jun/2005:07:02:26 +0200] "GET /wiki.pl?action=history&id=Compiling_A_WxWidgets_Application HTTP/1.1" 200 4153 "http://wiki.wxwidgets.org/wiki.pl?RecentChanges" "noxtrumbot/1.0 (crawler@noxtrum.com)"
65.54.188.139 - - [20/Jun/2005:07:02:54 +0200] "GET /wiki.pl?Developers_Notebook/WxGTK HTTP/1.0" 200 2920 "-" "msnbot/1.0 (+http://search.msn.com/msnbot.htm)"
61.185.3.164 - - [20/Jun/2005:07:03:01 +0200] "GET /wximages/wxwidgets02-small.png HTTP/1.1" 200 12468 "http://blog.vckbase.com/bastet/" "Mozilla/4.0 (compatible; MSIE 6.0; Windows NT 5.1; MyIE2; .NET CLR 1.1.4322)"
218.2.110.117 - - [20/Jun/2005:07:03:09 +0200] "GET /wximages/wxwidgets02-small.png HTTP/1.1" 200 12468 "http://blog.vckbase.com/bastet/" "Mozilla/4.0 (compatible; MSIE 6.0; Windows NT 5.0; Maxthon)"
194.224.199.52 - - [20/Jun/2005:07:03:27 +0200] "GET /wiki.pl?action=browse&diff=1&id=Table_Of_Contents HTTP/1.1" 200 27025 "http://wiki.wxwidgets.org/wiki.pl?RecentChanges" "noxtrumbot/1.0 (crawler@noxtrum.com)"
194.224.199.52 - - [20/Jun/2005:07:04:27 +0200] "GET /wiki.pl?action=history&id=Table_Of_Contents HTTP/1.1" 200 10159 "http://wiki.wxwidgets.org/wiki.pl?RecentChanges" "noxtrumbot/1.0 (crawler@noxtrum.com)"
68.142.250.84 - - [20/Jun/2005:07:04:44 +0200] "GET /wiki.pl?Sfss HTTP/1.0" 200 1734 "-" "Mozilla/5.0 (compatible; Yahoo! Slurp; http://help.yahoo.com/help/us/ysearch/slurp)"
207.46.98.84 - - [20/Jun/2005:07:04:47 +0200] "GET /wiki.pl?WxWiki/Table_Of_Contents HTTP/1.0" 200 2082 "-" "msnbot/1.0 (+http://search.msn.com/msnbot.htm)"
68.118.131.39 - - [20/Jun/2005:07:05:07 +0200] "GET /wiki.pl?WxNoteBook HTTP/1.1" 200 3253 "-" "Mozilla/4.0 (compatible; MSIE 6.0; Windows)"
68.118.131.39 - - [20/Jun/2005:07:05:08 +0200] "GET /wxwiki.css HTTP/1.1" 200 1540 "http://wiki.wxwidgets.org/wiki.pl?WxNoteBook" "Mozilla/4.0 (compatible; MSIE 6.0; Windows)"
68.118.131.39 - - [20/Jun/2005:07:05:08 +0200] "GET /wximages/wxwidgets02-small.png HTTP/1.1" 200 12468 "http://wiki.wxwidgets.org/wiki.pl?WxNoteBook" "Mozilla/4.0 (compatible; MSIE 6.0; Windows)"
68.118.131.39 - - [20/Jun/2005:07:05:24 +0200] "GET /wiki.pl?WxTabCtrl HTTP/1.1" 200 2385 "-" "Mozilla/4.0 (compatible; MSIE 6.0; Windows)"
68.118.131.39 - - [20/Jun/2005:07:05:24 +0200] "GET /wxwiki.css HTTP/1.1" 304 - "http://wiki.wxwidgets.org/wiki.pl?WxTabCtrl" "Mozilla/4.0 (compatible; MSIE 6.0; Windows)"
68.118.131.39 - - [20/Jun/2005:07:05:24 +0200] "GET /wximages/wxwidgets02-small.png HTTP/1.1" 304 - "http://wiki.wxwidgets.org/wiki.pl?WxTabCtrl" "Mozilla/4.0 (compatible; MSIE 6.0; Windows)"
194.224.199.52 - - [20/Jun/2005:07:05:27 +0200] "GET /wiki.pl?action=browse&diff=1&id=MSVC_.NET_Setup_Guide HTTP/1.1" 200 14256 "http://wiki.wxwidgets.org/wiki.pl?RecentChanges" "noxtrumbot/1.0 (crawler@noxtrum.com)"
194.224.199.52 - - [20/Jun/2005:07:06:28 +0200] "GET /wiki.pl?MSVC_.NET_Setup_Guide HTTP/1.1" 200 12582 "http://wiki.wxwidgets.org/wiki.pl?RecentChanges" "noxtrumbot/1.0 (crawler@noxtrum.com)"
194.224.199.52 - - [20/Jun/2005:07:07:28 +0200] "GET /wiki.pl?action=history&id=MSVC_.NET_Setup_Guide HTTP/1.1" 200 6332 "http://wiki.wxwidgets.org/wiki.pl?RecentChanges" "noxtrumbot/1.0 (crawler@noxtrum.com)"
218.13.140.48 - - [20/Jun/2005:07:07:40 +0200] "GET /wximages/wxwidgets02-small.png HTTP/1.1" 200 12468 "http://blog.vckbase.com/bastet/" "Mozilla/4.0 (compatible; MSIE 6.0; Windows NT 5.1; SV1)"
194.224.199.52 - - [20/Jun/2005:07:08:28 +0200] "GET /wiki.pl?Tom HTTP/1.1" 200 1740 "http://wiki.wxwidgets.org/wiki.pl?RecentChanges" "noxtrumbot/1.0 (crawler@noxtrum.com)"
194.224.199.52 - - [20/Jun/2005:07:09:28 +0200] "GET /wiki.pl?action=browse&diff=1&id=Resources HTTP/1.1" 200 6842 "http://wiki.wxwidgets.org/wiki.pl?RecentChanges" "noxtrumbot/1.0 (crawler@noxtrum.com)"
194.224.199.52 - - [20/Jun/2005:07:10:28 +0200] "GET /wiki.pl?action=history&id=RecentChanges HTTP/1.1" 200 7093 "http://wiki.wxwidgets.org/wiki.pl?RecentChanges" "noxtrumbot/1.0 (crawler@noxtrum.com)"
24.125.133.228 - - [20/Jun/2005:07:10:54 +0200] "GET /wiki.pl?Table_Of_Contents HTTP/1.1" 200 26242 "http://wiki.wxpython.org/" "Mozilla/5.0 (Windows; U; Windows NT 5.1; en-US; rv:1.7.8) Gecko/20050511 Firefox/1.0.4"
24.125.133.228 - - [20/Jun/2005:07:10:54 +0200] "GET /wxwiki.css HTTP/1.1" 200 1540 "http://wiki.wxwidgets.org/wiki.pl?Table_Of_Contents" "Mozilla/5.0 (Windows; U; Windows NT 5.1; en-US; rv:1.7.8) Gecko/20050511 Firefox/1.0.4"
24.125.133.228 - - [20/Jun/2005:07:10:54 +0200] "GET /wximages/wxwidgets02-small.png HTTP/1.1" 200 12468 "http://wiki.wxwidgets.org/wiki.pl?Table_Of_Contents" "Mozilla/5.0 (Windows; U; Windows NT 5.1; en-US; rv:1.7.8) Gecko/20050511 Firefox/1.0.4"
24.125.133.228 - - [20/Jun/2005:07:10:54 +0200] "GET /favicon.ico HTTP/1.1" 200 3262 "-" "Mozilla/5.0 (Windows; U; Windows NT 5.1; en-US; rv:1.7.8) Gecko/20050511 Firefox/1.0.4"
194.224.199.52 - - [20/Jun/2005:07:11:29 +0200] "GET /wiki.pl?Spam-Remover HTTP/1.1" 200 1794 "http://wiki.wxwidgets.org/wiki.pl?RecentChanges" "noxtrumbot/1.0 (crawler@noxtrum.com)"
195.250.136.10 - - [20/Jun/2005:07:12:08 +0200] "GET /wiki.pl?WxWidgets_For_MFC_Programmers HTTP/1.0" 200 12551 "http://www.google.com/search?biw=1003&hl=cs&q=wxWidgets+mfc&btnG=Vyhledat+Googlem&lr=" "Mozilla/4.0 (compatible; MSIE 6.0; Windows NT 5.1; SV1; .NET CLR 1.1.4322)"
195.250.136.10 - - [20/Jun/2005:07:12:09 +0200] "GET /wxwiki.css HTTP/1.0" 304 - "http://wiki.wxwidgets.org/wiki.pl?WxWidgets_For_MFC_Programmers" "Mozilla/4.0 (compatible; MSIE 6.0; Windows NT 5.1; SV1; .NET CLR 1.1.4322)"
195.250.136.10 - - [20/Jun/2005:07:12:09 +0200] "GET /wximages/wxwidgets02-small.png HTTP/1.0" 304 - "http://wiki.wxwidgets.org/wiki.pl?WxWidgets_For_MFC_Programmers" "Mozilla/4.0 (compatible; MSIE 6.0; Windows NT 5.1; SV1; .NET CLR 1.1.4322)"
194.224.199.52 - - [20/Jun/2005:07:12:29 +0200] "GET /wiki.pl?action=browse&diff=1&id=RecentChanges HTTP/1.1" 200 12342 "http://wiki.wxwidgets.org/wiki.pl?RecentChanges" "noxtrumbot/1.0 (crawler@noxtrum.com)"
24.125.133.228 - - [20/Jun/2005:07:13:06 +0200] "GET /wiki.pl?Table_Of_Contents HTTP/1.1" 200 26242 "http://wiki.wxpython.org/" "Mozilla/5.0 (Windows; U; Windows NT 5.1; en-US; rv:1.7.8) Gecko/20050511 Firefox/1.0.4"
24.125.133.228 - - [20/Jun/2005:07:13:12 +0200] "GET /wiki.pl?WxWidgets_Compared_To_Other_Toolkits HTTP/1.1" 200 19476 "http://wiki.wxwidgets.org/wiki.pl?Table_Of_Contents" "Mozilla/5.0 (Windows; U; Windows NT 5.1; en-US; rv:1.7.8) Gecko/20050511 Firefox/1.0.4"
194.224.199.52 - - [20/Jun/2005:07:13:32 +0200] "GET /wiki.pl?back=Table+Of+Contents HTTP/1.1" 200 2015 "http://wiki.wxwidgets.org/wiki.pl?Table_Of_Contents" "noxtrumbot/1.0 (crawler@noxtrum.com)"
66.249.71.67 - - [20/Jun/2005:07:14:14 +0200] "GET /wiki.pl?Multiple_Inheritance HTTP/1.0" 200 52920 "-" "Googlebot/2.1 (+http://www.google.com/bot.html)"
194.224.199.52 - - [20/Jun/2005:07:14:30 +0200] "GET /wiki.pl?WxWidgets_Compared_To_Other_Toolkits HTTP/1.1" 200 19476 "http://wiki.wxwidgets.org/wiki.pl?Table_Of_Contents" "noxtrumbot/1.0 (crawler@noxtrum.com)"
219.159.139.135 - - [20/Jun/2005:07:14:35 +0200] "GET /wximages/wxwidgets02-small.png HTTP/1.1" 200 12468 "http://blog.vckbase.com/bastet/" "Mozilla/4.0 (compatible; MSIE 5.0; Windows 98; DigExt)"
195.250.136.10 - - [20/Jun/2005:07:14:48 +0200] "GET /wiki.pl?WxWidgets_For_MFC_Programmers HTTP/1.0" 200 12551 "http://www.google.com/search?biw=1003&hl=cs&q=wxWidgets+mfc&btnG=Vyhledat+Googlem&lr=" "Mozilla/4.0 (compatible; MSIE 6.0; Windows NT 5.1; SV1; .NET CLR 1.1.4322)"
195.250.136.10 - - [20/Jun/2005:07:14:49 +0200] "GET /wxwiki.css HTTP/1.0" 304 - "http://wiki.wxwidgets.org/wiki.pl?WxWidgets_For_MFC_Programmers" "Mozilla/4.0 (compatible; MSIE 6.0; Windows NT 5.1; SV1; .NET CLR 1.1.4322)"
195.250.136.10 - - [20/Jun/2005:07:14:49 +0200] "GET /wximages/wxwidgets02-small.png HTTP/1.0" 304 - "http://wiki.wxwidgets.org/wiki.pl?WxWidgets_For_MFC_Programmers" "Mozilla/4.0 (compatible; MSIE 6.0; Windows NT 5.1; SV1; .NET CLR 1.1.4322)"
65.54.188.139 - - [20/Jun/2005:07:15:10 +0200] "GET /wiki.pl?Developers_Notebook/WxWinCECompiling HTTP/1.0" 200 11049 "-" "msnbot/1.0 (+http://search.msn.com/msnbot.htm)"
195.250.136.10 - - [20/Jun/2005:07:15:27 +0200] "GET /wiki.pl?back=WxWidgets+For+MFC+Programmers HTTP/1.0" 200 2072 "http://www.google.com/search?biw=1003&hl=cs&q=wxWidgets+mfc&btnG=Vyhledat+Googlem&lr=" "Mozilla/4.0 (compatible; MSIE 6.0; Windows NT 5.1; SV1; .NET CLR 1.1.4322)"
194.224.199.52 - - [20/Jun/2005:07:15:30 +0200] "GET /wiki.pl?Distributing_WxWidgets_Applications HTTP/1.1" 200 5138 "http://wiki.wxwidgets.org/wiki.pl?Table_Of_Contents" "noxtrumbot/1.0 (crawler@noxtrum.com)"
195.250.136.10 - - [20/Jun/2005:07:15:35 +0200] "GET /wiki.pl?WxWidgets_Compared_To_Other_Toolkits HTTP/1.0" 200 19433 "http://wiki.wxwidgets.org/wiki.pl?back=WxWidgets+For+MFC+Programmers" "Mozilla/4.0 (compatible; MSIE 6.0; Windows NT 5.1; SV1; .NET CLR 1.1.4322)"
24.125.133.228 - - [20/Jun/2005:07:15:43 +0200] "GET /wiki.pl?Distributing_WxWidgets_Applications HTTP/1.1" 200 5138 "http://wiki.wxwidgets.org/wiki.pl?Table_Of_Contents" "Mozilla/5.0 (Windows; U; Windows NT 5.1; en-US; rv:1.7.8) Gecko/20050511 Firefox/1.0.4"
195.250.136.10 - - [20/Jun/2005:07:15:50 +0200] "GET /wiki.pl?WxWidgets_For_MFC_Programmers HTTP/1.0" 200 12551 "http://wiki.wxwidgets.org/wiki.pl?back=WxWidgets+For+MFC+Programmers" "Mozilla/4.0 (compatible; MSIE 6.0; Windows NT 5.1; SV1; .NET CLR 1.1.4322)"
24.125.133.228 - - [20/Jun/2005:07:15:55 +0200] "GET /wiki.pl?Installing_WxWin_For_MS_Free_Tools HTTP/1.1" 200 9668 "http://wiki.wxwidgets.org/wiki.pl?Table_Of_Contents" "Mozilla/5.0 (Windows; U; Windows NT 5.1; en-US; rv:1.7.8) Gecko/20050511 Firefox/1.0.4"
194.224.199.52 - - [20/Jun/2005:07:16:30 +0200] "GET /wiki.pl?Prerequisites HTTP/1.1" 200 5268 "http://wiki.wxwidgets.org/wiki.pl?Table_Of_Contents" "noxtrumbot/1.0 (crawler@noxtrum.com)"
24.125.133.228 - - [20/Jun/2005:07:17:10 +0200] "GET /wiki.pl?WxWidgets_Source_Oddities HTTP/1.1" 200 5225 "http://wiki.wxwidgets.org/wiki.pl?Table_Of_Contents" "Mozilla/5.0 (Windows; U; Windows NT 5.1; en-US; rv:1.7.8) Gecko/20050511 Firefox/1.0.4"
24.125.133.228 - - [20/Jun/2005:07:17:28 +0200] "GET /wiki.pl?WidgetGallery HTTP/1.1" 200 3153 "http://wiki.wxwidgets.org/wiki.pl?Table_Of_Contents" "Mozilla/5.0 (Windows; U; Windows NT 5.1; en-US; rv:1.7.8) Gecko/20050511 Firefox/1.0.4"
194.224.199.52 - - [20/Jun/2005:07:17:30 +0200] "GET /wiki.pl?Supported_Platforms HTTP/1.1" 200 11090 "http://wiki.wxwidgets.org/wiki.pl?Table_Of_Contents" "noxtrumbot/1.0 (crawler@noxtrum.com)"
24.125.133.228 - - [20/Jun/2005:07:17:41 +0200] "GET /wiki.pl?Undocumented_Parts_Of_WxWidgets HTTP/1.1" 200 2149 "http://wiki.wxwidgets.org/wiki.pl?Table_Of_Contents" "Mozilla/5.0 (Windows; U; Windows NT 5.1; en-US; rv:1.7.8) Gecko/20050511 Firefox/1.0.4"
24.125.133.228 - - [20/Jun/2005:07:18:06 +0200] "GET /wiki.pl?Getting_IP_Address_Of_Host HTTP/1.1" 200 2868 "http://wiki.wxwidgets.org/wiki.pl?Table_Of_Contents" "Mozilla/5.0 (Windows; U; Windows NT 5.1; en-US; rv:1.7.8) Gecko/20050511 Firefox/1.0.4"
24.125.133.228 - - [20/Jun/2005:07:18:23 +0200] "GET /wiki.pl?WxIRC HTTP/1.1" 200 2245 "http://wiki.wxwidgets.org/wiki.pl?Table_Of_Contents" "Mozilla/5.0 (Windows; U; Windows NT 5.1; en-US; rv:1.7.8) Gecko/20050511 Firefox/1.0.4"
194.224.199.52 - - [20/Jun/2005:07:18:30 +0200] "GET /wiki.pl?IDEs HTTP/1.1" 200 10212 "http://wiki.wxwidgets.org/wiki.pl?Table_Of_Contents" "noxtrumbot/1.0 (crawler@noxtrum.com)"
24.125.133.228 - - [20/Jun/2005:07:19:09 +0200] "GET /wiki.pl?WxReportWriter HTTP/1.1" 200 2153 "http://wiki.wxwidgets.org/wiki.pl?Table_Of_Contents" "Mozilla/5.0 (Windows; U; Windows NT 5.1; en-US; rv:1.7.8) Gecko/20050511 Firefox/1.0.4"
84.186.110.13 - - [20/Jun/2005:07:19:12 +0200] "GET /wiki.pl?Table_Of_Contents HTTP/1.1" 200 26242 "-" "Mozilla/5.0 (Windows; U; Windows NT 5.2; en-US; rv:1.7.8) Gecko/20050516 Firefox/1.0.4 (MOOX M1)"
192.100.124.219 - - [20/Jun/2005:07:19:13 +0200] "GET /wiki.pl?Using_Doxygen_For_The_WxWidgets_Documentation HTTP/1.1" 200 15217 "http://www.google.com/search?q=doxygen+header+files&sourceid=mozilla-search&start=0&start=0&ie=utf-8&oe=utf-8&client=firefox-a&rls=org.mozilla:en-US:official" "Mozilla/5.0 (Windows; U; Windows NT 5.0; en-US; rv:1.7.8) Gecko/20050511 Firefox/1.0.4"
192.100.124.219 - - [20/Jun/2005:07:19:14 +0200] "GET /wxwiki.css HTTP/1.1" 200 1540 "http://wiki.wxwidgets.org/wiki.pl?Using_Doxygen_For_The_WxWidgets_Documentation" "Mozilla/5.0 (Windows; U; Windows NT 5.0; en-US; rv:1.7.8) Gecko/20050511 Firefox/1.0.4"
192.100.124.219 - - [20/Jun/2005:07:19:14 +0200] "GET /wximages/wxwidgets02-small.png HTTP/1.1" 200 12468 "http://wiki.wxwidgets.org/wiki.pl?Using_Doxygen_For_The_WxWidgets_Documentation" "Mozilla/5.0 (Windows; U; Windows NT 5.0; en-US; rv:1.7.8) Gecko/20050511 Firefox/1.0.4"
192.100.124.219 - - [20/Jun/2005:07:19:14 +0200] "GET /favicon.ico HTTP/1.1" 200 3262 "-" "Mozilla/5.0 (Windows; U; Windows NT 5.0; en-US; rv:1.7.8) Gecko/20050511 Firefox/1.0.4"
128.194.150.11 - - [20/Jun/2005:07:19:25 +0200] "GET /favicon.ico HTTP/1.1" 200 3262 "-" "Mozilla/5.0 (Macintosh; U; PPC Mac OS X Mach-O; en-US; rv:1.8b2) Gecko/20050617 Camino/0.9a1"
128.194.150.11 - - [20/Jun/2005:07:19:25 +0200] "GET /wiki.pl?Mac_OS_X_And_Xcode_For_Beginners HTTP/1.1" 200 31994 "http://www.google.com/search?hl=en&lr=&c2coff=1&biw=935&q=wxWidgets+and+XCode&btnG=Search" "Mozilla/5.0 (Macintosh; U; PPC Mac OS X Mach-O; en-US; rv:1.8b2) Gecko/20050617 Camino/0.9a1"
128.194.150.11 - - [20/Jun/2005:07:19:25 +0200] "GET /wxwiki.css HTTP/1.1" 200 1540 "http://wiki.wxwidgets.org/wiki.pl?Mac_OS_X_And_Xcode_For_Beginners" "Mozilla/5.0 (Macintosh; U; PPC Mac OS X Mach-O; en-US; rv:1.8b2) Gecko/20050617 Camino/0.9a1"
128.194.150.11 - - [20/Jun/2005:07:19:26 +0200] "GET /wximages/wxwidgets02-small.png HTTP/1.1" 200 12468 "http://wiki.wxwidgets.org/wiki.pl?Mac_OS_X_And_Xcode_For_Beginners" "Mozilla/5.0 (Macintosh; U; PPC Mac OS X Mach-O; en-US; rv:1.8b2) Gecko/20050617 Camino/0.9a1"
24.125.133.228 - - [20/Jun/2005:07:19:29 +0200] "GET /wiki.pl?WxTreeListCtrl HTTP/1.1" 200 1991 "http://wiki.wxwidgets.org/wiki.pl?Table_Of_Contents" "Mozilla/5.0 (Windows; U; Windows NT 5.1; en-US; rv:1.7.8) Gecko/20050511 Firefox/1.0.4"
194.224.199.52 - - [20/Jun/2005:07:19:30 +0200] "GET /wiki.pl?Dev-CPP_Setup_Guide HTTP/1.1" 200 10495 "http://wiki.wxwidgets.org/wiki.pl?Table_Of_Contents" "noxtrumbot/1.0 (crawler@noxtrum.com)"
24.125.133.228 - - [20/Jun/2005:07:19:48 +0200] "GET /wiki.pl?WxWidgets_Bounties HTTP/1.1" 200 8873 "http://wiki.wxwidgets.org/wiki.pl?Table_Of_Contents" "Mozilla/5.0 (Windows; U; Windows NT 5.1; en-US; rv:1.7.8) Gecko/20050511 Firefox/1.0.4"
65.214.44.47 - - [20/Jun/2005:07:19:59 +0200] "GET /wiki.pl?37 HTTP/1.0" 200 1778 "-" "Mozilla/2.0 (compatible; Ask Jeeves/Teoma; +http://sp.ask.com/docs/about/tech_crawling.html)"
84.186.110.13 - - [20/Jun/2005:07:20:01 +0200] "GET /wiki.pl?Resources HTTP/1.1" 200 5882 "http://wiki.wxwidgets.org/wiki.pl?Table_Of_Contents" "Mozilla/5.0 (Windows; U; Windows NT 5.2; en-US; rv:1.7.8) Gecko/20050516 Firefox/1.0.4 (MOOX M1)"
61.141.242.240 - - [20/Jun/2005:07:20:26 +0200] "GET /wximages/wxwidgets02-small.png HTTP/1.1" 200 12468 "http://blog.vckbase.com/bastet/" "Mozilla/4.0 (compatible; MSIE 6.0; Windows NT 5.1; SV1)"
194.224.199.52 - - [20/Jun/2005:07:20:30 +0200] "GET /wiki.pl?MacOS_X_ProjectBuilder_Setup_Guide HTTP/1.1" 200 5958 "http://wiki.wxwidgets.org/wiki.pl?Table_Of_Contents" "noxtrumbot/1.0 (crawler@noxtrum.com)"
222.187.4.193 - - [20/Jun/2005:07:20:35 +0200] "GET /wximages/wxwidgets02-small.png HTTP/1.1" 200 12468 "http://blog.vckbase.com/bastet/" "Mozilla/4.0 (compatible; MSIE 6.0; Windows NT 5.1; SV1; Alexa Toolbar)"
194.224.199.52 - - [20/Jun/2005:07:21:31 +0200] "GET /wiki.pl?MacOS_X_CodeWarrior_8_Setup_Guide HTTP/1.1" 200 3184 "http://wiki.wxwidgets.org/wiki.pl?Table_Of_Contents" "noxtrumbot/1.0 (crawler@noxtrum.com)"
65.54.188.139 - - [20/Jun/2005:07:21:42 +0200] "GET /wiki.pl?Mac_OS_X_And_Xcode_1.1_Setup_Guide HTTP/1.0" 200 25202 "-" "msnbot/1.0 (+http://search.msn.com/msnbot.htm)"
84.186.110.13 - - [20/Jun/2005:07:21:55 +0200] "GET /wiki.pl?Table_Of_Contents HTTP/1.1" 200 26242 "-" "Mozilla/5.0 (Windows; U; Windows NT 5.2; en-US; rv:1.7.8) Gecko/20050516 Firefox/1.0.4 (MOOX M1)"
221.15.239.198 - - [20/Jun/2005:07:22:02 +0200] "GET /wximages/wxwidgets02-small.png HTTP/1.1" 200 12468 "http://blog.vckbase.com/bastet/" "Mozilla/4.0 (compatible; MSIE 6.0; Windows NT 5.1; SV1)"
194.224.199.52 - - [20/Jun/2005:07:22:32 +0200] "GET /wiki.pl?MacOS_X_CodeWarrior_9_Setup_Guide HTTP/1.1" 200 4704 "http://wiki.wxwidgets.org/wiki.pl?Table_Of_Contents" "noxtrumbot/1.0 (crawler@noxtrum.com)"
220.178.248.35 - - [20/Jun/2005:07:22:58 +0200] "GET /wximages/wxwidgets02-small.png HTTP/1.1" 200 12468 "http://blog.vckbase.com/bastet/" "Mozilla/4.0 (compatible; MSIE 6.0; Windows NT 5.1; SV1)"
222.50.119.18 - - [20/Jun/2005:07:23:03 +0200] "GET /wximages/wxwidgets02-small.png HTTP/1.1" 200 12468 "http://blog.vckbase.com/bastet/" "Mozilla/4.0 (compatible; MSIE 6.0; Windows NT 5.1)"
24.125.133.228 - - [20/Jun/2005:07:23:21 +0200] "GET /wiki.pl?Graphics HTTP/1.1" 200 2834 "http://wiki.wxwidgets.org/wiki.pl?Table_Of_Contents" "Mozilla/5.0 (Windows; U; Windows NT 5.1; en-US; rv:1.7.8) Gecko/20050511 Firefox/1.0.4"
194.224.199.52 - - [20/Jun/2005:07:23:31 +0200] "GET /wiki.pl?Mac_OS_X_And_Xcode_1.5_Project_Setup_Guide HTTP/1.1" 200 3989 "http://wiki.wxwidgets.org/wiki.pl?Table_Of_Contents" "noxtrumbot/1.0 (crawler@noxtrum.com)"
194.224.199.52 - - [20/Jun/2005:07:24:31 +0200] "GET /wiki.pl?MSVC_Setup_Guide HTTP/1.1" 200 18691 "http://wiki.wxwidgets.org/wiki.pl?Table_Of_Contents" "noxtrumbot/1.0 (crawler@noxtrum.com)"
218.80.76.67 - - [20/Jun/2005:07:25:15 +0200] "GET /wximages/wxwidgets02-small.png HTTP/1.1" 200 12468 "http://blog.vckbase.com/bastet/" "Mozilla/4.0 (compatible; MSIE 6.0; Windows NT 5.0; .NET CLR 1.1.4322)"
194.224.199.52 - - [20/Jun/2005:07:25:33 +0200] "GET /wiki.pl?MSVC_Setup_Guide_For_Wx_2.5.4_And_Later HTTP/1.1" 200 3069 "http://wiki.wxwidgets.org/wiki.pl?Table_Of_Contents" "noxtrumbot/1.0 (crawler@noxtrum.com)"
194.224.199.52 - - [20/Jun/2005:07:26:33 +0200] "GET /wiki.pl?VIM HTTP/1.1" 200 1922 "http://wiki.wxwidgets.org/wiki.pl?Table_Of_Contents" "noxtrumbot/1.0 (crawler@noxtrum.com)"
220.192.40.181 - - [20/Jun/2005:07:27:22 +0200] "GET /wximages/wxwidgets02-small.png HTTP/1.1" 200 12468 "http://blog.vckbase.com/bastet/" "Mozilla/4.0 (compatible; MSIE 6.0; Windows NT 5.1; SV1; Maxthon)"
194.224.199.52 - - [20/Jun/2005:07:27:32 +0200] "GET /wiki.pl?SlickEdit HTTP/1.1" 200 3564 "http://wiki.wxwidgets.org/wiki.pl?Table_Of_Contents" "noxtrumbot/1.0 (crawler@noxtrum.com)"
65.54.188.139 - - [20/Jun/2005:07:28:22 +0200] "GET /wiki.pl?WxImage HTTP/1.0" 200 5889 "-" "msnbot/1.0 (+http://search.msn.com/msnbot.htm)"
194.224.199.52 - - [20/Jun/2005:07:28:35 +0200] "GET /wiki.pl?KDevelop HTTP/1.1" 200 2354 "http://wiki.wxwidgets.org/wiki.pl?Table_Of_Contents" "noxtrumbot/1.0 (crawler@noxtrum.com)"
194.224.199.52 - - [20/Jun/2005:07:29:35 +0200] "GET /wiki.pl?Eclipse HTTP/1.1" 200 5724 "http://wiki.wxwidgets.org/wiki.pl?Table_Of_Contents" "noxtrumbot/1.0 (crawler@noxtrum.com)"
57.72.66.20 - - [20/Jun/2005:07:30:09 +0200] "GET /wiki.pl?WxWidgets_For_MFC_Programmers HTTP/1.1" 200 12586 "http://www.google.com.sg/search?biw=962&hl=en&q=CMap%2BMFC&meta=" "Mozilla/4.0 (compatible; MSIE 6.0; Windows NT 5.1; SV1; .NET CLR 1.0.3705)"
57.72.66.20 - - [20/Jun/2005:07:30:10 +0200] "GET /wxwiki.css HTTP/1.1" 200 1540 "http://wiki.wxwidgets.org/wiki.pl?WxWidgets_For_MFC_Programmers" "Mozilla/4.0 (compatible; MSIE 6.0; Windows NT 5.1; SV1; .NET CLR 1.0.3705)"
57.72.66.20 - - [20/Jun/2005:07:30:10 +0200] "GET /wximages/wxwidgets02-small.png HTTP/1.1" 200 12468 "http://wiki.wxwidgets.org/wiki.pl?WxWidgets_For_MFC_Programmers" "Mozilla/4.0 (compatible; MSIE 6.0; Windows NT 5.1; SV1; .NET CLR 1.0.3705)"
65.54.188.139 - - [20/Jun/2005:07:30:12 +0200] "GET /wiki.pl?The_Full_Implementation_Of_The_TextFrame_Class HTTP/1.0" 200 5229 "-" "msnbot/1.0 (+http://search.msn.com/msnbot.htm)"
65.54.188.139 - - [20/Jun/2005:07:30:27 +0200] "GET /wiki.pl?back=Setup.H HTTP/1.0" 200 3607 "-" "msnbot/1.0 (+http://search.msn.com/msnbot.htm)"
194.224.199.52 - - [20/Jun/2005:07:30:34 +0200] "GET /wiki.pl?Chinook HTTP/1.1" 200 3151 "http://wiki.wxwidgets.org/wiki.pl?Table_Of_Contents" "noxtrumbot/1.0 (crawler@noxtrum.com)"
57.72.66.20 - - [20/Jun/2005:07:30:38 +0200] "GET /wiki.pl?WxWiki HTTP/1.1" 200 3381 "http://wiki.wxwidgets.org/wiki.pl?WxWidgets_For_MFC_Programmers" "Mozilla/4.0 (compatible; MSIE 6.0; Windows NT 5.1; SV1; .NET CLR 1.0.3705)"
194.224.199.52 - - [20/Jun/2005:07:31:35 +0200] "GET /wiki.pl?Bakefile HTTP/1.1" 200 32991 "http://wiki.wxwidgets.org/wiki.pl?Table_Of_Contents" "noxtrumbot/1.0 (crawler@noxtrum.com)"
194.224.199.52 - - [20/Jun/2005:07:32:35 +0200] "GET /wiki.pl?Bakefile_Wxbase HTTP/1.1" 200 37744 "http://wiki.wxwidgets.org/wiki.pl?Table_Of_Contents" "noxtrumbot/1.0 (crawler@noxtrum.com)"
210.22.54.69 - - [20/Jun/2005:07:32:45 +0200] "GET /wximages/wxwidgets02-small.png HTTP/1.1" 200 12468 "http://blog.vckbase.com/bastet/" "Mozilla/4.0 (compatible; MSIE 6.0; Windows NT 5.1)"
202.165.98.146 - - [20/Jun/2005:07:32:59 +0200] "GET /robots.txt HTTP/1.0" 200 138 "-" "Mozilla/5.0 (compatible; Yahoo! Slurp; http://help.yahoo.com/help/us/ysearch/slurp)"
202.165.98.140 - - [20/Jun/2005:07:33:02 +0200] "GET /wiki.pl?RecentChanges HTTP/1.0" 200 11538 "-" "Mozilla/5.0 (compatible; Yahoo! Slurp; http://help.yahoo.com/help/us/ysearch/slurp)"
194.224.199.52 - - [20/Jun/2005:07:33:35 +0200] "GET /wiki.pl?Makefile HTTP/1.1" 200 4286 "http://wiki.wxwidgets.org/wiki.pl?Table_Of_Contents" "noxtrumbot/1.0 (crawler@noxtrum.com)"
218.71.0.216 - - [20/Jun/2005:07:33:58 +0200] "GET /wximages/wxwidgets02-small.png HTTP/1.1" 200 12468 "http://blog.vckbase.com/bastet/" "Mozilla/4.0 (compatible; MSIE 5.0; Windows 98; DigExt)"
194.224.199.52 - - [20/Jun/2005:07:34:36 +0200] "GET /wiki.pl?Autoconf HTTP/1.1" 200 3597 "http://wiki.wxwidgets.org/wiki.pl?Table_Of_Contents" "noxtrumbot/1.0 (crawler@noxtrum.com)"
194.224.199.52 - - [20/Jun/2005:07:35:36 +0200] "GET /wiki.pl?Scons HTTP/1.1" 200 11585 "http://wiki.wxwidgets.org/wiki.pl?Table_Of_Contents" "noxtrumbot/1.0 (crawler@noxtrum.com)"
194.224.199.52 - - [20/Jun/2005:07:36:36 +0200] "GET /wiki.pl?Choosing_Which_Compiler_To_Use HTTP/1.1" 200 3291 "http://wiki.wxwidgets.org/wiki.pl?Table_Of_Contents" "noxtrumbot/1.0 (crawler@noxtrum.com)"
194.224.199.52 - - [20/Jun/2005:07:37:35 +0200] "GET /wiki.pl?Compiling_WxWidgets HTTP/1.1" 200 15599 "http://wiki.wxwidgets.org/wiki.pl?Table_Of_Contents" "noxtrumbot/1.0 (crawler@noxtrum.com)"
65.214.44.47 - - [20/Jun/2005:07:38:27 +0200] "GET /wiki.pl?VZ HTTP/1.0" 200 1722 "-" "Mozilla/2.0 (compatible; Ask Jeeves/Teoma; +http://sp.ask.com/docs/about/tech_crawling.html)"
194.224.199.52 - - [20/Jun/2005:07:38:35 +0200] "GET /wiki.pl?Installing_WxWin HTTP/1.1" 200 6516 "http://wiki.wxwidgets.org/wiki.pl?Table_Of_Contents" "noxtrumbot/1.0 (crawler@noxtrum.com)"
194.224.199.52 - - [20/Jun/2005:07:39:35 +0200] "GET /wiki.pl?Installing_WxWin_For_MS_Free_Tools HTTP/1.1" 200 9668 "http://wiki.wxwidgets.org/wiki.pl?Table_Of_Contents" "noxtrumbot/1.0 (crawler@noxtrum.com)"
194.224.199.52 - - [20/Jun/2005:07:40:35 +0200] "GET /wiki.pl?MS_Free_Tools_And_WxWidgets HTTP/1.1" 200 16120 "http://wiki.wxwidgets.org/wiki.pl?Table_Of_Contents" "noxtrumbot/1.0 (crawler@noxtrum.com)"
194.224.199.52 - - [20/Jun/2005:07:41:35 +0200] "GET /wiki.pl?Installing_WxWin_Watcom HTTP/1.1" 200 2584 "http://wiki.wxwidgets.org/wiki.pl?Table_Of_Contents" "noxtrumbot/1.0 (crawler@noxtrum.com)"
61.185.11.194 - - [20/Jun/2005:07:42:28 +0200] "GET /wximages/wxwidgets02-small.png HTTP/1.1" 200 12468 "http://blog.vckbase.com/bastet/" "Mozilla/4.0 (compatible; MSIE 6.0; Windows NT 5.1; SV1)"
194.224.199.52 - - [20/Jun/2005:07:42:35 +0200] "GET /wiki.pl?Installing_WxWin_MinGW HTTP/1.1" 200 6219 "http://wiki.wxwidgets.org/wiki.pl?Table_Of_Contents" "noxtrumbot/1.0 (crawler@noxtrum.com)"
194.224.199.52 - - [20/Jun/2005:07:43:36 +0200] "GET /wiki.pl?Installing_WxMac HTTP/1.1" 200 44393 "http://wiki.wxwidgets.org/wiki.pl?Table_Of_Contents" "noxtrumbot/1.0 (crawler@noxtrum.com)"
219.136.238.30 - - [20/Jun/2005:07:43:41 +0200] "GET /wximages/wxwidgets02-small.png HTTP/1.1" 200 12468 "http://blog.vckbase.com/bastet/" "Mozilla/4.0 (compatible; MSIE 6.0; Windows NT 5.0; Maxthon; .NET CLR 1.1.4322)"
194.224.199.52 - - [20/Jun/2005:07:44:35 +0200] "GET /wiki.pl?Writing_Your_First_Application HTTP/1.1" 200 3109 "http://wiki.wxwidgets.org/wiki.pl?Table_Of_Contents" "noxtrumbot/1.0 (crawler@noxtrum.com)"
194.224.199.52 - - [20/Jun/2005:07:45:35 +0200] "GET /wiki.pl?WxWidgets_For_MFC_Programmers HTTP/1.1" 200 12586 "http://wiki.wxwidgets.org/wiki.pl?Table_Of_Contents" "noxtrumbot/1.0 (crawler@noxtrum.com)"
222.64.212.108 - - [20/Jun/2005:07:46:03 +0200] "GET /wximages/wxwidgets02-small.png HTTP/1.1" 200 12468 "http://blog.vckbase.com/bastet/" "Mozilla/4.0 (compatible; MSIE 6.0; Windows NT 5.1)"
222.183.145.73 - - [20/Jun/2005:07:46:22 +0200] "GET /wximages/wxwidgets02-small.png HTTP/1.1" 200 12468 "http://blog.vckbase.com/bastet/" "Mozilla/4.0 (compatible; MSIE 6.0; Windows NT 5.1; SV1)"
194.224.199.52 - - [20/Jun/2005:07:46:36 +0200] "GET /wiki.pl?FAQ HTTP/1.1" 200 8675 "http://wiki.wxwidgets.org/wiki.pl?Table_Of_Contents" "noxtrumbot/1.0 (crawler@noxtrum.com)"
194.224.199.52 - - [20/Jun/2005:07:47:35 +0200] "GET /wiki.pl?Getting_Started_With_Anthemion_Dialog_Blocks HTTP/1.1" 200 2702 "http://wiki.wxwidgets.org/wiki.pl?Table_Of_Contents" "noxtrumbot/1.0 (crawler@noxtrum.com)"
65.54.188.139 - - [20/Jun/2005:07:48:01 +0200] "GET /wiki.pl?WxBasic_Implememtation HTTP/1.0" 200 1978 "-" "msnbot/1.0 (+http://search.msn.com/msnbot.htm)"
194.224.199.52 - - [20/Jun/2005:07:48:35 +0200] "GET /wiki.pl?WxBasic_Implementation HTTP/1.1" 200 4139 "http://wiki.wxwidgets.org/wiki.pl?Table_Of_Contents" "noxtrumbot/1.0 (crawler@noxtrum.com)"
194.224.199.52 - - [20/Jun/2005:07:49:36 +0200] "GET /wiki.pl?WxBasic_Tutorial HTTP/1.1" 200 2957 "http://wiki.wxwidgets.org/wiki.pl?Table_Of_Contents" "noxtrumbot/1.0 (crawler@noxtrum.com)"
194.224.199.52 - - [20/Jun/2005:07:50:37 +0200] "GET /wiki.pl?KeyCodes HTTP/1.1" 200 5530 "http://wiki.wxwidgets.org/wiki.pl?Table_Of_Contents" "noxtrumbot/1.0 (crawler@noxtrum.com)"
201.132.190.6 - - [20/Jun/2005:07:50:45 +0200] "GET /wiki.pl?WxWidgets_Bounties HTTP/1.1" 200 8873 "http://www.wxwidgets.org/toolbar.htm" "Mozilla/5.0 (X11; U; Linux i686; en-US; rv:1.7.8) Gecko/20050511 Firefox/1.0.4 SUSE/1.0.4-1.1"
203.166.96.236 - - [20/Jun/2005:07:50:45 +0200] "GET /wxwiki.css HTTP/1.1" 304 - "http://wiki.wxwidgets.org/wiki.pl?MSVC_Setup_Guide" "Mozilla/4.0 (compatible; MSIE 6.0; Windows NT 5.0; .NET CLR 1.1.4322)"
203.166.96.238 - - [20/Jun/2005:07:50:46 +0200] "GET /wiki.pl?MSVC_Setup_Guide HTTP/1.1" 200 18691 "http://wiki.wxwidgets.org/wiki.pl?MSVC" "Mozilla/4.0 (compatible; MSIE 6.0; Windows NT 5.0; .NET CLR 1.1.4322)"
203.166.96.239 - - [20/Jun/2005:07:50:46 +0200] "GET /wiki.pl?MSVC HTTP/1.1" 200 1940 "-" "Mozilla/4.0 (compatible; MSIE 6.0; Windows NT 5.0; .NET CLR 1.1.4322)"
203.166.96.234 - - [20/Jun/2005:07:50:47 +0200] "GET /wximages/wxwidgets02-small.png HTTP/1.1" 304 - "http://wiki.wxwidgets.org/wiki.pl?MSVC" "Mozilla/4.0 (compatible; MSIE 6.0; Windows NT 5.0; .NET CLR 1.1.4322)"
200.52.173.17 - - [20/Jun/2005:07:50:51 +0200] "GET /wxwiki.css HTTP/1.0" 200 1540 "http://wiki.wxwidgets.org/wiki.pl?WxWidgets_Bounties" "Mozilla/5.0 (X11; U; Linux i686; en-US; rv:1.7.8) Gecko/20050511 Firefox/1.0.4 SUSE/1.0.4-1.1"
200.52.173.17 - - [20/Jun/2005:07:50:53 +0200] "GET /wximages/wxwidgets02-small.png HTTP/1.0" 200 12468 "http://wiki.wxwidgets.org/wiki.pl?WxWidgets_Bounties" "Mozilla/5.0 (X11; U; Linux i686; en-US; rv:1.7.8) Gecko/20050511 Firefox/1.0.4 SUSE/1.0.4-1.1"
203.166.96.240 - - [20/Jun/2005:07:50:56 +0200] "GET /wiki.pl?MSVC_Setup_Guide HTTP/1.1" 200 18691 "http://wiki.wxwidgets.org/wiki.pl?MSVC" "Mozilla/4.0 (compatible; MSIE 6.0; Windows NT 5.0; .NET CLR 1.1.4322)"
201.132.190.6 - - [20/Jun/2005:07:50:56 +0200] "GET /favicon.ico HTTP/1.1" 200 3262 "-" "Mozilla/5.0 (X11; U; Linux i686; en-US; rv:1.7.8) Gecko/20050511 Firefox/1.0.4 SUSE/1.0.4-1.1"
194.224.199.52 - - [20/Jun/2005:07:51:39 +0200] "GET /wiki.pl?Debugging_A_WxWindow_Application HTTP/1.1" 200 3294 "http://wiki.wxwidgets.org/wiki.pl?Table_Of_Contents" "noxtrumbot/1.0 (crawler@noxtrum.com)"
131.170.90.2 - - [20/Jun/2005:07:52:01 +0200] "GET /wiki.pl?WxWidgets_Vacancies HTTP/1.0" 200 3590 "http://www.wxwidgets.org/toolbar.htm" "Mozilla/4.0 (compatible; MSIE 6.0; Windows NT 5.1; SV1; .NET CLR 1.1.4322)"
218.249.235.130 - - [20/Jun/2005:07:52:11 +0200] "GET /wximages/wxwidgets02-small.png HTTP/1.1" 200 12468 "-" "Mozilla/4.0 (compatible; MSIE 6.0; Windows NT 5.1; SV1; Maxthon)"
194.224.199.52 - - [20/Jun/2005:07:52:39 +0200] "GET /wiki.pl?Events HTTP/1.1" 200 8542 "http://wiki.wxwidgets.org/wiki.pl?Table_Of_Contents" "noxtrumbot/1.0 (crawler@noxtrum.com)"
65.54.188.139 - - [20/Jun/2005:07:52:53 +0200] "GET /wiki.pl?action=rc&days=30 HTTP/1.0" 200 11538 "-" "msnbot/1.0 (+http://search.msn.com/msnbot.htm)"
131.170.90.2 - - [20/Jun/2005:07:52:53 +0200] "GET /wiki.pl?Job_Description_Here HTTP/1.0" 200 5698 "http://wiki.wxwidgets.org/wiki.pl?WxWidgets_Vacancies" "Mozilla/4.0 (compatible; MSIE 6.0; Windows NT 5.1; SV1; .NET CLR 1.1.4322)"
194.224.199.52 - - [20/Jun/2005:07:53:39 +0200] "GET /wiki.pl?Subclassing_WxControl HTTP/1.1" 200 4288 "http://wiki.wxwidgets.org/wiki.pl?Table_Of_Contents" "noxtrumbot/1.0 (crawler@noxtrum.com)"
194.224.199.52 - - [20/Jun/2005:07:54:39 +0200] "GET /wiki.pl?Unicode HTTP/1.1" 200 3262 "http://wiki.wxwidgets.org/wiki.pl?Table_Of_Contents" "noxtrumbot/1.0 (crawler@noxtrum.com)"
83.228.33.33 - - [20/Jun/2005:07:55:23 +0200] "GET /wiki.pl?MS_Free_Tools_And_WxWidgets HTTP/1.1" 200 16120 "-" "Mozilla/5.0 (Windows; U; Windows NT 5.1; en-US; rv:1.7.7) Gecko/20050414 Firefox/1.0.3"
83.228.33.33 - - [20/Jun/2005:07:55:23 +0200] "GET /wxwiki.css HTTP/1.1" 200 1540 "-" "Mozilla/5.0 (Windows; U; Windows NT 5.1; en-US; rv:1.7.7) Gecko/20050414 Firefox/1.0.3"
83.228.33.33 - - [20/Jun/2005:07:55:24 +0200] "GET /wximages/wxwidgets02-small.png HTTP/1.1" 200 12468 "-" "Mozilla/5.0 (Windows; U; Windows NT 5.1; en-US; rv:1.7.7) Gecko/20050414 Firefox/1.0.3"
83.228.33.33 - - [20/Jun/2005:07:55:24 +0200] "GET /favicon.ico HTTP/1.1" 200 3262 "-" "Mozilla/5.0 (Windows; U; Windows NT 5.1; en-US; rv:1.7.7) Gecko/20050414 Firefox/1.0.3"
194.224.199.52 - - [20/Jun/2005:07:55:39 +0200] "GET /wiki.pl?Internationalization HTTP/1.1" 200 4198 "http://wiki.wxwidgets.org/wiki.pl?Table_Of_Contents" "noxtrumbot/1.0 (crawler@noxtrum.com)"
219.132.26.196 - - [20/Jun/2005:07:55:57 +0200] "GET /wximages/wxwidgets02-small.png HTTP/1.1" 200 12468 "http://blog.vckbase.com/bastet/" "Mozilla/4.0 (compatible; MSIE 6.0; Windows NT 5.1)"
194.224.199.52 - - [20/Jun/2005:07:56:39 +0200] "GET /wiki.pl?WxWidgets_Source_Oddities HTTP/1.1" 200 5225 "http://wiki.wxwidgets.org/wiki.pl?Table_Of_Contents" "noxtrumbot/1.0 (crawler@noxtrum.com)"
65.214.44.47 - - [20/Jun/2005:07:56:56 +0200] "GET /wiki.pl? HTTP/1.0" 200 3369 "-" "Mozilla/2.0 (compatible; Ask Jeeves/Teoma; +http://sp.ask.com/docs/about/tech_crawling.html)"
194.224.199.52 - - [20/Jun/2005:07:57:39 +0200] "GET /wiki.pl?WidgetGallery HTTP/1.1" 200 3153 "http://wiki.wxwidgets.org/wiki.pl?Table_Of_Contents" "noxtrumbot/1.0 (crawler@noxtrum.com)"
194.224.199.52 - - [20/Jun/2005:07:58:39 +0200] "GET /wiki.pl?Undocumented_Parts_Of_WxWidgets HTTP/1.1" 200 2149 "http://wiki.wxwidgets.org/wiki.pl?Table_Of_Contents" "noxtrumbot/1.0 (crawler@noxtrum.com)"
221.227.57.106 - - [20/Jun/2005:07:58:57 +0200] "GET /wximages/wxwidgets02-small.png HTTP/1.1" 200 12468 "http://blog.vckbase.com/bastet/" "Mozilla/4.0 (compatible; MSIE 6.0; Windows NT 5.1; SV1)"
194.224.199.52 - - [20/Jun/2005:07:59:40 +0200] "GET /wiki.pl?Avoiding_Memory_Leaks HTTP/1.1" 200 7450 "http://wiki.wxwidgets.org/wiki.pl?Table_Of_Contents" "noxtrumbot/1.0 (crawler@noxtrum.com)"
64.4.8.94 - - [20/Jun/2005:08:00:08 +0200] "GET /wiki.pl?How_To_Use_This_Wiki HTTP/1.0" 200 4977 "-" "msnbot/1.0 (+http://search.msn.com/msnbot.htm)"
201.132.190.6 - - [20/Jun/2005:08:00:33 +0200] "GET /wiki.pl?WxWidgets_Vacancies HTTP/1.1" 200 3602 "http://www.wxwidgets.org/toolbar.htm" "Mozilla/5.0 (X11; U; Linux i686; en-US; rv:1.7.8) Gecko/20050511 Firefox/1.0.4 SUSE/1.0.4-1.1"
194.224.199.52 - - [20/Jun/2005:08:00:39 +0200] "GET /wiki.pl?Resource_Files HTTP/1.1" 200 10732 "http://wiki.wxwidgets.org/wiki.pl?Table_Of_Contents" "noxtrumbot/1.0 (crawler@noxtrum.com)"
194.224.199.52 - - [20/Jun/2005:08:01:40 +0200] "GET /wiki.pl?Creating_A_DLL_Of_An_Application HTTP/1.1" 200 4924 "http://wiki.wxwidgets.org/wiki.pl?Table_Of_Contents" "noxtrumbot/1.0 (crawler@noxtrum.com)"
194.224.199.52 - - [20/Jun/2005:08:02:40 +0200] "GET /wiki.pl?Using_DLL_Version_Of_WxWidgets_Compiled_With_Open_Watcom HTTP/1.1" 200 6013 "http://wiki.wxwidgets.org/wiki.pl?Table_Of_Contents" "noxtrumbot/1.0 (crawler@noxtrum.com)"
194.224.199.52 - - [20/Jun/2005:08:03:40 +0200] "GET /wiki.pl?Reducing_Executable_Size HTTP/1.1" 200 5549 "http://wiki.wxwidgets.org/wiki.pl?Table_Of_Contents" "noxtrumbot/1.0 (crawler@noxtrum.com)"
65.54.188.139 - - [20/Jun/2005:08:04:38 +0200] "GET /wiki.pl?Developers_Notebook/WxWinCE HTTP/1.0" 200 7583 "-" "msnbot/1.0 (+http://search.msn.com/msnbot.htm)"
194.224.199.52 - - [20/Jun/2005:08:04:40 +0200] "GET /wiki.pl?Namespaces HTTP/1.1" 200 2094 "http://wiki.wxwidgets.org/wiki.pl?Table_Of_Contents" "noxtrumbot/1.0 (crawler@noxtrum.com)"
194.224.199.52 - - [20/Jun/2005:08:05:40 +0200] "GET /wiki.pl?Programs_That_Support_Plugins HTTP/1.1" 200 3418 "http://wiki.wxwidgets.org/wiki.pl?Table_Of_Contents" "noxtrumbot/1.0 (crawler@noxtrum.com)"
218.106.82.166 - - [20/Jun/2005:08:06:22 +0200] "GET /wximages/wxwidgets02-small.png HTTP/1.1" 200 12468 "http://blog.vckbase.com/bastet/" "Mozilla/4.0 (compatible; MSIE 6.0; Windows NT 5.0; Poco 0.31)"
194.224.199.52 - - [20/Jun/2005:08:06:40 +0200] "GET /wiki.pl?Using_Text_Templates HTTP/1.1" 200 6426 "http://wiki.wxwidgets.org/wiki.pl?Table_Of_Contents" "noxtrumbot/1.0 (crawler@noxtrum.com)"
68.142.250.23 - - [20/Jun/2005:08:07:09 +0200] "GET /robots.txt HTTP/1.0" 200 138 "-" "Mozilla/5.0 (compatible; Yahoo! Slurp; http://help.yahoo.com/help/us/ysearch/slurp)"
68.142.250.69 - - [20/Jun/2005:08:07:10 +0200] "GET /wiki.pl?WikiSpam_Hall_Of_Shame HTTP/1.0" 200 3681 "-" "Mozilla/5.0 (compatible; Yahoo! Slurp; http://help.yahoo.com/help/us/ysearch/slurp)"
24.2.177.142 - - [20/Jun/2005:08:07:27 +0200] "GET /wiki.pl HTTP/1.1" 200 3381 "-" "Mozilla/4.0 (compatible; MSIE 6.0; Windows NT 5.1)"
24.2.177.142 - - [20/Jun/2005:08:07:28 +0200] "GET /wxwiki.css HTTP/1.1" 200 1540 "http://wiki.wxwidgets.org/wiki.pl?Rantings" "Mozilla/4.0 (compatible; MSIE 6.0; Windows NT 5.0)"
24.2.177.142 - - [20/Jun/2005:08:07:28 +0200] "GET /wximages/wxwidgets02-small.png HTTP/1.1" 200 12468 "http://wiki.wxwidgets.org/wiki.pl?Rantings" "Mozilla/4.0 (compatible; MSIE 6.0; Windows NT 5.0)"
24.2.177.142 - - [20/Jun/2005:08:07:28 +0200] "GET /wiki.pl?Rantings HTTP/1.1" 200 44818 "http://www.google.com/search?hl=en&q=should+wxwidgets+be+taken+seriously" "Mozilla/4.0 (compatible; MSIE 6.0; Windows NT 5.0)"
202.118.4.236 - - [20/Jun/2005:08:07:31 +0200] "GET /wximages/wxwidgets02-small.png HTTP/1.1" 200 12468 "http://blog.vckbase.com/BastEt" "Mozilla/4.0 (compatible; MSIE 6.0; Windows NT 5.0; MyIE2; .NET CLR 1.1.4322)"
194.224.199.52 - - [20/Jun/2005:08:07:40 +0200] "GET /wiki.pl?RTTI HTTP/1.1" 200 8995 "http://wiki.wxwidgets.org/wiki.pl?Table_Of_Contents" "noxtrumbot/1.0 (crawler@noxtrum.com)"
210.5.9.197 - - [20/Jun/2005:08:08:17 +0200] "GET / HTTP/1.1" 200 3381 "-" "Mozilla/4.0 (compatible; MSIE 6.0; Windows NT 5.0; MyIE2; .NET CLR 1.1.4322)"
210.5.9.197 - - [20/Jun/2005:08:08:18 +0200] "GET /wxwiki.css HTTP/1.1" 304 - "-" "Mozilla/4.0 (compatible; MSIE 6.0; Windows NT 5.0; MyIE2; .NET CLR 1.1.4322)"
210.5.9.197 - - [20/Jun/2005:08:08:19 +0200] "GET /wximages/wxwidgets02-small.png HTTP/1.1" 304 - "-" "Mozilla/4.0 (compatible; MSIE 6.0; Windows NT 5.0; MyIE2; .NET CLR 1.1.4322)"
210.5.9.197 - - [20/Jun/2005:08:08:36 +0200] "GET /wiki.pl?Resources HTTP/1.1" 200 5882 "-" "Mozilla/4.0 (compatible; MSIE 6.0; Windows NT 5.0; MyIE2; .NET CLR 1.1.4322)"
194.224.199.52 - - [20/Jun/2005:08:08:40 +0200] "GET /wiki.pl?ODBC HTTP/1.1" 200 8717 "http://wiki.wxwidgets.org/wiki.pl?Table_Of_Contents" "noxtrumbot/1.0 (crawler@noxtrum.com)"
