144.138.164.67 - - [20/Jun/2005:11:16:06 +0200] "GET /wxwiki.css HTTP/1.1" 200 1540 "http://wiki.wxwidgets.org/wiki.pl?MS_Free_Tools_And_WxWidgets" "Mozilla/4.0 (compatible; MSIE 6.0; Windows NT 5.1; SV1; .NET CLR 1.1.4322)"
144.138.164.67 - - [20/Jun/2005:11:16:07 +0200] "GET /wximages/wxwidgets02-small.png HTTP/1.1" 200 12468 "http://wiki.wxwidgets.org/wiki.pl?MS_Free_Tools_And_WxWidgets" "Mozilla/4.0 (compatible; MSIE 6.0; Windows NT 5.1; SV1; .NET CLR 1.1.4322)"
60.220.12.9 - - [20/Jun/2005:11:16:39 +0200] "GET /wximages/wxwidgets02-small.png HTTP/1.1" 200 12468 "http://blog.vckbase.com/BastEt/" "Mozilla/4.0 (compatible; MSIE 6.0; Windows NT 5.1; SV1; Maxthon; (R1 1.5))"
207.46.98.84 - - [20/Jun/2005:11:17:17 +0200] "GET /wiki.pl?Mac_OS_X_And_Xcode_1.5_Project_Setup_Guide HTTP/1.0" 200 3977 "-" "msnbot/1.0 (+http://search.msn.com/msnbot.htm)"
65.54.188.139 - - [20/Jun/2005:11:18:17 +0200] "GET /wiki.pl?Documentation_System HTTP/1.0" 200 2023 "-" "msnbot/1.0 (+http://search.msn.com/msnbot.htm)"
217.136.169.125 - - [20/Jun/2005:11:18:35 +0200] "GET /wiki.pl?Using_XML_With_WxWidgets HTTP/1.1" 200 5823 "http://wiki.wxwidgets.org/wiki.pl?Table_Of_Contents" "Mozilla/5.0 (Windows; U; Windows NT 5.1; de-DE; rv:1.7.8) Gecko/20050511 Firefox/1.0.4"
207.46.98.84 - - [20/Jun/2005:11:18:49 +0200] "GET /wiki.pl?Multiple_Inheritance HTTP/1.0" 200 52920 "-" "msnbot/1.0 (+http://search.msn.com/msnbot.htm)"
202.7.166.167 - - [20/Jun/2005:11:18:50 +0200] "GET /wiki.pl?WxWidgets_Vacancies HTTP/1.0" 200 3590 "http://www.wxwidgets.org/toolbar.htm" "Mozilla/5.0 (X11; U; Linux i686; en-US; rv:1.7.8) Gecko/20050517 Firefox/1.0.4"
202.7.166.167 - - [20/Jun/2005:11:18:52 +0200] "GET /wxwiki.css HTTP/1.0" 200 1540 "http://wiki.wxwidgets.org/wiki.pl?WxWidgets_Vacancies" "Mozilla/5.0 (X11; U; Linux i686; en-US; rv:1.7.8) Gecko/20050517 Firefox/1.0.4"
202.7.166.167 - - [20/Jun/2005:11:18:52 +0200] "GET /wximages/wxwidgets02-small.png HTTP/1.0" 200 12468 "http://wiki.wxwidgets.org/wiki.pl?WxWidgets_Vacancies" "Mozilla/5.0 (X11; U; Linux i686; en-US; rv:1.7.8) Gecko/20050517 Firefox/1.0.4"
202.7.166.167 - - [20/Jun/2005:11:18:53 +0200] "GET /favicon.ico HTTP/1.0" 200 3262 "-" "Mozilla/5.0 (X11; U; Linux i686; en-US; rv:1.7.8) Gecko/20050517 Firefox/1.0.4"
202.103.53.18 - - [20/Jun/2005:11:19:05 +0200] "GET /wximages/wxwidgets02-small.png HTTP/1.1" 200 12468 "http://blog.vckbase.com/bastet/" "Mozilla/4.0 (compatible; MSIE 6.0; Windows NT 5.1; Maxthon)"
217.136.169.125 - - [20/Jun/2005:11:19:19 +0200] "GET /wiki.pl?Creating_A_DLL_Of_An_Application HTTP/1.1" 200 4924 "http://wiki.wxwidgets.org/wiki.pl?Table_Of_Contents" "Mozilla/5.0 (Windows; U; Windows NT 5.1; de-DE; rv:1.7.8) Gecko/20050511 Firefox/1.0.4"
217.136.169.125 - - [20/Jun/2005:11:19:29 +0200] "GET /wiki.pl?Namespaces HTTP/1.1" 200 2094 "http://wiki.wxwidgets.org/wiki.pl?Table_Of_Contents" "Mozilla/5.0 (Windows; U; Windows NT 5.1; de-DE; rv:1.7.8) Gecko/20050511 Firefox/1.0.4"
217.136.169.125 - - [20/Jun/2005:11:19:37 +0200] "GET /wiki.pl?ODBC HTTP/1.1" 200 8717 "http://wiki.wxwidgets.org/wiki.pl?Table_Of_Contents" "Mozilla/5.0 (Windows; U; Windows NT 5.1; de-DE; rv:1.7.8) Gecko/20050511 Firefox/1.0.4"
159.226.41.129 - - [20/Jun/2005:11:19:39 +0200] "GET /wxwiki.css HTTP/1.1" 200 1540 "http://wiki.wxwidgets.org/wiki.pl?WxWidgets_Compared_To_Other_Toolkits" "Mozilla/4.0 (compatible; MSIE 6.0; Windows NT 5.0; Maxthon; .NET CLR 1.1.4322)"
159.226.41.129 - - [20/Jun/2005:11:19:39 +0200] "GET /wiki.pl?WxWidgets_Compared_To_Other_Toolkits HTTP/1.1" 200 19476 "-" "Mozilla/4.0 (compatible; MSIE 6.0; Windows NT 5.0; Maxthon; .NET CLR 1.1.4322)"
159.226.41.129 - - [20/Jun/2005:11:19:39 +0200] "GET /wximages/wxwidgets02-small.png HTTP/1.1" 200 12468 "http://wiki.wxwidgets.org/wiki.pl?WxWidgets_Compared_To_Other_Toolkits" "Mozilla/4.0 (compatible; MSIE 6.0; Windows NT 5.0; Maxthon; .NET CLR 1.1.4322)"
159.226.41.129 - - [20/Jun/2005:11:19:40 +0200] "GET /favicon.ico HTTP/1.1" 200 3262 "-" "Mozilla/4.0 (compatible; MSIE 6.0; Windows NT 5.0; Maxthon; .NET CLR 1.1.4322)"
207.46.98.84 - - [20/Jun/2005:11:19:41 +0200] "GET /wiki.pl?Using_XML_With_WxWidgets HTTP/1.0" 200 5804 "-" "msnbot/1.0 (+http://search.msn.com/msnbot.htm)"
62.42.1.216 - - [20/Jun/2005:11:19:49 +0200] "GET /wiki.pl?MS_Free_Tools_And_WxWidgets HTTP/1.1" 200 16120 "http://www.google.es/search?q=vctoolkitsetup.exe&hl=es&lr=&start=10&sa=N" "Mozilla/4.0 (compatible; MSIE 6.0; Windows NT 5.1; SV1)"
62.42.1.216 - - [20/Jun/2005:11:19:50 +0200] "GET /wxwiki.css HTTP/1.1" 200 1540 "http://wiki.wxwidgets.org/wiki.pl?MS_Free_Tools_And_WxWidgets" "Mozilla/4.0 (compatible; MSIE 6.0; Windows NT 5.1; SV1)"
62.42.1.216 - - [20/Jun/2005:11:19:50 +0200] "GET /wximages/wxwidgets02-small.png HTTP/1.1" 200 12468 "http://wiki.wxwidgets.org/wiki.pl?MS_Free_Tools_And_WxWidgets" "Mozilla/4.0 (compatible; MSIE 6.0; Windows NT 5.1; SV1)"
62.174.241.29 - - [20/Jun/2005:11:20:38 +0200] "GET /wiki.pl?Installing_WxWin_For_MS_Free_Tools HTTP/1.1" 200 9668 "http://www.google.es/search?hl=es&q=wxWindows+nmake&btnG=B%C3%BAsqueda+en+Google&meta=" "Mozilla/5.0 (Windows; U; Windows NT 5.1; es-ES; rv:1.7.3) Gecko/20040910"
62.174.241.29 - - [20/Jun/2005:11:20:38 +0200] "GET /wxwiki.css HTTP/1.1" 304 - "http://wiki.wxwidgets.org/wiki.pl?Installing_WxWin_For_MS_Free_Tools" "Mozilla/5.0 (Windows; U; Windows NT 5.1; es-ES; rv:1.7.3) Gecko/20040910"
62.174.241.29 - - [20/Jun/2005:11:20:38 +0200] "GET /wximages/wxwidgets02-small.png HTTP/1.1" 304 - "http://wiki.wxwidgets.org/wiki.pl?Installing_WxWin_For_MS_Free_Tools" "Mozilla/5.0 (Windows; U; Windows NT 5.1; es-ES; rv:1.7.3) Gecko/20040910"
207.46.98.84 - - [20/Jun/2005:11:21:06 +0200] "GET /wiki.pl?JaakkoSalli HTTP/1.0" 200 1778 "-" "msnbot/1.0 (+http://search.msn.com/msnbot.htm)"
65.214.44.47 - - [20/Jun/2005:11:21:13 +0200] "GET /wiki.pl?SsSs27 HTTP/1.0" 200 1804 "-" "Mozilla/2.0 (compatible; Ask Jeeves/Teoma; +http://sp.ask.com/docs/about/tech_crawling.html)"
70.176.30.50 - - [20/Jun/2005:11:21:31 +0200] "GET /wiki.pl?WxWidgets_Vacancies HTTP/1.1" 200 3602 "http://www.wxwidgets.org/toolbar.htm" "Mozilla/5.0 (X11; U; Linux i686; en-US; rv:1.7.8) Gecko/20050513 Fedora/1.0.4-1.3.1 Firefox/1.0.4"
70.176.30.50 - - [20/Jun/2005:11:21:32 +0200] "GET /wxwiki.css HTTP/1.1" 200 1540 "http://wiki.wxwidgets.org/wiki.pl?WxWidgets_Vacancies" "Mozilla/5.0 (X11; U; Linux i686; en-US; rv:1.7.8) Gecko/20050513 Fedora/1.0.4-1.3.1 Firefox/1.0.4"
70.176.30.50 - - [20/Jun/2005:11:21:32 +0200] "GET /wximages/wxwidgets02-small.png HTTP/1.1" 200 12468 "http://wiki.wxwidgets.org/wiki.pl?WxWidgets_Vacancies" "Mozilla/5.0 (X11; U; Linux i686; en-US; rv:1.7.8) Gecko/20050513 Fedora/1.0.4-1.3.1 Firefox/1.0.4"
151.203.7.115 - - [20/Jun/2005:11:22:22 +0200] "GET /wiki.pl?Developers_Notebook/WxCocoa HTTP/1.1" 200 2143 "http://www.google.com/search?client=safari&rls=en-us&q=wxcocoa&ie=UTF-8&oe=UTF-8" "Mozilla/5.0 (Macintosh; U; PPC Mac OS X; en-us) AppleWebKit/312.1 (KHTML, like Gecko) Safari/312"
151.203.7.115 - - [20/Jun/2005:11:22:23 +0200] "GET /wxwiki.css HTTP/1.1" 200 1540 "http://wiki.wxwidgets.org/wiki.pl?Developers_Notebook/WxCocoa" "Mozilla/5.0 (Macintosh; U; PPC Mac OS X; en-us) AppleWebKit/312.1 (KHTML, like Gecko) Safari/312"
151.203.7.115 - - [20/Jun/2005:11:22:23 +0200] "GET /wximages/wxwidgets02-small.png HTTP/1.1" 200 12468 "http://wiki.wxwidgets.org/wiki.pl?Developers_Notebook/WxCocoa" "Mozilla/5.0 (Macintosh; U; PPC Mac OS X; en-us) AppleWebKit/312.1 (KHTML, like Gecko) Safari/312"
151.203.7.115 - - [20/Jun/2005:11:22:23 +0200] "GET /favicon.ico HTTP/1.1" 200 3262 "-" "Mozilla/5.0 (Macintosh; U; PPC Mac OS X; en-us) AppleWebKit/312.1 (KHTML, like Gecko) Safari/312"
218.14.252.88 - - [20/Jun/2005:11:22:46 +0200] "GET /wximages/wxwidgets02-small.png HTTP/1.1" 200 12468 "http://blog.vckbase.com/bastet/" "Mozilla/4.0 (compatible; MSIE 6.0; Windows NT 5.1; SV1)"
207.46.98.84 - - [20/Jun/2005:11:23:21 +0200] "GET /wiki.pl?WxPropertyGrid HTTP/1.0" 200 2231 "-" "msnbot/1.0 (+http://search.msn.com/msnbot.htm)"
65.54.188.139 - - [20/Jun/2005:11:24:08 +0200] "GET /wiki.pl?WxString HTTP/1.0" 200 6226 "-" "msnbot/1.0 (+http://search.msn.com/msnbot.htm)"
217.136.169.125 - - [20/Jun/2005:11:24:10 +0200] "GET /wiki.pl?Compiler_Issues HTTP/1.1" 200 8710 "http://wiki.wxwidgets.org/wiki.pl?Table_Of_Contents" "Mozilla/5.0 (Windows; U; Windows NT 5.1; de-DE; rv:1.7.8) Gecko/20050511 Firefox/1.0.4"
194.138.39.55 - - [20/Jun/2005:11:24:13 +0200] "GET /wiki.pl?WxBitmap HTTP/1.1" 200 4118 "http://www.google.de/search?hl=de&q=wxBITMAP_STD_COLOURS+&meta=" "Mozilla/4.0 (compatible; MSIE 6.0; Windows NT 5.1; SV1; .NET CLR 1.1.4322)"
202.108.130.138 - - [20/Jun/2005:11:24:41 +0200] "GET /wximages/wxwidgets02-small.png HTTP/1.1" 200 12468 "http://blog.vckbase.com/bastet" "Mozilla/4.0 (compatible; MSIE 6.0; Windows NT 5.0; Maxthon)"
207.46.98.84 - - [20/Jun/2005:11:24:47 +0200] "GET /wiki.pl?WxBitmap HTTP/1.0" 200 4099 "-" "msnbot/1.0 (+http://search.msn.com/msnbot.htm)"
207.46.98.84 - - [20/Jun/2005:11:24:56 +0200] "GET /foo HTTP/1.0" 404 272 "-" "msnbot/1.0 (+http://search.msn.com/msnbot.htm)"
217.136.169.125 - - [20/Jun/2005:11:25:02 +0200] "GET /wiki.pl?Using_XML_With_WxWidgets HTTP/1.1" 200 5823 "http://wiki.wxwidgets.org/wiki.pl?Table_Of_Contents" "Mozilla/5.0 (Windows; U; Windows NT 5.1; de-DE; rv:1.7.8) Gecko/20050511 Firefox/1.0.4"
81.204.217.124 - - [20/Jun/2005:11:25:03 +0200] "GET /wiki.pl?ODBC HTTP/1.1" 200 8717 "http://www.google.nl/search?hl=nl&q=wxwidgets+access+database+example&btnG=Zoeken&meta=" "Mozilla/5.0 (Windows; U; Windows NT 5.0; en-US; rv:1.7.8) Gecko/20050511 Firefox/1.0.4"
81.204.217.124 - - [20/Jun/2005:11:25:03 +0200] "GET /wxwiki.css HTTP/1.1" 200 1540 "http://wiki.wxwidgets.org/wiki.pl?ODBC" "Mozilla/5.0 (Windows; U; Windows NT 5.0; en-US; rv:1.7.8) Gecko/20050511 Firefox/1.0.4"
81.204.217.124 - - [20/Jun/2005:11:25:03 +0200] "GET /wximages/wxwidgets02-small.png HTTP/1.1" 200 12468 "http://wiki.wxwidgets.org/wiki.pl?ODBC" "Mozilla/5.0 (Windows; U; Windows NT 5.0; en-US; rv:1.7.8) Gecko/20050511 Firefox/1.0.4"
81.204.217.124 - - [20/Jun/2005:11:25:03 +0200] "GET /favicon.ico HTTP/1.1" 200 3262 "-" "Mozilla/5.0 (Windows; U; Windows NT 5.0; en-US; rv:1.7.8) Gecko/20050511 Firefox/1.0.4"
218.83.123.145 - - [20/Jun/2005:11:25:04 +0200] "GET /wximages/wxwidgets02-small.png HTTP/1.1" 200 12468 "http://blog.vckbase.com/bastet/" "Mozilla/4.0 (compatible; MSIE 6.0; Windows NT 5.1; SV1)"
80.58.5.43 - - [20/Jun/2005:11:25:09 +0200] "GET /wiki.pl?Installing_WxWin_MinGW HTTP/1.0" 200 6200 "http://www.google.es/search?hl=es&q=minGW+installer&meta=" "Mozilla/4.0 (compatible; MSIE 6.0; Windows NT 5.1)"
80.58.5.43 - - [20/Jun/2005:11:25:10 +0200] "GET /wxwiki.css HTTP/1.1" 200 1540 "http://wiki.wxwidgets.org/wiki.pl?Installing_WxWin_MinGW" "Mozilla/4.0 (compatible; MSIE 6.0; Windows NT 5.1)"
80.58.5.43 - - [20/Jun/2005:11:25:10 +0200] "GET /wximages/wxwidgets02-small.png HTTP/1.1" 200 12468 "http://wiki.wxwidgets.org/wiki.pl?Installing_WxWin_MinGW" "Mozilla/4.0 (compatible; MSIE 6.0; Windows NT 5.1)"
83.176.115.151 - - [20/Jun/2005:11:25:19 +0200] "GET /wiki.pl?Table_Of_Contents HTTP/1.1" 200 26314 "-" "Mozilla/5.0 (Windows; U; Windows NT 5.1; it-IT; rv:1.7.8) Gecko/20050511 Firefox/1.0.4"
83.176.115.151 - - [20/Jun/2005:11:25:21 +0200] "GET /wiki.pl?Bakefile_Tips HTTP/1.1" 200 8123 "http://wiki.wxwidgets.org/wiki.pl?Table_Of_Contents" "Mozilla/5.0 (Windows; U; Windows NT 5.1; it-IT; rv:1.7.8) Gecko/20050511 Firefox/1.0.4"
83.176.115.151 - - [20/Jun/2005:11:25:25 +0200] "GET /wiki.pl?action=edit&id=Bakefile_Tips HTTP/1.1" 200 8395 "http://wiki.wxwidgets.org/wiki.pl?Bakefile_Tips" "Mozilla/5.0 (Windows; U; Windows NT 5.1; it-IT; rv:1.7.8) Gecko/20050511 Firefox/1.0.4"
83.176.115.151 - - [20/Jun/2005:11:25:38 +0200] "POST /wiki.pl HTTP/1.1" 302 173 "http://wiki.wxwidgets.org/wiki.pl?action=edit&id=Bakefile_Tips" "Mozilla/5.0 (Windows; U; Windows NT 5.1; it-IT; rv:1.7.8) Gecko/20050511 Firefox/1.0.4"
83.176.115.151 - - [20/Jun/2005:11:25:39 +0200] "GET /wiki.pl?Bakefile_Tips HTTP/1.1" 200 8131 "http://wiki.wxwidgets.org/wiki.pl?action=edit&id=Bakefile_Tips" "Mozilla/5.0 (Windows; U; Windows NT 5.1; it-IT; rv:1.7.8) Gecko/20050511 Firefox/1.0.4"
192.73.22.253 - - [20/Jun/2005:11:26:28 +0200] "GET /wiki.pl?Building_Win32_Apps_On_Linux HTTP/1.1" 200 3506 "http://www.metacrawler.com/info.metac/search/web/building%2BWindows%2BwxWidgets%2Bapps%2Bon%2Blinux" "Mozilla/5.0 (Macintosh; U; PPC Mac OS X Mach-O; en-US; rv:1.7.7) Gecko/20050414 Firefox/1.0.3"
192.73.22.253 - - [20/Jun/2005:11:26:29 +0200] "GET /wxwiki.css HTTP/1.1" 200 1540 "http://wiki.wxwidgets.org/wiki.pl?Building_Win32_Apps_On_Linux" "Mozilla/5.0 (Macintosh; U; PPC Mac OS X Mach-O; en-US; rv:1.7.7) Gecko/20050414 Firefox/1.0.3"
192.73.22.253 - - [20/Jun/2005:11:26:29 +0200] "GET /wximages/wxwidgets02-small.png HTTP/1.1" 200 12468 "http://wiki.wxwidgets.org/wiki.pl?Building_Win32_Apps_On_Linux" "Mozilla/5.0 (Macintosh; U; PPC Mac OS X Mach-O; en-US; rv:1.7.7) Gecko/20050414 Firefox/1.0.3"
192.73.22.253 - - [20/Jun/2005:11:26:30 +0200] "GET /favicon.ico HTTP/1.1" 200 3262 "-" "Mozilla/5.0 (Macintosh; U; PPC Mac OS X Mach-O; en-US; rv:1.7.7) Gecko/20050414 Firefox/1.0.3"
62.154.241.131 - - [20/Jun/2005:11:26:43 +0200] "GET /wiki.pl?MSVC HTTP/1.0" 200 1928 "-" "Mozilla/5.0 (Windows; U; Windows NT 5.1; rv:1.7.3) Gecko/20041001 Firefox/0.10.1"
62.154.241.131 - - [20/Jun/2005:11:26:43 +0200] "GET /wxwiki.css HTTP/1.0" 304 - "http://wiki.wxwidgets.org/wiki.pl?MSVC" "Mozilla/5.0 (Windows; U; Windows NT 5.1; rv:1.7.3) Gecko/20041001 Firefox/0.10.1"
62.154.241.131 - - [20/Jun/2005:11:26:44 +0200] "GET /wximages/wxwidgets02-small.png HTTP/1.0" 304 - "http://wiki.wxwidgets.org/wiki.pl?MSVC" "Mozilla/5.0 (Windows; U; Windows NT 5.1; rv:1.7.3) Gecko/20041001 Firefox/0.10.1"
62.154.241.131 - - [20/Jun/2005:11:26:44 +0200] "GET /favicon.ico HTTP/1.0" 304 - "-" "Mozilla/5.0 (Windows; U; Windows NT 5.1; rv:1.7.3) Gecko/20041001 Firefox/0.10.1"
207.46.98.84 - - [20/Jun/2005:11:26:44 +0200] "GET /wiki.pl?Installing_WxWin_For_MS_Free_Tools HTTP/1.0" 200 9641 "-" "msnbot/1.0 (+http://search.msn.com/msnbot.htm)"
62.154.241.131 - - [20/Jun/2005:11:26:48 +0200] "GET /wiki.pl?MSVC_Setup_Guide HTTP/1.0" 200 18648 "http://wiki.wxwidgets.org/wiki.pl?MSVC" "Mozilla/5.0 (Windows; U; Windows NT 5.1; rv:1.7.3) Gecko/20041001 Firefox/0.10.1"
192.73.22.253 - - [20/Jun/2005:11:27:02 +0200] "GET /wiki.pl?Cross-Compiling_Under_Linux HTTP/1.1" 200 8213 "http://wiki.wxwidgets.org/wiki.pl?Building_Win32_Apps_On_Linux" "Mozilla/5.0 (Macintosh; U; PPC Mac OS X Mach-O; en-US; rv:1.7.7) Gecko/20050414 Firefox/1.0.3"
65.54.188.139 - - [20/Jun/2005:11:27:56 +0200] "GET /wiki.pl?back=XML-Based+Documentation+Format HTTP/1.0" 200 2121 "-" "msnbot/1.0 (+http://search.msn.com/msnbot.htm)"
202.54.38.221 - - [20/Jun/2005:11:28:44 +0200] "GET /wiki.pl?Table_Of_Contents HTTP/1.1" 200 0 "-" "Mozilla/4.0 (compatible; MSIE 6.0; Windows NT 5.1; SV1; .NET CLR 1.1.4322)"
82.224.154.102 - - [20/Jun/2005:11:29:18 +0200] "GET /wiki.pl?WxFrameLayout HTTP/1.1" 200 7406 "http://www.google.fr/search?hl=fr&q=wxFrameLayout&meta=" "Mozilla/4.0 (compatible; MSIE 6.0; Windows NT 5.1; SV1; .NET CLR 1.1.4322)"
82.224.154.102 - - [20/Jun/2005:11:29:18 +0200] "GET /wxwiki.css HTTP/1.1" 304 - "http://wiki.wxwidgets.org/wiki.pl?WxFrameLayout" "Mozilla/4.0 (compatible; MSIE 6.0; Windows NT 5.1; SV1; .NET CLR 1.1.4322)"
82.224.154.102 - - [20/Jun/2005:11:29:18 +0200] "GET /wximages/wxwidgets02-small.png HTTP/1.1" 304 - "http://wiki.wxwidgets.org/wiki.pl?WxFrameLayout" "Mozilla/4.0 (compatible; MSIE 6.0; Windows NT 5.1; SV1; .NET CLR 1.1.4322)"
62.216.110.254 - - [20/Jun/2005:11:32:06 +0200] "GET /wiki.pl?Compiling_A_WxWidgets_Application HTTP/1.1" 200 6068 "-" "Mozilla/5.0 (Windows NT 5.1; U) Opera 7.54 [fi]"
62.216.110.254 - - [20/Jun/2005:11:32:07 +0200] "GET /wxwiki.css HTTP/1.1" 200 1540 "http://wiki.wxwidgets.org/wiki.pl?Compiling_A_WxWidgets_Application" "Mozilla/5.0 (Windows NT 5.1; U) Opera 7.54 [fi]"
62.216.110.254 - - [20/Jun/2005:11:32:07 +0200] "GET /wximages/wxwidgets02-small.png HTTP/1.1" 200 12468 "http://wiki.wxwidgets.org/wiki.pl?Compiling_A_WxWidgets_Application" "Mozilla/5.0 (Windows NT 5.1; U) Opera 7.54 [fi]"
65.54.188.139 - - [20/Jun/2005:11:32:47 +0200] "GET /wiki.pl?back=TeX-Based+Documentation+Format HTTP/1.0" 200 1771 "-" "msnbot/1.0 (+http://search.msn.com/msnbot.htm)"
218.93.145.1 - - [20/Jun/2005:11:34:18 +0200] "GET /wximages/wxwidgets02-small.png HTTP/1.1" 200 12468 "http://blog.vckbase.com/bastet/" "Mozilla/4.0 (compatible; MSIE 6.0; Windows NT 5.1; SV1)"
213.5.54.211 - - [20/Jun/2005:11:34:39 +0200] "GET /wiki.pl?RecentChanges HTTP/1.1" 200 11695 "-" "Mozilla/5.0 (X11; U; Linux i686; en-US; rv:1.7.8) Gecko/20050511 Firefox/1.0.4 SUSE/1.0.4-0.3"
213.5.54.211 - - [20/Jun/2005:11:34:54 +0200] "GET /wiki.pl?Test_Frameworks HTTP/1.1" 200 3280 "http://wiki.wxwidgets.org/wiki.pl?RecentChanges" "Mozilla/5.0 (X11; U; Linux i686; en-US; rv:1.7.8) Gecko/20050511 Firefox/1.0.4 SUSE/1.0.4-0.3"
62.49.64.242 - - [20/Jun/2005:11:34:57 +0200] "GET /wiki.pl?Writing_Your_First_Application/Introduction HTTP/1.0" 200 7784 "http://www.google.co.uk/search?q=gui+simple+dev-c%2B%2B+hello+world&sourceid=mozilla-search&start=0&start=0&ie=utf-8&oe=utf-8&client=firefox-a&rls=org.mozilla:en-GB:official" "Mozilla/5.0 (Windows; U; Win98; en-GB; rv:1.7.7) Gecko/20050414 Firefox/1.0.3"
62.49.64.242 - - [20/Jun/2005:11:34:58 +0200] "GET /wxwiki.css HTTP/1.0" 200 1540 "http://wiki.wxwidgets.org/wiki.pl?Writing_Your_First_Application/Introduction" "Mozilla/5.0 (Windows; U; Win98; en-GB; rv:1.7.7) Gecko/20050414 Firefox/1.0.3"
62.49.64.242 - - [20/Jun/2005:11:34:58 +0200] "GET /wximages/wxwidgets02-small.png HTTP/1.0" 200 12468 "http://wiki.wxwidgets.org/wiki.pl?Writing_Your_First_Application/Introduction" "Mozilla/5.0 (Windows; U; Win98; en-GB; rv:1.7.7) Gecko/20050414 Firefox/1.0.3"
62.49.64.242 - - [20/Jun/2005:11:35:00 +0200] "GET /favicon.ico HTTP/1.0" 200 3262 "-" "Mozilla/5.0 (Windows; U; Win98; en-GB; rv:1.7.7) Gecko/20050414 Firefox/1.0.3"
213.5.54.211 - - [20/Jun/2005:11:35:11 +0200] "GET /docs.cgi?q=focus&target=wiki HTTP/1.1" 200 253 "http://wiki.wxwidgets.org/wiki.pl?RecentChanges" "Mozilla/5.0 (X11; U; Linux i686; en-US; rv:1.7.8) Gecko/20050511 Firefox/1.0.4 SUSE/1.0.4-0.3"
213.5.54.211 - - [20/Jun/2005:11:35:12 +0200] "GET /topfram2.html HTTP/1.1" 200 1251 "http://wiki.wxwidgets.org/docs.cgi?q=focus&target=wiki" "Mozilla/5.0 (X11; U; Linux i686; en-US; rv:1.7.8) Gecko/20050511 Firefox/1.0.4 SUSE/1.0.4-0.3"
213.5.54.211 - - [20/Jun/2005:11:35:12 +0200] "GET /man.cgi?q=focus&target=wiki HTTP/1.1" 200 140 "http://wiki.wxwidgets.org/docs.cgi?q=focus&target=wiki" "Mozilla/5.0 (X11; U; Linux i686; en-US; rv:1.7.8) Gecko/20050511 Firefox/1.0.4 SUSE/1.0.4-0.3"
213.5.54.211 - - [20/Jun/2005:11:35:13 +0200] "GET /wiki.pl?search=focus&dosearch=1 HTTP/1.1" 200 2772 "-" "Mozilla/5.0 (X11; U; Linux i686; en-US; rv:1.7.8) Gecko/20050511 Firefox/1.0.4 SUSE/1.0.4-0.3"
65.54.188.139 - - [20/Jun/2005:11:35:20 +0200] "GET /wiki.pl?back=Mac+OS+X+And+Xcode+1.1+Setup+Guide HTTP/1.0" 200 1766 "-" "msnbot/1.0 (+http://search.msn.com/msnbot.htm)"
213.5.54.211 - - [20/Jun/2005:11:35:23 +0200] "GET /wiki.pl?WxTextCtrl HTTP/1.1" 200 5931 "http://wiki.wxwidgets.org/wiki.pl?search=focus&dosearch=1" "Mozilla/5.0 (X11; U; Linux i686; en-US; rv:1.7.8) Gecko/20050511 Firefox/1.0.4 SUSE/1.0.4-0.3"
207.46.98.84 - - [20/Jun/2005:11:36:14 +0200] "GET /wiki.pl?WxBase_Eventloop HTTP/1.0" 200 2949 "-" "msnbot/1.0 (+http://search.msn.com/msnbot.htm)"
213.103.57.163 - - [20/Jun/2005:11:38:47 +0200] "GET /wiki.pl?WxListCtrl HTTP/1.1" 200 9317 "http://mail.python.org/pipermail/python-list/2004-April/216235.html" "Mozilla/5.0 (Windows; U; Windows NT 5.1; en-US; rv:1.7.8) Gecko/20050511 Firefox/1.0.4"
213.103.57.163 - - [20/Jun/2005:11:38:48 +0200] "GET /wxwiki.css HTTP/1.1" 200 1540 "http://wiki.wxwidgets.org/wiki.pl?WxListCtrl" "Mozilla/5.0 (Windows; U; Windows NT 5.1; en-US; rv:1.7.8) Gecko/20050511 Firefox/1.0.4"
213.103.57.163 - - [20/Jun/2005:11:38:48 +0200] "GET /wximages/wxwidgets02-small.png HTTP/1.1" 200 12468 "http://wiki.wxwidgets.org/wiki.pl?WxListCtrl" "Mozilla/5.0 (Windows; U; Windows NT 5.1; en-US; rv:1.7.8) Gecko/20050511 Firefox/1.0.4"
213.103.57.163 - - [20/Jun/2005:11:38:48 +0200] "GET /favicon.ico HTTP/1.1" 200 3262 "-" "Mozilla/5.0 (Windows; U; Windows NT 5.1; en-US; rv:1.7.8) Gecko/20050511 Firefox/1.0.4"
217.96.2.229 - - [20/Jun/2005:11:39:12 +0200] "GET /wiki.pl?WxWidgets_Compared_To_Other_Toolkits HTTP/1.1" 200 19476 "-" "Mozilla/5.0 (Windows; U; Windows NT 5.0; en-US; rv:1.7.3) Gecko/20040910"
217.96.2.229 - - [20/Jun/2005:11:39:12 +0200] "GET /wxwiki.css HTTP/1.1" 200 1540 "http://wiki.wxwidgets.org/wiki.pl?WxWidgets_Compared_To_Other_Toolkits" "Mozilla/5.0 (Windows; U; Windows NT 5.0; en-US; rv:1.7.3) Gecko/20040910"
217.96.2.229 - - [20/Jun/2005:11:39:13 +0200] "GET /wximages/wxwidgets02-small.png HTTP/1.1" 200 12468 "http://wiki.wxwidgets.org/wiki.pl?WxWidgets_Compared_To_Other_Toolkits" "Mozilla/5.0 (Windows; U; Windows NT 5.0; en-US; rv:1.7.3) Gecko/20040910"
207.46.98.84 - - [20/Jun/2005:11:39:19 +0200] "GET /wiki.pl?Programs_That_Support_Plugins HTTP/1.0" 200 3406 "-" "msnbot/1.0 (+http://search.msn.com/msnbot.htm)"
65.214.44.47 - - [20/Jun/2005:11:39:53 +0200] "GET /wiki.pl?WxDialog HTTP/1.0" 200 4353 "-" "Mozilla/2.0 (compatible; Ask Jeeves/Teoma; +http://sp.ask.com/docs/about/tech_crawling.html)"
193.54.50.250 - - [20/Jun/2005:11:40:06 +0200] "GET /wiki.pl?Makefile HTTP/1.1" 200 4286 "http://www.google.es/search?sourceid=navclient&gfns=1&ie=UTF-8&q=dependecies+makefile" "Mozilla/4.0 (compatible; MSIE 6.0; Windows NT 5.1; SV1)"
193.54.50.250 - - [20/Jun/2005:11:40:06 +0200] "GET /wxwiki.css HTTP/1.1" 200 1540 "http://wiki.wxwidgets.org/wiki.pl?Makefile" "Mozilla/4.0 (compatible; MSIE 6.0; Windows NT 5.1; SV1)"
193.54.50.250 - - [20/Jun/2005:11:40:06 +0200] "GET /wximages/wxwidgets02-small.png HTTP/1.1" 200 12468 "http://wiki.wxwidgets.org/wiki.pl?Makefile" "Mozilla/4.0 (compatible; MSIE 6.0; Windows NT 5.1; SV1)"
65.19.178.186 - - [20/Jun/2005:11:40:56 +0200] "GET /wiki.pl?Table_Of_Contents HTTP/1.1" 200 26242 "http://wiki.wxpython.org/" "Mozilla/5.0 (Windows; U; Windows NT 5.0; en-GB; rv:1.7.8) Gecko/20050511 Firefox/1.0.4"
65.19.178.186 - - [20/Jun/2005:11:40:57 +0200] "GET /wxwiki.css HTTP/1.1" 200 1540 "http://wiki.wxwidgets.org/wiki.pl?Table_Of_Contents" "Mozilla/5.0 (Windows; U; Windows NT 5.0; en-GB; rv:1.7.8) Gecko/20050511 Firefox/1.0.4"
65.19.178.186 - - [20/Jun/2005:11:40:57 +0200] "GET /wximages/wxwidgets02-small.png HTTP/1.1" 200 12468 "http://wiki.wxwidgets.org/wiki.pl?Table_Of_Contents" "Mozilla/5.0 (Windows; U; Windows NT 5.0; en-GB; rv:1.7.8) Gecko/20050511 Firefox/1.0.4"
65.19.178.186 - - [20/Jun/2005:11:40:58 +0200] "GET /favicon.ico HTTP/1.1" 200 3262 "-" "Mozilla/5.0 (Windows; U; Windows NT 5.0; en-GB; rv:1.7.8) Gecko/20050511 Firefox/1.0.4"
159.226.41.129 - - [20/Jun/2005:11:41:00 +0200] "GET /wiki.pl?IDEs HTTP/1.1" 200 10212 "-" "Mozilla/4.0 (compatible; MSIE 6.0; Windows NT 5.0; Maxthon; .NET CLR 1.1.4322)"
159.226.41.129 - - [20/Jun/2005:11:41:01 +0200] "GET /wxwiki.css HTTP/1.1" 304 - "http://wiki.wxwidgets.org/wiki.pl?IDEs" "Mozilla/4.0 (compatible; MSIE 6.0; Windows NT 5.0; Maxthon; .NET CLR 1.1.4322)"
159.226.41.129 - - [20/Jun/2005:11:41:01 +0200] "GET /wximages/wxwidgets02-small.png HTTP/1.1" 304 - "http://wiki.wxwidgets.org/wiki.pl?IDEs" "Mozilla/4.0 (compatible; MSIE 6.0; Windows NT 5.0; Maxthon; .NET CLR 1.1.4322)"
166.111.248.113 - - [20/Jun/2005:11:41:08 +0200] "GET / HTTP/1.1" 200 3381 "-" "Mozilla/4.0 (compatible; MSIE 6.0; Windows NT 5.0)"
166.111.248.113 - - [20/Jun/2005:11:41:09 +0200] "GET /wximages/wxwidgets02-small.png HTTP/1.1" 200 12468 "http://wiki.wxwidgets.org/" "Mozilla/4.0 (compatible; MSIE 6.0; Windows NT 5.0)"
166.111.248.113 - - [20/Jun/2005:11:41:09 +0200] "GET /wxwiki.css HTTP/1.1" 200 1540 "http://wiki.wxwidgets.org/" "Mozilla/4.0 (compatible; MSIE 6.0; Windows NT 5.0)"
65.19.178.186 - - [20/Jun/2005:11:41:14 +0200] "GET /wiki.pl?Resources HTTP/1.1" 200 5882 "http://wiki.wxwidgets.org/wiki.pl?Table_Of_Contents" "Mozilla/5.0 (Windows; U; Windows NT 5.0; en-GB; rv:1.7.8) Gecko/20050511 Firefox/1.0.4"
65.19.178.186 - - [20/Jun/2005:11:41:51 +0200] "GET /wiki.pl?WxWiki HTTP/1.1" 200 3381 "http://wiki.wxwidgets.org/wiki.pl?Resources" "Mozilla/5.0 (Windows; U; Windows NT 5.0; en-GB; rv:1.7.8) Gecko/20050511 Firefox/1.0.4"
65.19.178.186 - - [20/Jun/2005:11:41:55 +0200] "GET /wiki.pl?Table_Of_Contents HTTP/1.1" 200 26242 "http://wiki.wxwidgets.org/wiki.pl?WxWiki" "Mozilla/5.0 (Windows; U; Windows NT 5.0; en-GB; rv:1.7.8) Gecko/20050511 Firefox/1.0.4"
221.0.170.111 - - [20/Jun/2005:11:43:27 +0200] "GET /wximages/wxwidgets02-small.png HTTP/1.1" 200 12468 "http://blog.vckbase.com/bastet/" "Mozilla/4.0 (compatible; MSIE 6.0; Windows NT 5.1; SV1; Maxthon)"
192.55.37.193 - - [20/Jun/2005:11:43:28 +0200] "GET / HTTP/1.0" 200 3369 "http://www.wxwidgets.org/develop2.htm" "Mozilla/5.0 (Windows; U; Windows NT 5.1; en-US; rv:1.7.8) Gecko/20050511 Firefox/1.0.4"
192.55.37.193 - - [20/Jun/2005:11:43:29 +0200] "GET /wxwiki.css HTTP/1.0" 200 1540 "http://wiki.wxwidgets.org/" "Mozilla/5.0 (Windows; U; Windows NT 5.1; en-US; rv:1.7.8) Gecko/20050511 Firefox/1.0.4"
192.55.37.193 - - [20/Jun/2005:11:43:29 +0200] "GET /wximages/wxwidgets02-small.png HTTP/1.0" 200 12468 "http://wiki.wxwidgets.org/" "Mozilla/5.0 (Windows; U; Windows NT 5.1; en-US; rv:1.7.8) Gecko/20050511 Firefox/1.0.4"
192.55.37.193 - - [20/Jun/2005:11:43:30 +0200] "GET /favicon.ico HTTP/1.0" 200 3262 "-" "Mozilla/5.0 (Windows; U; Windows NT 5.1; en-US; rv:1.7.8) Gecko/20050511 Firefox/1.0.4"
192.55.37.193 - - [20/Jun/2005:11:43:33 +0200] "GET /wiki.pl?Table_Of_Contents HTTP/1.0" 200 26183 "http://wiki.wxwidgets.org/" "Mozilla/5.0 (Windows; U; Windows NT 5.1; en-US; rv:1.7.8) Gecko/20050511 Firefox/1.0.4"
166.111.248.113 - - [20/Jun/2005:11:43:42 +0200] "GET /wiki.pl?Table_Of_Contents HTTP/1.1" 200 26242 "http://wiki.wxwidgets.org/" "Mozilla/4.0 (compatible; MSIE 6.0; Windows NT 5.0)"
192.55.37.193 - - [20/Jun/2005:11:43:48 +0200] "GET /wiki.pl?Distributing_WxWidgets_Applications HTTP/1.0" 200 5119 "http://wiki.wxwidgets.org/wiki.pl?Table_Of_Contents" "Mozilla/5.0 (Windows; U; Windows NT 5.1; en-US; rv:1.7.8) Gecko/20050511 Firefox/1.0.4"
67.40.147.28 - - [20/Jun/2005:11:44:25 +0200] "GET /wiki.pl?MSVC_Setup_Guide HTTP/1.1" 200 18691 "http://www.google.com/search?q=wxwidgets+setup.h&sourceid=mozilla-search&start=0&start=0&ie=utf-8&oe=utf-8&client=firefox-a&rls=org.mozilla:en-US:official" "Mozilla/5.0 (Windows; U; Windows NT 5.1; en-US; rv:1.7.8) Gecko/20050511 Firefox/1.0.4"
207.46.98.84 - - [20/Jun/2005:11:44:35 +0200] "GET /wiki.pl?WxActiveX HTTP/1.0" 200 2167 "-" "msnbot/1.0 (+http://search.msn.com/msnbot.htm)"
65.54.188.139 - - [20/Jun/2005:11:45:35 +0200] "GET /wiki.pl?Thesz HTTP/1.0" 200 1740 "-" "msnbot/1.0 (+http://search.msn.com/msnbot.htm)"
65.54.188.139 - - [20/Jun/2005:11:45:47 +0200] "GET /wiki.pl?back=Installing+WxWin+MinGW HTTP/1.0" 200 1781 "-" "msnbot/1.0 (+http://search.msn.com/msnbot.htm)"
166.111.248.113 - - [20/Jun/2005:11:46:16 +0200] "GET /favicon.ico HTTP/1.1" 200 3262 "-" "Mozilla/4.0 (compatible; MSIE 6.0; Windows NT 5.0)"
60.212.6.24 - - [20/Jun/2005:11:46:30 +0200] "GET /wximages/wxwidgets02-small.png HTTP/1.1" 200 12468 "http://blog.vckbase.com/bastet/" "Mozilla/4.0 (compatible; MSIE 6.0; Windows NT 5.1; SV1; TencentTraveler )"
166.111.248.113 - - [20/Jun/2005:11:46:50 +0200] "GET /wiki.pl?Table_Of_Contents HTTP/1.1" 200 26242 "http://wiki.wxwidgets.org" "Mozilla/4.0 (compatible; MSIE 6.0; Windows NT 5.0)"
166.111.248.113 - - [20/Jun/2005:11:46:58 +0200] "GET /wiki.pl?WxWidgets_Compared_To_Other_Toolkits HTTP/1.1" 200 19476 "http://wiki.wxwidgets.org/wiki.pl?Table_Of_Contents" "Mozilla/4.0 (compatible; MSIE 6.0; Windows NT 5.0)"
67.40.147.28 - - [20/Jun/2005:11:47:06 +0200] "GET /wiki.pl?Setup.H HTTP/1.1" 200 4561 "http://wiki.wxwidgets.org/wiki.pl?MSVC_Setup_Guide" "Mozilla/5.0 (Windows; U; Windows NT 5.1; en-US; rv:1.7.8) Gecko/20050511 Firefox/1.0.4"
217.207.106.242 - - [20/Jun/2005:11:47:29 +0200] "GET /wiki.pl?WxWidgets_Vacancies HTTP/1.1" 200 3602 "http://www.wxwidgets.org/toolbar.htm" "Mozilla/4.0 (compatible; MSIE 6.0; Windows NT 5.0; .NET CLR 1.1.4322)"
217.207.106.242 - - [20/Jun/2005:11:47:29 +0200] "GET /wxwiki.css HTTP/1.1" 200 1540 "http://wiki.wxwidgets.org/wiki.pl?WxWidgets_Vacancies" "Mozilla/4.0 (compatible; MSIE 6.0; Windows NT 5.0; .NET CLR 1.1.4322)"
217.207.106.242 - - [20/Jun/2005:11:47:29 +0200] "GET /wximages/wxwidgets02-small.png HTTP/1.1" 200 12468 "http://wiki.wxwidgets.org/wiki.pl?WxWidgets_Vacancies" "Mozilla/4.0 (compatible; MSIE 6.0; Windows NT 5.0; .NET CLR 1.1.4322)"
84.159.154.187 - - [20/Jun/2005:11:47:37 +0200] "GET /wiki.pl?MSVC HTTP/1.1" 200 1940 "-" "Mozilla/5.0 (Windows; U; Windows NT 5.0; en-US; rv:1.8b2) Gecko/20050523 Firefox/1.0+"
84.159.154.187 - - [20/Jun/2005:11:47:37 +0200] "GET /wxwiki.css HTTP/1.1" 200 1540 "http://wiki.wxwidgets.org/wiki.pl?MSVC" "Mozilla/5.0 (Windows; U; Windows NT 5.0; en-US; rv:1.8b2) Gecko/20050523 Firefox/1.0+"
84.159.154.187 - - [20/Jun/2005:11:47:37 +0200] "GET /wximages/wxwidgets02-small.png HTTP/1.1" 200 12468 "http://wiki.wxwidgets.org/wiki.pl?MSVC" "Mozilla/5.0 (Windows; U; Windows NT 5.0; en-US; rv:1.8b2) Gecko/20050523 Firefox/1.0+"
84.159.154.187 - - [20/Jun/2005:11:47:38 +0200] "GET /favicon.ico HTTP/1.1" 200 3262 "-" "Mozilla/5.0 (Windows; U; Windows NT 5.0; en-US; rv:1.8b2) Gecko/20050523 Firefox/1.0+"
84.159.154.187 - - [20/Jun/2005:11:47:43 +0200] "GET /wiki.pl?MSVC_.NET_Setup_Guide HTTP/1.1" 200 12582 "http://wiki.wxwidgets.org/wiki.pl?MSVC" "Mozilla/5.0 (Windows; U; Windows NT 5.0; en-US; rv:1.8b2) Gecko/20050523 Firefox/1.0+"
84.159.154.187 - - [20/Jun/2005:11:47:44 +0200] "GET /wiki.pl?MSVC_Setup_Guide HTTP/1.1" 200 18691 "http://wiki.wxwidgets.org/wiki.pl?MSVC" "Mozilla/5.0 (Windows; U; Windows NT 5.0; en-US; rv:1.8b2) Gecko/20050523 Firefox/1.0+"
80.60.244.178 - - [20/Jun/2005:11:50:04 +0200] "GET /wxwiki.css HTTP/1.1" 200 1540 "http://wiki.wxwidgets.org/wiki.pl?Table_Of_Contents" "Mozilla/5.0 (Windows; U; Windows NT 5.0; en-US; rv:1.7.6) Gecko/20050225 Firefox/1.0.1"
80.60.244.178 - - [20/Jun/2005:11:50:04 +0200] "GET /wiki.pl?Table_Of_Contents HTTP/1.1" 200 26242 "http://www.google.nl/search?hl=nl&q=gtk+windows+msvc+precompiled+headers&spell=1" "Mozilla/5.0 (Windows; U; Windows NT 5.0; en-US; rv:1.7.6) Gecko/20050225 Firefox/1.0.1"
80.60.244.178 - - [20/Jun/2005:11:50:04 +0200] "GET /wximages/wxwidgets02-small.png HTTP/1.1" 200 12468 "http://wiki.wxwidgets.org/wiki.pl?Table_Of_Contents" "Mozilla/5.0 (Windows; U; Windows NT 5.0; en-US; rv:1.7.6) Gecko/20050225 Firefox/1.0.1"
80.60.244.178 - - [20/Jun/2005:11:50:04 +0200] "GET /favicon.ico HTTP/1.1" 200 3262 "-" "Mozilla/5.0 (Windows; U; Windows NT 5.0; en-US; rv:1.7.6) Gecko/20050225 Firefox/1.0.1"
220.201.62.89 - - [20/Jun/2005:11:51:07 +0200] "GET /wximages/wxwidgets02-small.png HTTP/1.1" 200 12468 "http://blog.vckbase.com/bastet/" "Mozilla/4.0 (compatible; MSIE 6.0; Windows NT 5.1; SV1)"
166.111.248.113 - - [20/Jun/2005:11:51:09 +0200] "GET /wiki.pl?WxWidgets_Compared_To_Other_Toolkits HTTP/1.1" 200 19476 "http://wiki.wxwidgets.org/wiki.pl?Table_Of_Contents" "Mozilla/4.0 (compatible; MSIE 6.0; Windows NT 5.0)"
211.167.40.67 - - [20/Jun/2005:11:51:10 +0200] "GET /wximages/wxwidgets02-small.png HTTP/1.1" 200 12468 "http://blog.vckbase.com/bastet" "Mozilla/5.0 (Windows; U; Windows NT 5.1; zh-CN; rv:1.7.8) Gecko/20050511 Firefox/1.0.4 (ax)"
219.166.23.41 - - [20/Jun/2005:11:52:16 +0200] "GET / HTTP/1.1" 200 3381 "http://wxwidgets.org/docs.htm" "Mozilla/5.0 (X11; U; Linux i686; en-US; rv:1.7.8) Gecko/20050517 Firefox/1.0.4 (Debian package 1.0.4-2)"
219.166.23.41 - - [20/Jun/2005:11:52:17 +0200] "GET /wxwiki.css HTTP/1.1" 200 1540 "http://wiki.wxwidgets.org/" "Mozilla/5.0 (X11; U; Linux i686; en-US; rv:1.7.8) Gecko/20050517 Firefox/1.0.4 (Debian package 1.0.4-2)"
219.166.23.41 - - [20/Jun/2005:11:52:18 +0200] "GET /wximages/wxwidgets02-small.png HTTP/1.1" 200 12468 "http://wiki.wxwidgets.org/" "Mozilla/5.0 (X11; U; Linux i686; en-US; rv:1.7.8) Gecko/20050517 Firefox/1.0.4 (Debian package 1.0.4-2)"
219.166.23.41 - - [20/Jun/2005:11:53:27 +0200] "GET / HTTP/1.1" 200 3381 "-" "Mozilla/5.0 (X11; U; Linux i686; en-US; rv:1.7.8) Gecko/20050517 Firefox/1.0.4 (Debian package 1.0.4-2)"
219.166.23.41 - - [20/Jun/2005:11:53:28 +0200] "GET /favicon.ico HTTP/1.1" 200 3262 "-" "Mozilla/5.0 (X11; U; Linux i686; en-US; rv:1.7.8) Gecko/20050517 Firefox/1.0.4 (Debian package 1.0.4-2)"
219.166.23.41 - - [20/Jun/2005:11:53:35 +0200] "GET /wiki.pl?Table_Of_Contents HTTP/1.1" 200 26242 "http://wiki.wxwidgets.org/" "Mozilla/5.0 (X11; U; Linux i686; en-US; rv:1.7.8) Gecko/20050517 Firefox/1.0.4 (Debian package 1.0.4-2)"
219.166.23.41 - - [20/Jun/2005:11:53:41 +0200] "GET /wiki.pl?WxWidgets_Compared_To_Other_Toolkits HTTP/1.1" 200 19476 "http://wiki.wxwidgets.org/wiki.pl?Table_Of_Contents" "Mozilla/5.0 (X11; U; Linux i686; en-US; rv:1.7.8) Gecko/20050517 Firefox/1.0.4 (Debian package 1.0.4-2)"
217.185.209.107 - - [20/Jun/2005:11:53:59 +0200] "GET /wiki.pl?WxWidgets_Vacancies HTTP/1.1" 200 3602 "http://www.wxwidgets.org/toolbar.htm" "Mozilla/4.0 (compatible; MSIE 6.0; Windows 98)"
217.185.209.107 - - [20/Jun/2005:11:54:01 +0200] "GET /wxwiki.css HTTP/1.1" 200 1540 "http://wiki.wxwidgets.org/wiki.pl?WxWidgets_Vacancies" "Mozilla/4.0 (compatible; MSIE 6.0; Windows 98)"
217.185.209.107 - - [20/Jun/2005:11:54:04 +0200] "GET /wximages/wxwidgets02-small.png HTTP/1.1" 200 12468 "http://wiki.wxwidgets.org/wiki.pl?WxWidgets_Vacancies" "Mozilla/4.0 (compatible; MSIE 6.0; Windows 98)"
217.168.74.23 - - [20/Jun/2005:11:54:10 +0200] "GET /wiki.pl?Developers_Notebook/WxWinCECompiling HTTP/1.1" 200 11076 "-" "Mozilla/4.0 (compatible; MSIE 5.0; Windows NT 5.2) Opera 6.03 [ru]"
217.168.74.23 - - [20/Jun/2005:11:54:12 +0200] "GET /wxwiki.css HTTP/1.1" 200 1540 "http://wiki.wxwidgets.org/wiki.pl?Developers_Notebook/WxWinCECompiling" "Mozilla/4.0 (compatible; MSIE 5.0; Windows NT 5.2) Opera 6.03 [ru]"
217.168.74.23 - - [20/Jun/2005:11:54:12 +0200] "GET /wximages/wxwidgets02-small.png HTTP/1.1" 200 12468 "http://wiki.wxwidgets.org/wiki.pl?Developers_Notebook/WxWinCECompiling" "Mozilla/4.0 (compatible; MSIE 5.0; Windows NT 5.2) Opera 6.03 [ru]"
217.185.209.107 - - [20/Jun/2005:11:55:30 +0200] "GET /wiki.pl?WxWidgets_Bounties HTTP/1.1" 200 8873 "http://www.wxwidgets.org/toolbar.htm" "Mozilla/4.0 (compatible; MSIE 6.0; Windows 98)"
60.222.15.199 - - [20/Jun/2005:11:56:19 +0200] "GET /wximages/wxwidgets02-small.png HTTP/1.1" 200 12468 "http://blog.vckbase.com/bastet/" "Mozilla/4.0 (compatible; MSIE 5.0; Windows 98; DigExt)"
80.137.77.79 - - [20/Jun/2005:11:56:52 +0200] "GET /wiki.pl?Dev-Cpp_Instructions HTTP/1.1" 200 2056 "http://www.wxwidgets.org/devcpp.htm" "Mozilla/5.0 (Windows; U; Windows NT 5.1; de-DE; rv:1.7.8) Gecko/20050511 Firefox/1.0.4"
84.159.154.187 - - [20/Jun/2005:11:56:52 +0200] "GET /wiki.pl?WxWiki HTTP/1.1" 200 3381 "http://wiki.wxwidgets.org/wiki.pl?MSVC_Setup_Guide" "Mozilla/5.0 (Windows; U; Windows NT 5.0; en-US; rv:1.8b2) Gecko/20050523 Firefox/1.0+"
80.137.77.79 - - [20/Jun/2005:11:56:52 +0200] "GET /wxwiki.css HTTP/1.1" 200 1540 "http://wiki.wxwidgets.org/wiki.pl?Dev-Cpp_Instructions" "Mozilla/5.0 (Windows; U; Windows NT 5.1; de-DE; rv:1.7.8) Gecko/20050511 Firefox/1.0.4"
80.137.77.79 - - [20/Jun/2005:11:56:52 +0200] "GET /wximages/wxwidgets02-small.png HTTP/1.1" 200 12468 "http://wiki.wxwidgets.org/wiki.pl?Dev-Cpp_Instructions" "Mozilla/5.0 (Windows; U; Windows NT 5.1; de-DE; rv:1.7.8) Gecko/20050511 Firefox/1.0.4"
80.137.77.79 - - [20/Jun/2005:11:56:53 +0200] "GET /favicon.ico HTTP/1.1" 200 3262 "-" "Mozilla/5.0 (Windows; U; Windows NT 5.1; de-DE; rv:1.7.8) Gecko/20050511 Firefox/1.0.4"
213.238.101.29 - - [20/Jun/2005:11:56:57 +0200] "GET / HTTP/1.1" 200 3381 "http://www.wxwidgets.org/docs.htm" "Mozilla/5.0 (Windows; U; Windows NT 5.1; pl-PL; rv:1.7.8) Gecko/20050511 Firefox/1.0.4"
213.238.101.29 - - [20/Jun/2005:11:56:57 +0200] "GET /wxwiki.css HTTP/1.1" 200 1540 "http://wiki.wxwidgets.org/" "Mozilla/5.0 (Windows; U; Windows NT 5.1; pl-PL; rv:1.7.8) Gecko/20050511 Firefox/1.0.4"
213.238.101.29 - - [20/Jun/2005:11:56:58 +0200] "GET /wximages/wxwidgets02-small.png HTTP/1.1" 200 12468 "http://wiki.wxwidgets.org/" "Mozilla/5.0 (Windows; U; Windows NT 5.1; pl-PL; rv:1.7.8) Gecko/20050511 Firefox/1.0.4"
84.159.154.187 - - [20/Jun/2005:11:56:58 +0200] "GET /wiki.pl?Table_Of_Contents HTTP/1.1" 200 26242 "http://wiki.wxwidgets.org/wiki.pl?WxWiki" "Mozilla/5.0 (Windows; U; Windows NT 5.0; en-US; rv:1.8b2) Gecko/20050523 Firefox/1.0+"
213.238.101.29 - - [20/Jun/2005:11:56:58 +0200] "GET /favicon.ico HTTP/1.1" 200 3262 "-" "Mozilla/5.0 (Windows; U; Windows NT 5.1; pl-PL; rv:1.7.8) Gecko/20050511 Firefox/1.0.4"
213.238.101.29 - - [20/Jun/2005:11:57:15 +0200] "GET /wiki.pl?Table_Of_Contents HTTP/1.1" 200 26242 "http://wiki.wxwidgets.org/" "Mozilla/5.0 (Windows; U; Windows NT 5.1; pl-PL; rv:1.7.8) Gecko/20050511 Firefox/1.0.4"
84.159.154.187 - - [20/Jun/2005:11:57:16 +0200] "GET /wiki.pl?WxRegKey HTTP/1.1" 200 2075 "http://wiki.wxwidgets.org/wiki.pl?Table_Of_Contents" "Mozilla/5.0 (Windows; U; Windows NT 5.0; en-US; rv:1.8b2) Gecko/20050523 Firefox/1.0+"
84.159.154.187 - - [20/Jun/2005:11:57:31 +0200] "GET /wiki.pl?WxConfig HTTP/1.1" 200 2473 "http://wiki.wxwidgets.org/wiki.pl?Table_Of_Contents" "Mozilla/5.0 (Windows; U; Windows NT 5.0; en-US; rv:1.8b2) Gecko/20050523 Firefox/1.0+"
82.233.251.214 - - [20/Jun/2005:11:57:33 +0200] "GET /wiki.pl?Using_Doxygen_For_The_WxWidgets_Documentation HTTP/1.0" 200 15182 "http://www.google.fr/search?hl=fr&q=doxygen+document+cpp+or+h&btnG=Recherche+Google&meta=" "Mozilla/5.0 (X11; U; Linux i686; en-US; rv:1.7.6) Gecko/20050317 Firefox/1.0.2"
213.238.101.29 - - [20/Jun/2005:11:57:33 +0200] "GET /wiki.pl?Writing_Your_First_Application HTTP/1.1" 200 3109 "http://wiki.wxwidgets.org/wiki.pl?Table_Of_Contents" "Mozilla/5.0 (Windows; U; Windows NT 5.1; pl-PL; rv:1.7.8) Gecko/20050511 Firefox/1.0.4"
82.233.251.214 - - [20/Jun/2005:11:57:33 +0200] "GET /wxwiki.css HTTP/1.0" 200 1540 "http://wiki.wxwidgets.org/wiki.pl?Using_Doxygen_For_The_WxWidgets_Documentation" "Mozilla/5.0 (X11; U; Linux i686; en-US; rv:1.7.6) Gecko/20050317 Firefox/1.0.2"
82.233.251.214 - - [20/Jun/2005:11:57:33 +0200] "GET /wximages/wxwidgets02-small.png HTTP/1.0" 200 12468 "http://wiki.wxwidgets.org/wiki.pl?Using_Doxygen_For_The_WxWidgets_Documentation" "Mozilla/5.0 (X11; U; Linux i686; en-US; rv:1.7.6) Gecko/20050317 Firefox/1.0.2"
82.233.251.214 - - [20/Jun/2005:11:57:33 +0200] "GET /favicon.ico HTTP/1.0" 200 3262 "-" "Mozilla/5.0 (X11; U; Linux i686; en-US; rv:1.7.6) Gecko/20050317 Firefox/1.0.2"
80.168.16.2 - - [20/Jun/2005:11:57:40 +0200] "GET /wiki.pl?Mac_OS_X_And_Xcode_1.5_Project_Setup_Guide HTTP/1.1" 200 3989 "http://www.google.com/search?client=safari&rls=en&q=xcode+1.5+manual&ie=UTF-8&oe=UTF-8" "Mozilla/5.0 (Macintosh; U; PPC Mac OS X; en) AppleWebKit/312.1 (KHTML, like Gecko) Safari/312"
80.168.16.2 - - [20/Jun/2005:11:57:40 +0200] "GET /wxwiki.css HTTP/1.1" 200 1540 "http://wiki.wxwidgets.org/wiki.pl?Mac_OS_X_And_Xcode_1.5_Project_Setup_Guide" "Mozilla/5.0 (Macintosh; U; PPC Mac OS X; en) AppleWebKit/312.1 (KHTML, like Gecko) Safari/312"
80.168.16.2 - - [20/Jun/2005:11:57:41 +0200] "GET /wximages/wxwidgets02-small.png HTTP/1.1" 200 12468 "http://wiki.wxwidgets.org/wiki.pl?Mac_OS_X_And_Xcode_1.5_Project_Setup_Guide" "Mozilla/5.0 (Macintosh; U; PPC Mac OS X; en) AppleWebKit/312.1 (KHTML, like Gecko) Safari/312"
80.168.16.2 - - [20/Jun/2005:11:57:41 +0200] "GET /favicon.ico HTTP/1.1" 200 3262 "-" "Mozilla/5.0 (Macintosh; U; PPC Mac OS X; en) AppleWebKit/312.1 (KHTML, like Gecko) Safari/312"
62.77.192.28 - - [20/Jun/2005:11:57:54 +0200] "GET /wiki.pl?Compiling_WxWidgets HTTP/1.1" 200 15599 "http://www.google.co.hu/search?q=how+to+compile+wxWidgets+application&hl=hu&lr=&start=30&sa=N" "Mozilla/5.0 (Windows; U; Windows NT 5.1; hu-HU; rv:1.7.8) Gecko/20050511 Firefox/1.0.4"
62.77.192.28 - - [20/Jun/2005:11:57:54 +0200] "GET /wxwiki.css HTTP/1.1" 200 1540 "http://wiki.wxwidgets.org/wiki.pl?Compiling_WxWidgets" "Mozilla/5.0 (Windows; U; Windows NT 5.1; hu-HU; rv:1.7.8) Gecko/20050511 Firefox/1.0.4"
62.77.192.28 - - [20/Jun/2005:11:57:54 +0200] "GET /wximages/wxwidgets02-small.png HTTP/1.1" 200 12468 "http://wiki.wxwidgets.org/wiki.pl?Compiling_WxWidgets" "Mozilla/5.0 (Windows; U; Windows NT 5.1; hu-HU; rv:1.7.8) Gecko/20050511 Firefox/1.0.4"
62.77.192.28 - - [20/Jun/2005:11:57:54 +0200] "GET /favicon.ico HTTP/1.1" 200 3262 "-" "Mozilla/5.0 (Windows; U; Windows NT 5.1; hu-HU; rv:1.7.8) Gecko/20050511 Firefox/1.0.4"
213.238.101.29 - - [20/Jun/2005:11:57:56 +0200] "GET /wiki.pl?Hello_World HTTP/1.1" 200 5425 "http://wiki.wxwidgets.org/wiki.pl?Writing_Your_First_Application" "Mozilla/5.0 (Windows; U; Windows NT 5.1; pl-PL; rv:1.7.8) Gecko/20050511 Firefox/1.0.4"
65.214.44.47 - - [20/Jun/2005:11:58:34 +0200] "GET /wiki.pl?CppDoc HTTP/1.0" 200 2726 "-" "Mozilla/2.0 (compatible; Ask Jeeves/Teoma; +http://sp.ask.com/docs/about/tech_crawling.html)"
219.148.59.248 - - [20/Jun/2005:12:00:40 +0200] "GET /wximages/wxwidgets02-small.png HTTP/1.1" 200 12468 "http://blog.vckbase.com/bastet/" "Mozilla/4.0 (compatible; MSIE 6.0; Windows NT 5.1)"
213.42.2.22 - - [20/Jun/2005:12:01:01 +0200] "GET /wiki.pl?WxWidgets_Vacancies HTTP/1.1" 200 3602 "http://wxwidgets.org/toolbar.htm" "Mozilla/5.0 (Windows; U; Windows NT 5.1; en-US; rv:1.7.8) Gecko/20050511 Firefox/1.0.4"
213.42.2.21 - - [20/Jun/2005:12:01:02 +0200] "GET /wxwiki.css HTTP/1.1" 200 1540 "http://wiki.wxwidgets.org/wiki.pl?WxWidgets_Vacancies" "Mozilla/5.0 (Windows; U; Windows NT 5.1; en-US; rv:1.7.8) Gecko/20050511 Firefox/1.0.4"
65.54.188.139 - - [20/Jun/2005:12:01:02 +0200] "GET /wiki.pl?WxButton_Latex_Docs HTTP/1.0" 200 4648 "-" "msnbot/1.0 (+http://search.msn.com/msnbot.htm)"
213.42.2.22 - - [20/Jun/2005:12:01:03 +0200] "GET /wximages/wxwidgets02-small.png HTTP/1.1" 200 12468 "http://wiki.wxwidgets.org/wiki.pl?WxWidgets_Vacancies" "Mozilla/5.0 (Windows; U; Windows NT 5.1; en-US; rv:1.7.8) Gecko/20050511 Firefox/1.0.4"
213.42.2.21 - - [20/Jun/2005:12:01:15 +0200] "GET /wiki.pl?WxWidgets_Bounties HTTP/1.1" 200 8873 "http://wxwidgets.org/toolbar.htm" "Mozilla/5.0 (Windows; U; Windows NT 5.1; en-US; rv:1.7.8) Gecko/20050511 Firefox/1.0.4"
213.42.2.22 - - [20/Jun/2005:12:01:16 +0200] "GET /favicon.ico HTTP/1.1" 200 3262 "-" "Mozilla/5.0 (Windows; U; Windows NT 5.1; en-US; rv:1.7.8) Gecko/20050511 Firefox/1.0.4"
194.81.199.50 - - [20/Jun/2005:12:01:24 +0200] "GET /wiki.pl?Dev-Cpp_Instructions HTTP/1.0" 200 2044 "http://www.wxwidgets.org/devcpp.htm" "Mozilla/4.0 (compatible; MSIE 6.0; Windows NT 5.1; SV1)"
194.81.199.50 - - [20/Jun/2005:12:01:24 +0200] "GET /wxwiki.css HTTP/1.0" 200 1540 "http://wiki.wxwidgets.org/wiki.pl?Dev-Cpp_Instructions" "Mozilla/4.0 (compatible; MSIE 6.0; Windows NT 5.1; SV1)"
194.81.199.50 - - [20/Jun/2005:12:01:24 +0200] "GET /wximages/wxwidgets02-small.png HTTP/1.0" 200 12468 "http://wiki.wxwidgets.org/wiki.pl?Dev-Cpp_Instructions" "Mozilla/4.0 (compatible; MSIE 6.0; Windows NT 5.1; SV1)"
194.81.199.50 - - [20/Jun/2005:12:01:36 +0200] "GET /wiki.pl?Dev-CPP_Setup_Guide HTTP/1.0" 200 10468 "http://wiki.wxwidgets.org/wiki.pl?Dev-Cpp_Instructions" "Mozilla/4.0 (compatible; MSIE 6.0; Windows NT 5.1; SV1)"
221.219.198.199 - - [20/Jun/2005:12:02:15 +0200] "GET /wximages/wxwidgets02-small.png HTTP/1.1" 200 12468 "http://blog.vckbase.com/bastet/" "Mozilla/4.0 (compatible; MSIE 6.0; Windows NT 5.1; SV1; Maxthon)"
221.236.253.66 - - [20/Jun/2005:12:02:27 +0200] "GET /wximages/wxwidgets02-small.png HTTP/1.1" 200 12468 "http://blog.vckbase.com/bastet/" "Mozilla/4.0 (compatible; MSIE 6.0; Windows NT 5.1)"
202.180.83.6 - - [20/Jun/2005:12:02:49 +0200] "GET / HTTP/1.1" 200 3381 "-" "Mozilla/5.0 (Windows; U; Windows NT 5.1; en-US; rv:1.7.8) Gecko/20050511 Firefox/1.0.4"
202.180.83.6 - - [20/Jun/2005:12:02:50 +0200] "GET /wxwiki.css HTTP/1.1" 200 1540 "-" "Mozilla/5.0 (Windows; U; Windows NT 5.1; en-US; rv:1.7.8) Gecko/20050511 Firefox/1.0.4"
202.180.83.6 - - [20/Jun/2005:12:02:51 +0200] "GET /wximages/wxwidgets02-small.png HTTP/1.1" 200 12468 "-" "Mozilla/5.0 (Windows; U; Windows NT 5.1; en-US; rv:1.7.8) Gecko/20050511 Firefox/1.0.4"
202.180.83.6 - - [20/Jun/2005:12:02:52 +0200] "GET /favicon.ico HTTP/1.1" 200 3262 "-" "Mozilla/5.0 (Windows; U; Windows NT 5.1; en-US; rv:1.7.8) Gecko/20050511 Firefox/1.0.4"
202.180.83.6 - - [20/Jun/2005:12:03:56 +0200] "GET /wiki.pl?Table_Of_Contents HTTP/1.1" 200 26242 "-" "Mozilla/5.0 (Windows; U; Windows NT 5.1; en-US; rv:1.7.8) Gecko/20050511 Firefox/1.0.4"
202.180.83.6 - - [20/Jun/2005:12:04:13 +0200] "GET /wiki.pl?MSVC_.NET_Setup_Guide HTTP/1.1" 200 12582 "-" "Mozilla/5.0 (Windows; U; Windows NT 5.1; en-US; rv:1.7.8) Gecko/20050511 Firefox/1.0.4"
80.83.40.59 - - [20/Jun/2005:12:04:13 +0200] "GET / HTTP/1.1" 200 3381 "http://www.wxwidgets.org/develop2.htm" "Mozilla/5.0 (Windows; U; Windows NT 5.1; fr-FR; rv:1.7.8) Gecko/20050511 Firefox/1.0.4"
80.83.40.59 - - [20/Jun/2005:12:04:13 +0200] "GET /wxwiki.css HTTP/1.1" 200 1540 "http://wiki.wxwidgets.org/" "Mozilla/5.0 (Windows; U; Windows NT 5.1; fr-FR; rv:1.7.8) Gecko/20050511 Firefox/1.0.4"
80.83.40.59 - - [20/Jun/2005:12:04:13 +0200] "GET /wximages/wxwidgets02-small.png HTTP/1.1" 200 12468 "http://wiki.wxwidgets.org/" "Mozilla/5.0 (Windows; U; Windows NT 5.1; fr-FR; rv:1.7.8) Gecko/20050511 Firefox/1.0.4"
80.83.40.59 - - [20/Jun/2005:12:04:13 +0200] "GET /favicon.ico HTTP/1.1" 200 3262 "-" "Mozilla/5.0 (Windows; U; Windows NT 5.1; fr-FR; rv:1.7.8) Gecko/20050511 Firefox/1.0.4"
80.83.40.59 - - [20/Jun/2005:12:04:19 +0200] "GET /wiki.pl?Table_Of_Contents HTTP/1.1" 200 26242 "http://wiki.wxwidgets.org/" "Mozilla/5.0 (Windows; U; Windows NT 5.1; fr-FR; rv:1.7.8) Gecko/20050511 Firefox/1.0.4"
80.83.40.59 - - [20/Jun/2005:12:04:23 +0200] "GET /wiki.pl?WxWiki HTTP/1.1" 200 3381 "http://wiki.wxwidgets.org/wiki.pl?Table_Of_Contents" "Mozilla/5.0 (Windows; U; Windows NT 5.1; fr-FR; rv:1.7.8) Gecko/20050511 Firefox/1.0.4"
80.83.40.59 - - [20/Jun/2005:12:04:35 +0200] "GET /wiki.pl?Distributing_WxWidgets_Applications HTTP/1.1" 200 5138 "http://wiki.wxwidgets.org/wiki.pl?Table_Of_Contents" "Mozilla/5.0 (Windows; U; Windows NT 5.1; fr-FR; rv:1.7.8) Gecko/20050511 Firefox/1.0.4"
219.166.23.41 - - [20/Jun/2005:12:05:24 +0200] "GET /wiki.pl?Distributing_WxWidgets_Applications HTTP/1.1" 200 5138 "http://wiki.wxwidgets.org/wiki.pl?Table_Of_Contents" "Mozilla/5.0 (X11; U; Linux i686; en-US; rv:1.7.8) Gecko/20050517 Firefox/1.0.4 (Debian package 1.0.4-2)"
65.54.188.139 - - [20/Jun/2005:12:05:59 +0200] "GET /wiki.pl?back=WxGLCanvas HTTP/1.0" 200 1672 "-" "msnbot/1.0 (+http://search.msn.com/msnbot.htm)"
219.166.23.41 - - [20/Jun/2005:12:06:53 +0200] "GET /wiki.pl?Autoconf HTTP/1.1" 200 3597 "http://wiki.wxwidgets.org/wiki.pl?Table_Of_Contents" "Mozilla/5.0 (X11; U; Linux i686; en-US; rv:1.7.8) Gecko/20050517 Firefox/1.0.4 (Debian package 1.0.4-2)"
217.83.113.50 - - [20/Jun/2005:12:07:07 +0200] "GET /wiki.pl?WxWidgets_Compared_To_Other_Toolkits HTTP/1.1" 200 19476 "http://www.google.de/search?q=wxwidget+development&start=0&start=0&ie=utf-8&oe=utf-8&client=firefox-a&rls=org.mozilla:en-US:official" "Mozilla/5.0 (Windows; U; Windows NT 5.1; rv:1.7.3) Gecko/20041001 Firefox/0.10.1"
217.83.113.50 - - [20/Jun/2005:12:07:07 +0200] "GET /wxwiki.css HTTP/1.1" 200 1540 "http://wiki.wxwidgets.org/wiki.pl?WxWidgets_Compared_To_Other_Toolkits" "Mozilla/5.0 (Windows; U; Windows NT 5.1; rv:1.7.3) Gecko/20041001 Firefox/0.10.1"
217.83.113.50 - - [20/Jun/2005:12:07:08 +0200] "GET /wximages/wxwidgets02-small.png HTTP/1.1" 200 12468 "http://wiki.wxwidgets.org/wiki.pl?WxWidgets_Compared_To_Other_Toolkits" "Mozilla/5.0 (Windows; U; Windows NT 5.1; rv:1.7.3) Gecko/20041001 Firefox/0.10.1"
217.83.113.50 - - [20/Jun/2005:12:07:08 +0200] "GET /favicon.ico HTTP/1.1" 200 3262 "-" "Mozilla/5.0 (Windows; U; Windows NT 5.1; rv:1.7.3) Gecko/20041001 Firefox/0.10.1"
213.5.54.211 - - [20/Jun/2005:12:07:56 +0200] "GET /wiki.pl?Table_Of_Contents HTTP/1.1" 200 26242 "http://www.google.com/search?sourceid=mozclient&ie=utf-8&oe=utf-8&q=wxValidator+wxTextCtrl+xrc" "Mozilla/5.0 (X11; U; Linux i686; en-US; rv:1.7.8) Gecko/20050511 Firefox/1.0.4 SUSE/1.0.4-0.3"
213.5.54.211 - - [20/Jun/2005:12:08:23 +0200] "GET /wiki.pl?IDEs HTTP/1.1" 200 10212 "http://wiki.wxwidgets.org/wiki.pl?Table_Of_Contents" "Mozilla/5.0 (X11; U; Linux i686; en-US; rv:1.7.8) Gecko/20050511 Firefox/1.0.4 SUSE/1.0.4-0.3"
193.225.22.211 - - [20/Jun/2005:12:08:30 +0200] "GET /wiki.pl?WxWidgets_Vacancies HTTP/1.1" 200 3602 "http://www.wxwidgets.org/toolbar.htm" "Mozilla/4.0 (compatible; MSIE 6.0; Windows NT 5.1; DigExt; SV1; .NET CLR 1.1.4322)"
193.225.22.211 - - [20/Jun/2005:12:08:30 +0200] "GET /wxwiki.css HTTP/1.1" 200 1540 "http://wiki.wxwidgets.org/wiki.pl?WxWidgets_Vacancies" "Mozilla/4.0 (compatible; MSIE 6.0; Windows NT 5.1; DigExt; SV1; .NET CLR 1.1.4322)"
193.225.22.211 - - [20/Jun/2005:12:08:30 +0200] "GET /wximages/wxwidgets02-small.png HTTP/1.1" 200 12468 "http://wiki.wxwidgets.org/wiki.pl?WxWidgets_Vacancies" "Mozilla/4.0 (compatible; MSIE 6.0; Windows NT 5.1; DigExt; SV1; .NET CLR 1.1.4322)"
213.5.54.211 - - [20/Jun/2005:12:08:45 +0200] "GET /wiki.pl?WxReportWriter HTTP/1.1" 200 2153 "http://wiki.wxwidgets.org/wiki.pl?Table_Of_Contents" "Mozilla/5.0 (X11; U; Linux i686; en-US; rv:1.7.8) Gecko/20050511 Firefox/1.0.4 SUSE/1.0.4-0.3"
