172.181.126.136 - - [19/Jun/2005:19:15:10 +0200] "GET /wiki.pl?Subclassing_WxControl HTTP/1.1" 200 4288 "http://www.solidsteel.nl/users/wxwidgets/viewtopic.php?t=1633" "Mozilla/5.0 (Windows; U; Windows NT 5.1; de-DE; rv:1.7.8) Gecko/20050511 Firefox/1.0.4"
218.80.243.5 - - [19/Jun/2005:19:15:22 +0200] "GET /wiki.pl?WxWiki HTTP/1.1" 200 3381 "http://blog.vckbase.com/bastet/archive/2005/06/09/6274.html" "Mozilla/5.0 (Windows; U; Windows NT 5.1; zh-CN; rv:1.7.5) Gecko/20041124 Firefox/1.0 (ax)"
221.234.55.109 - - [19/Jun/2005:19:20:17 +0200] "GET /wximages/wxwidgets02-small.png HTTP/1.1" 200 12468 "http://blog.vckbase.com/bastet/" "Mozilla/4.0 (compatible; MSIE 6.0; Windows NT 5.0)"
218.28.164.245 - - [19/Jun/2005:19:21:32 +0200] "GET /wximages/wxwidgets02-small.png HTTP/1.1" 200 12468 "http://blog.vckbase.com/bastet/" "Mozilla/4.0 (compatible; MSIE 6.0; Windows NT 5.1; SV1)"
200.176.50.189 - - [19/Jun/2005:19:24:01 +0200] "GET /wiki.pl?WxWidgets_Vacancies HTTP/1.1" 200 3602 "http://www.wxwidgets.org/toolbar.htm" "Mozilla/4.0 (compatible; MSIE 6.0; Windows NT 5.1; SV1; .NET CLR 2.0.40607)"
200.176.50.189 - - [19/Jun/2005:19:24:02 +0200] "GET /wximages/wxwidgets02-small.png HTTP/1.1" 200 12468 "http://wiki.wxwidgets.org/wiki.pl?WxWidgets_Vacancies" "Mozilla/4.0 (compatible; MSIE 6.0; Windows NT 5.1; SV1; .NET CLR 2.0.40607)"
200.176.50.189 - - [19/Jun/2005:19:24:02 +0200] "GET /wxwiki.css HTTP/1.1" 200 1540 "http://wiki.wxwidgets.org/wiki.pl?WxWidgets_Vacancies" "Mozilla/4.0 (compatible; MSIE 6.0; Windows NT 5.1; SV1; .NET CLR 2.0.40607)"
82.133.79.63 - - [19/Jun/2005:19:24:43 +0200] "GET /wiki.pl?Compiling_WxWidgets HTTP/1.1" 200 15599 "http://www.google.co.uk/search?q=msvc+compiling+in+linux&hl=en&lr=&start=20&sa=N" "Mozilla/5.0 (X11; U; Linux i686; en-US; rv:1.7.8) Gecko/20050525 Firefox/1.0.4"
82.133.79.63 - - [19/Jun/2005:19:24:43 +0200] "GET /wxwiki.css HTTP/1.1" 200 1540 "http://wiki.wxwidgets.org/wiki.pl?Compiling_WxWidgets" "Mozilla/5.0 (X11; U; Linux i686; en-US; rv:1.7.8) Gecko/20050525 Firefox/1.0.4"
82.133.79.63 - - [19/Jun/2005:19:24:43 +0200] "GET /wximages/wxwidgets02-small.png HTTP/1.1" 200 12468 "http://wiki.wxwidgets.org/wiki.pl?Compiling_WxWidgets" "Mozilla/5.0 (X11; U; Linux i686; en-US; rv:1.7.8) Gecko/20050525 Firefox/1.0.4"
82.133.79.63 - - [19/Jun/2005:19:24:43 +0200] "GET /favicon.ico HTTP/1.1" 200 3262 "-" "Mozilla/5.0 (X11; U; Linux i686; en-US; rv:1.7.8) Gecko/20050525 Firefox/1.0.4"
83.29.255.127 - - [19/Jun/2005:19:24:55 +0200] "GET /wiki.pl?WxWidgets_Bounties HTTP/1.1" 200 8873 "http://www.wxwidgets.org/toolbar.htm" "Mozilla/5.0 (Windows; U; Windows NT 5.0; en-US; rv:1.7.8) Gecko/20050511 Firefox/1.0.4"
83.29.255.127 - - [19/Jun/2005:19:24:55 +0200] "GET /wxwiki.css HTTP/1.1" 200 1540 "http://wiki.wxwidgets.org/wiki.pl?WxWidgets_Bounties" "Mozilla/5.0 (Windows; U; Windows NT 5.0; en-US; rv:1.7.8) Gecko/20050511 Firefox/1.0.4"
83.29.255.127 - - [19/Jun/2005:19:24:55 +0200] "GET /wximages/wxwidgets02-small.png HTTP/1.1" 200 12468 "http://wiki.wxwidgets.org/wiki.pl?WxWidgets_Bounties" "Mozilla/5.0 (Windows; U; Windows NT 5.0; en-US; rv:1.7.8) Gecko/20050511 Firefox/1.0.4"
83.29.255.127 - - [19/Jun/2005:19:24:56 +0200] "GET /favicon.ico HTTP/1.1" 200 3262 "-" "Mozilla/5.0 (Windows; U; Windows NT 5.0; en-US; rv:1.7.8) Gecko/20050511 Firefox/1.0.4"
82.133.79.63 - - [19/Jun/2005:19:25:49 +0200] "GET /wiki.pl?Cross-Compiling_Under_Linux HTTP/1.1" 200 8213 "http://wiki.wxwidgets.org/wiki.pl?Compiling_WxWidgets" "Mozilla/5.0 (X11; U; Linux i686; en-US; rv:1.7.8) Gecko/20050525 Firefox/1.0.4"
61.173.57.161 - - [19/Jun/2005:19:26:48 +0200] "GET /wximages/wxwidgets02-small.png HTTP/1.1" 200 12468 "http://blog.vckbase.com/bastet/" "Mozilla/4.0 (compatible; MSIE 6.0; Windows NT 5.1; Maxthon)"
83.29.255.127 - - [19/Jun/2005:19:26:54 +0200] "GET /wiki.pl?WxWidgets_Vacancies HTTP/1.1" 200 3602 "http://www.wxwidgets.org/toolbar.htm" "Mozilla/5.0 (Windows; U; Windows NT 5.0; en-US; rv:1.7.8) Gecko/20050511 Firefox/1.0.4"
84.186.54.248 - - [19/Jun/2005:19:26:55 +0200] "GET /wxwiki.css HTTP/1.1" 200 1540 "http://wiki.wxwidgets.org/wiki.pl?Table_Of_Contents" "Mozilla/5.0 (Windows; U; Windows NT 5.2; en-US; rv:1.7.8) Gecko/20050516 Firefox/1.0.4 (MOOX M1)"
84.186.54.248 - - [19/Jun/2005:19:26:56 +0200] "GET /wximages/wxwidgets02-small.png HTTP/1.1" 200 12468 "http://wiki.wxwidgets.org/wiki.pl?Table_Of_Contents" "Mozilla/5.0 (Windows; U; Windows NT 5.2; en-US; rv:1.7.8) Gecko/20050516 Firefox/1.0.4 (MOOX M1)"
84.186.54.248 - - [19/Jun/2005:19:26:56 +0200] "GET /wiki.pl?Table_Of_Contents HTTP/1.1" 200 26242 "http://www.google.de/search?hl=de&q=wxwiki&btnG=Suche&meta=" "Mozilla/5.0 (Windows; U; Windows NT 5.2; en-US; rv:1.7.8) Gecko/20050516 Firefox/1.0.4 (MOOX M1)"
84.186.54.248 - - [19/Jun/2005:19:26:57 +0200] "GET /favicon.ico HTTP/1.1" 200 3262 "-" "Mozilla/5.0 (Windows; U; Windows NT 5.2; en-US; rv:1.7.8) Gecko/20050516 Firefox/1.0.4 (MOOX M1)"
61.187.158.126 - - [19/Jun/2005:19:27:15 +0200] "GET /wximages/wxwidgets02-small.png HTTP/1.1" 200 12468 "http://blog.vckbase.com/bastet/" "Mozilla/4.0 (compatible; MSIE 6.0; Windows NT 5.1; SV1)"
84.186.54.248 - - [19/Jun/2005:19:27:18 +0200] "GET /wiki.pl?WxWidgets_For_MFC_Programmers HTTP/1.1" 200 12586 "http://wiki.wxwidgets.org/wiki.pl?Table_Of_Contents" "Mozilla/5.0 (Windows; U; Windows NT 5.2; en-US; rv:1.7.8) Gecko/20050516 Firefox/1.0.4 (MOOX M1)"
84.186.54.248 - - [19/Jun/2005:19:27:46 +0200] "GET /wiki.pl?Creating_A_DLL_Of_An_Application HTTP/1.1" 200 4924 "http://wiki.wxwidgets.org/wiki.pl?Table_Of_Contents" "Mozilla/5.0 (Windows; U; Windows NT 5.2; en-US; rv:1.7.8) Gecko/20050516 Firefox/1.0.4 (MOOX M1)"
218.84.207.13 - - [19/Jun/2005:19:31:02 +0200] "GET /wximages/wxwidgets02-small.png HTTP/1.1" 200 12468 "http://blog.vckbase.com/bastet/" "Mozilla/4.0 (compatible; MSIE 6.0; Windows NT 5.0)"
59.58.113.87 - - [19/Jun/2005:19:32:41 +0200] "GET /wximages/wxwidgets02-small.png HTTP/1.1" 200 12468 "http://blog.vckbase.com/bastet/" "Mozilla/4.0 (compatible; MSIE 6.0; Windows NT 5.1; Poco 0.31)"
220.173.251.124 - - [19/Jun/2005:19:34:09 +0200] "GET /wximages/wxwidgets02-small.png HTTP/1.1" 200 12468 "http://blog.vckbase.com/bastet/" "Mozilla/4.0 (compatible; MSIE 6.0; Windows NT 5.1; SV1)"
66.249.64.28 - - [19/Jun/2005:19:37:10 +0200] "GET /robots.txt HTTP/1.0" 200 138 "-" "Googlebot/2.1 (+http://www.google.com/bot.html)"
66.249.64.28 - - [19/Jun/2005:19:37:11 +0200] "GET /wiki.pl?back=/WxWinCE HTTP/1.0" 200 1912 "-" "Googlebot/2.1 (+http://www.google.com/bot.html)"
221.224.37.190 - - [19/Jun/2005:19:37:13 +0200] "GET /wximages/wxwidgets02-small.png HTTP/1.1" 200 12468 "http://blog.vckbase.com/bastet/" "Mozilla/4.0 (compatible; MSIE 6.0; Windows NT 5.2; .NET CLR 1.1.4322)"
68.202.46.12 - - [19/Jun/2005:19:38:57 +0200] "GET /wiki.pl?Eclipse HTTP/1.1" 200 5724 "http://www.google.com/search?sourceid=navclient&ie=UTF-8&rls=GGLC,GGLC:1969-53,GGLC:en&q=wxwidgets+eclipse" "Mozilla/4.0 (compatible; MSIE 6.0; Windows NT 5.1; SV1; .NET CLR 1.0.3705; .NET CLR 1.1.4322)"
68.202.46.12 - - [19/Jun/2005:19:38:57 +0200] "GET /wximages/wxwidgets02-small.png HTTP/1.1" 200 12468 "http://wiki.wxwidgets.org/wiki.pl?Eclipse" "Mozilla/4.0 (compatible; MSIE 6.0; Windows NT 5.1; SV1; .NET CLR 1.0.3705; .NET CLR 1.1.4322)"
68.202.46.12 - - [19/Jun/2005:19:38:57 +0200] "GET /wxwiki.css HTTP/1.1" 200 1540 "http://wiki.wxwidgets.org/wiki.pl?Eclipse" "Mozilla/4.0 (compatible; MSIE 6.0; Windows NT 5.1; SV1; .NET CLR 1.0.3705; .NET CLR 1.1.4322)"
68.202.46.12 - - [19/Jun/2005:19:38:58 +0200] "GET /favicon.ico HTTP/1.1" 200 3262 "-" "-"
68.202.46.12 - - [19/Jun/2005:19:39:50 +0200] "GET /wiki.pl?Installing_WxWin_MinGW HTTP/1.1" 200 6219 "http://wiki.wxwidgets.org/wiki.pl?Eclipse" "Mozilla/4.0 (compatible; MSIE 6.0; Windows NT 5.1; SV1; .NET CLR 1.0.3705; .NET CLR 1.1.4322)"
68.202.46.12 - - [19/Jun/2005:19:39:50 +0200] "GET /wxwiki.css HTTP/1.1" 304 - "http://wiki.wxwidgets.org/wiki.pl?Installing_WxWin_MinGW" "Mozilla/4.0 (compatible; MSIE 6.0; Windows NT 5.1; SV1; .NET CLR 1.0.3705; .NET CLR 1.1.4322)"
68.202.46.12 - - [19/Jun/2005:19:39:50 +0200] "GET /wximages/wxwidgets02-small.png HTTP/1.1" 304 - "http://wiki.wxwidgets.org/wiki.pl?Installing_WxWin_MinGW" "Mozilla/4.0 (compatible; MSIE 6.0; Windows NT 5.1; SV1; .NET CLR 1.0.3705; .NET CLR 1.1.4322)"
66.93.12.252 - - [19/Jun/2005:19:40:54 +0200] "GET / HTTP/1.1" 200 3381 "http://www.wxwidgets.org/docs.htm" "Mozilla/5.0 (X11; U; Linux i686; en-US; rv:1.7.8) Gecko/20050517 Firefox/1.0.4 (Debian package 1.0.4-2)"
66.93.12.252 - - [19/Jun/2005:19:41:00 +0200] "GET /wiki.pl?Table_Of_Contents HTTP/1.1" 200 26242 "http://wiki.wxwidgets.org/" "Mozilla/5.0 (X11; U; Linux i686; en-US; rv:1.7.8) Gecko/20050517 Firefox/1.0.4 (Debian package 1.0.4-2)"
220.168.220.65 - - [19/Jun/2005:19:41:16 +0200] "GET /wximages/wxwidgets02-small.png HTTP/1.1" 200 12468 "http://blog.vckbase.com/bastet/" "Mozilla/4.0 (compatible; MSIE 6.0; Windows NT 5.1; SV1)"
66.93.12.252 - - [19/Jun/2005:19:42:11 +0200] "GET /wiki.pl?Writing_Your_First_Application HTTP/1.1" 200 3109 "http://wiki.wxwidgets.org/wiki.pl?Table_Of_Contents" "Mozilla/5.0 (X11; U; Linux i686; en-US; rv:1.7.8) Gecko/20050517 Firefox/1.0.4 (Debian package 1.0.4-2)"
66.93.12.252 - - [19/Jun/2005:19:42:23 +0200] "GET /wiki.pl?WxSizer HTTP/1.1" 200 9898 "http://wiki.wxwidgets.org/wiki.pl?Writing_Your_First_Application" "Mozilla/5.0 (X11; U; Linux i686; en-US; rv:1.7.8) Gecko/20050517 Firefox/1.0.4 (Debian package 1.0.4-2)"
219.155.29.156 - - [19/Jun/2005:19:42:33 +0200] "GET /wximages/wxwidgets02-small.png HTTP/1.1" 200 12468 "http://blog.vckbase.com/bastet/" "Mozilla/4.0 (compatible; MSIE 6.0; Windows NT 5.1; MyIE2; SV1)"
68.202.46.12 - - [19/Jun/2005:19:43:29 +0200] "GET /wiki.pl?Table_Of_Contents HTTP/1.1" 200 26242 "http://www.google.com/search?sourceid=navclient&ie=UTF-8&rls=GGLC,GGLC:1969-53,GGLC:en&q=wxwidgets+eclipse" "Mozilla/4.0 (compatible; MSIE 6.0; Windows NT 5.1; SV1; .NET CLR 1.0.3705; .NET CLR 1.1.4322)"
68.202.46.12 - - [19/Jun/2005:19:43:29 +0200] "GET /wxwiki.css HTTP/1.1" 304 - "http://wiki.wxwidgets.org/wiki.pl?Table_Of_Contents" "Mozilla/4.0 (compatible; MSIE 6.0; Windows NT 5.1; SV1; .NET CLR 1.0.3705; .NET CLR 1.1.4322)"
68.202.46.12 - - [19/Jun/2005:19:43:29 +0200] "GET /wximages/wxwidgets02-small.png HTTP/1.1" 304 - "http://wiki.wxwidgets.org/wiki.pl?Table_Of_Contents" "Mozilla/4.0 (compatible; MSIE 6.0; Windows NT 5.1; SV1; .NET CLR 1.0.3705; .NET CLR 1.1.4322)"
68.202.46.12 - - [19/Jun/2005:19:43:38 +0200] "GET /wiki.pl?Eclipse HTTP/1.1" 200 5724 "http://wiki.wxwidgets.org/wiki.pl?Table_Of_Contents" "Mozilla/4.0 (compatible; MSIE 6.0; Windows NT 5.1; SV1; .NET CLR 1.0.3705; .NET CLR 1.1.4322)"
68.202.46.12 - - [19/Jun/2005:19:43:38 +0200] "GET /wxwiki.css HTTP/1.1" 304 - "http://wiki.wxwidgets.org/wiki.pl?Eclipse" "Mozilla/4.0 (compatible; MSIE 6.0; Windows NT 5.1; SV1; .NET CLR 1.0.3705; .NET CLR 1.1.4322)"
68.202.46.12 - - [19/Jun/2005:19:43:38 +0200] "GET /wximages/wxwidgets02-small.png HTTP/1.1" 304 - "http://wiki.wxwidgets.org/wiki.pl?Eclipse" "Mozilla/4.0 (compatible; MSIE 6.0; Windows NT 5.1; SV1; .NET CLR 1.0.3705; .NET CLR 1.1.4322)"
68.202.46.12 - - [19/Jun/2005:19:43:43 +0200] "GET /wiki.pl?Installing_WxWin_MinGW HTTP/1.1" 200 6219 "http://wiki.wxwidgets.org/wiki.pl?Eclipse" "Mozilla/4.0 (compatible; MSIE 6.0; Windows NT 5.1; SV1; .NET CLR 1.0.3705; .NET CLR 1.1.4322)"
68.202.46.12 - - [19/Jun/2005:19:43:43 +0200] "GET /wxwiki.css HTTP/1.1" 304 - "http://wiki.wxwidgets.org/wiki.pl?Installing_WxWin_MinGW" "Mozilla/4.0 (compatible; MSIE 6.0; Windows NT 5.1; SV1; .NET CLR 1.0.3705; .NET CLR 1.1.4322)"
68.202.46.12 - - [19/Jun/2005:19:43:43 +0200] "GET /wximages/wxwidgets02-small.png HTTP/1.1" 304 - "http://wiki.wxwidgets.org/wiki.pl?Installing_WxWin_MinGW" "Mozilla/4.0 (compatible; MSIE 6.0; Windows NT 5.1; SV1; .NET CLR 1.0.3705; .NET CLR 1.1.4322)"
220.249.208.173 - - [19/Jun/2005:19:45:14 +0200] "GET /wximages/wxwidgets02-small.png HTTP/1.1" 200 12367 "http://blog.vckbase.com/bastet/" "Mozilla/4.0 (compatible; MSIE 6.0; Windows NT 5.1; .NET CLR 1.0.3705)"
218.69.218.73 - - [19/Jun/2005:19:45:16 +0200] "GET /wximages/wxwidgets02-small.png HTTP/1.1" 200 12468 "http://blog.vckbase.com/bastet/" "Mozilla/4.0 (compatible; MSIE 6.0; Windows NT 5.1; SV1; Media Center PC 3.0; .NET CLR 1.0.3705)"
66.93.12.252 - - [19/Jun/2005:19:48:22 +0200] "GET /wiki.pl?WxWiki HTTP/1.1" 200 3381 "-" "Mozilla/5.0 (X11; U; Linux i686; en-US; rv:1.7.8) Gecko/20050517 Firefox/1.0.4 (Debian package 1.0.4-2)"
218.14.27.31 - - [19/Jun/2005:19:48:24 +0200] "GET /wximages/wxwidgets02-small.png HTTP/1.1" 200 12468 "http://blog.vckbase.com/bastet/" "Mozilla/4.0 (compatible; MSIE 6.0; Windows NT 5.0; Maxthon)"
68.186.204.75 - - [19/Jun/2005:19:49:28 +0200] "GET /wiki.pl?WxWidgets_Bounties HTTP/1.1" 200 8873 "http://lists.wxwidgets.org/cgi-bin/ezmlm-cgi?11:mss:40143:200506:gbichakjojgiggmmmipa" "Mozilla/5.0 (Windows; U; Windows NT 5.1; en-US; rv:1.7.8) Gecko/20050516 Firefox/1.0.4 (MOOX M3)"
68.186.204.75 - - [19/Jun/2005:19:49:28 +0200] "GET /wxwiki.css HTTP/1.1" 200 1540 "http://wiki.wxwidgets.org/wiki.pl?WxWidgets_Bounties" "Mozilla/5.0 (Windows; U; Windows NT 5.1; en-US; rv:1.7.8) Gecko/20050516 Firefox/1.0.4 (MOOX M3)"
68.186.204.75 - - [19/Jun/2005:19:49:28 +0200] "GET /wximages/wxwidgets02-small.png HTTP/1.1" 200 12468 "http://wiki.wxwidgets.org/wiki.pl?WxWidgets_Bounties" "Mozilla/5.0 (Windows; U; Windows NT 5.1; en-US; rv:1.7.8) Gecko/20050516 Firefox/1.0.4 (MOOX M3)"
68.186.204.75 - - [19/Jun/2005:19:49:29 +0200] "GET /favicon.ico HTTP/1.1" 200 3262 "-" "Mozilla/5.0 (Windows; U; Windows NT 5.1; en-US; rv:1.7.8) Gecko/20050516 Firefox/1.0.4 (MOOX M3)"
61.235.91.183 - - [19/Jun/2005:19:51:49 +0200] "GET /wximages/wxwidgets02-small.png HTTP/1.1" 200 12468 "http://blog.vckbase.com/bastet/" "Mozilla/4.0 (compatible; MSIE 6.0; Windows NT 5.1; SV1; Maxthon)"
219.140.85.48 - - [19/Jun/2005:19:52:03 +0200] "GET /wximages/wxwidgets02-small.png HTTP/1.1" 200 12468 "http://blog.vckbase.com/bastet" "Mozilla/4.0 (compatible; MSIE 6.0; Windows NT 5.1; SV1; .NET CLR 1.1.4322)"
132.204.219.5 - - [19/Jun/2005:19:53:29 +0200] "GET /wiki.pl?MSVC_.NET_Setup_Guide HTTP/1.0" 200 12547 "http://www.google.ca/search?hl=fr&q=define+_CRT_SECURE_NO_DEPRECATE+&meta=" "Mozilla/4.0 (compatible; MSIE 6.0; Windows NT 5.1; SV1; (R1 1.5); .NET CLR 2.0.50215)"
132.204.219.5 - - [19/Jun/2005:19:53:29 +0200] "GET /wxwiki.css HTTP/1.0" 200 1540 "http://wiki.wxwidgets.org/wiki.pl?MSVC_.NET_Setup_Guide" "Mozilla/4.0 (compatible; MSIE 6.0; Windows NT 5.1; SV1; (R1 1.5); .NET CLR 2.0.50215)"
132.204.219.5 - - [19/Jun/2005:19:53:29 +0200] "GET /wximages/wxwidgets02-small.png HTTP/1.0" 200 12468 "http://wiki.wxwidgets.org/wiki.pl?MSVC_.NET_Setup_Guide" "Mozilla/4.0 (compatible; MSIE 6.0; Windows NT 5.1; SV1; (R1 1.5); .NET CLR 2.0.50215)"
68.186.204.75 - - [19/Jun/2005:19:53:42 +0200] "GET /wiki.pl?action=editprefs HTTP/1.1" 200 4431 "http://wiki.wxwidgets.org/wiki.pl?WxWidgets_Bounties" "Mozilla/5.0 (Windows; U; Windows NT 5.1; en-US; rv:1.7.8) Gecko/20050516 Firefox/1.0.4 (MOOX M3)"
218.88.151.115 - - [19/Jun/2005:19:53:51 +0200] "GET /wximages/wxwidgets02-small.png HTTP/1.1" 200 12468 "http://blog.vckbase.com/bastet/" "Mozilla/4.0 (compatible; MSIE 6.0; Windows NT 5.1; SV1)"
68.202.46.12 - - [19/Jun/2005:19:54:04 +0200] "GET /wiki.pl?Eclipse HTTP/1.1" 200 5724 "http://wiki.wxwidgets.org/wiki.pl?Table_Of_Contents" "Mozilla/4.0 (compatible; MSIE 6.0; Windows NT 5.1; SV1; .NET CLR 1.0.3705; .NET CLR 1.1.4322)"
68.202.46.12 - - [19/Jun/2005:19:54:04 +0200] "GET /wximages/wxwidgets02-small.png HTTP/1.1" 304 - "http://wiki.wxwidgets.org/wiki.pl?Eclipse" "Mozilla/4.0 (compatible; MSIE 6.0; Windows NT 5.1; SV1; .NET CLR 1.0.3705; .NET CLR 1.1.4322)"
68.202.46.12 - - [19/Jun/2005:19:54:04 +0200] "GET /wxwiki.css HTTP/1.1" 304 - "http://wiki.wxwidgets.org/wiki.pl?Eclipse" "Mozilla/4.0 (compatible; MSIE 6.0; Windows NT 5.1; SV1; .NET CLR 1.0.3705; .NET CLR 1.1.4322)"
68.202.46.12 - - [19/Jun/2005:19:54:12 +0200] "GET /wiki.pl?Table_Of_Contents HTTP/1.1" 200 26242 "http://www.google.com/search?sourceid=navclient&ie=UTF-8&rls=GGLC,GGLC:1969-53,GGLC:en&q=wxwidgets+eclipse" "Mozilla/4.0 (compatible; MSIE 6.0; Windows NT 5.1; SV1; .NET CLR 1.0.3705; .NET CLR 1.1.4322)"
68.202.46.12 - - [19/Jun/2005:19:55:12 +0200] "GET /wiki.pl?Programs_That_Support_Plugins HTTP/1.1" 200 3418 "http://wiki.wxwidgets.org/wiki.pl?Table_Of_Contents" "Mozilla/4.0 (compatible; MSIE 6.0; Windows NT 5.1; SV1; .NET CLR 1.0.3705; .NET CLR 1.1.4322)"
68.202.46.12 - - [19/Jun/2005:19:55:12 +0200] "GET /wxwiki.css HTTP/1.1" 304 - "http://wiki.wxwidgets.org/wiki.pl?Programs_That_Support_Plugins" "Mozilla/4.0 (compatible; MSIE 6.0; Windows NT 5.1; SV1; .NET CLR 1.0.3705; .NET CLR 1.1.4322)"
68.202.46.12 - - [19/Jun/2005:19:55:13 +0200] "GET /wximages/wxwidgets02-small.png HTTP/1.1" 304 - "http://wiki.wxwidgets.org/wiki.pl?Programs_That_Support_Plugins" "Mozilla/4.0 (compatible; MSIE 6.0; Windows NT 5.1; SV1; .NET CLR 1.0.3705; .NET CLR 1.1.4322)"
219.134.236.67 - - [19/Jun/2005:19:58:51 +0200] "GET /wximages/wxwidgets02-small.png HTTP/1.1" 200 12468 "http://blog.vckbase.com/bastet/" "Mozilla/4.0 (compatible; MSIE 6.0; Windows NT 5.1)"
219.138.62.19 - - [19/Jun/2005:19:59:24 +0200] "GET /wximages/wxwidgets02-small.png HTTP/1.1" 200 12468 "http://blog.vckbase.com/bastet/" "Mozilla/4.0 (compatible; MSIE 6.0; Windows NT 5.1; SV1)"
61.144.83.218 - - [19/Jun/2005:19:59:34 +0200] "GET /wximages/wxwidgets02-small.png HTTP/1.1" 200 12468 "http://blog.vckbase.com/bastet/" "Mozilla/4.0 (compatible; MSIE 6.0; Windows NT 5.1; Maxthon; iebar; (R1 1.3))"
68.202.46.12 - - [19/Jun/2005:20:00:41 +0200] "GET /wiki.pl?Programs_That_Support_Plugins HTTP/1.1" 200 3418 "http://wiki.wxwidgets.org/wiki.pl?Table_Of_Contents" "Mozilla/4.0 (compatible; MSIE 6.0; Windows NT 5.1; SV1; .NET CLR 1.0.3705; .NET CLR 1.1.4322)"
68.202.46.12 - - [19/Jun/2005:20:00:41 +0200] "GET /wxwiki.css HTTP/1.1" 304 - "http://wiki.wxwidgets.org/wiki.pl?Programs_That_Support_Plugins" "Mozilla/4.0 (compatible; MSIE 6.0; Windows NT 5.1; SV1; .NET CLR 1.0.3705; .NET CLR 1.1.4322)"
68.202.46.12 - - [19/Jun/2005:20:00:41 +0200] "GET /wximages/wxwidgets02-small.png HTTP/1.1" 304 - "http://wiki.wxwidgets.org/wiki.pl?Programs_That_Support_Plugins" "Mozilla/4.0 (compatible; MSIE 6.0; Windows NT 5.1; SV1; .NET CLR 1.0.3705; .NET CLR 1.1.4322)"
68.202.46.12 - - [19/Jun/2005:20:00:47 +0200] "GET /wiki.pl?Table_Of_Contents HTTP/1.1" 200 26242 "http://www.google.com/search?sourceid=navclient&ie=UTF-8&rls=GGLC,GGLC:1969-53,GGLC:en&q=wxwidgets+eclipse" "Mozilla/4.0 (compatible; MSIE 6.0; Windows NT 5.1; SV1; .NET CLR 1.0.3705; .NET CLR 1.1.4322)"
68.202.46.12 - - [19/Jun/2005:20:01:18 +0200] "GET /wiki.pl?WxActiveX HTTP/1.1" 200 2179 "http://wiki.wxwidgets.org/wiki.pl?Table_Of_Contents" "Mozilla/4.0 (compatible; MSIE 6.0; Windows NT 5.1; SV1; .NET CLR 1.0.3705; .NET CLR 1.1.4322)"
68.202.46.12 - - [19/Jun/2005:20:01:19 +0200] "GET /wximages/wxwidgets02-small.png HTTP/1.1" 304 - "http://wiki.wxwidgets.org/wiki.pl?WxActiveX" "Mozilla/4.0 (compatible; MSIE 6.0; Windows NT 5.1; SV1; .NET CLR 1.0.3705; .NET CLR 1.1.4322)"
68.202.46.12 - - [19/Jun/2005:20:01:19 +0200] "GET /wxwiki.css HTTP/1.1" 304 - "http://wiki.wxwidgets.org/wiki.pl?WxActiveX" "Mozilla/4.0 (compatible; MSIE 6.0; Windows NT 5.1; SV1; .NET CLR 1.0.3705; .NET CLR 1.1.4322)"
213.250.79.170 - - [19/Jun/2005:20:01:38 +0200] "GET / HTTP/1.1" 200 3381 "http://www.wxwidgets.org/docs.htm" "Mozilla/5.0 (Windows; U; Windows NT 5.1; fi-FI; rv:1.7.8) Gecko/20050511 Firefox/1.0.4"
213.250.79.170 - - [19/Jun/2005:20:01:38 +0200] "GET /wxwiki.css HTTP/1.1" 200 1540 "http://wiki.wxwidgets.org/" "Mozilla/5.0 (Windows; U; Windows NT 5.1; fi-FI; rv:1.7.8) Gecko/20050511 Firefox/1.0.4"
213.250.79.170 - - [19/Jun/2005:20:01:38 +0200] "GET /wximages/wxwidgets02-small.png HTTP/1.1" 200 12468 "http://wiki.wxwidgets.org/" "Mozilla/5.0 (Windows; U; Windows NT 5.1; fi-FI; rv:1.7.8) Gecko/20050511 Firefox/1.0.4"
213.250.79.170 - - [19/Jun/2005:20:01:38 +0200] "GET /favicon.ico HTTP/1.1" 200 3262 "-" "Mozilla/5.0 (Windows; U; Windows NT 5.1; fi-FI; rv:1.7.8) Gecko/20050511 Firefox/1.0.4"
213.250.79.170 - - [19/Jun/2005:20:02:07 +0200] "GET /wiki.pl?Table_Of_Contents HTTP/1.1" 200 26242 "http://wiki.wxwidgets.org/" "Mozilla/5.0 (Windows; U; Windows NT 5.1; fi-FI; rv:1.7.8) Gecko/20050511 Firefox/1.0.4"
213.250.79.170 - - [19/Jun/2005:20:02:11 +0200] "GET /wiki.pl?Dev-CPP_Setup_Guide HTTP/1.1" 200 10495 "http://wiki.wxwidgets.org/wiki.pl?Table_Of_Contents" "Mozilla/5.0 (Windows; U; Windows NT 5.1; fi-FI; rv:1.7.8) Gecko/20050511 Firefox/1.0.4"
219.150.195.158 - - [19/Jun/2005:20:02:24 +0200] "GET /wximages/wxwidgets02-small.png HTTP/1.1" 200 12468 "http://blog.vckbase.com/bastet/" "Mozilla/4.0 (compatible; MSIE 6.0; Windows NT 5.0)"
68.202.46.12 - - [19/Jun/2005:20:02:28 +0200] "GET /wiki.pl?WxIRC HTTP/1.1" 200 2245 "http://wiki.wxwidgets.org/wiki.pl?Table_Of_Contents" "Mozilla/4.0 (compatible; MSIE 6.0; Windows NT 5.1; SV1; .NET CLR 1.0.3705; .NET CLR 1.1.4322)"
68.202.46.12 - - [19/Jun/2005:20:02:28 +0200] "GET /wximages/wxwidgets02-small.png HTTP/1.1" 304 - "http://wiki.wxwidgets.org/wiki.pl?WxIRC" "Mozilla/4.0 (compatible; MSIE 6.0; Windows NT 5.1; SV1; .NET CLR 1.0.3705; .NET CLR 1.1.4322)"
68.202.46.12 - - [19/Jun/2005:20:02:28 +0200] "GET /wxwiki.css HTTP/1.1" 304 - "http://wiki.wxwidgets.org/wiki.pl?WxIRC" "Mozilla/4.0 (compatible; MSIE 6.0; Windows NT 5.1; SV1; .NET CLR 1.0.3705; .NET CLR 1.1.4322)"
61.49.109.137 - - [19/Jun/2005:20:02:37 +0200] "GET /wximages/wxwidgets02-small.png HTTP/1.1" 200 12468 "http://blog.vckbase.com/bastet/" "Mozilla/4.0 (compatible; MSIE 6.0; Windows NT 5.1; SV1)"
68.202.46.12 - - [19/Jun/2005:20:02:45 +0200] "GET /wiki.pl?WxPlotWindow HTTP/1.1" 200 2377 "http://wiki.wxwidgets.org/wiki.pl?Table_Of_Contents" "Mozilla/4.0 (compatible; MSIE 6.0; Windows NT 5.1; SV1; .NET CLR 1.0.3705; .NET CLR 1.1.4322)"
68.202.46.12 - - [19/Jun/2005:20:02:45 +0200] "GET /wximages/wxwidgets02-small.png HTTP/1.1" 304 - "http://wiki.wxwidgets.org/wiki.pl?WxPlotWindow" "Mozilla/4.0 (compatible; MSIE 6.0; Windows NT 5.1; SV1; .NET CLR 1.0.3705; .NET CLR 1.1.4322)"
68.202.46.12 - - [19/Jun/2005:20:02:45 +0200] "GET /wxwiki.css HTTP/1.1" 304 - "http://wiki.wxwidgets.org/wiki.pl?WxPlotWindow" "Mozilla/4.0 (compatible; MSIE 6.0; Windows NT 5.1; SV1; .NET CLR 1.0.3705; .NET CLR 1.1.4322)"
68.202.46.12 - - [19/Jun/2005:20:03:10 +0200] "GET /wiki.pl?WxSMTP HTTP/1.1" 200 5544 "http://wiki.wxwidgets.org/wiki.pl?Table_Of_Contents" "Mozilla/4.0 (compatible; MSIE 6.0; Windows NT 5.1; SV1; .NET CLR 1.0.3705; .NET CLR 1.1.4322)"
68.202.46.12 - - [19/Jun/2005:20:03:11 +0200] "GET /wxwiki.css HTTP/1.1" 304 - "http://wiki.wxwidgets.org/wiki.pl?WxSMTP" "Mozilla/4.0 (compatible; MSIE 6.0; Windows NT 5.1; SV1; .NET CLR 1.0.3705; .NET CLR 1.1.4322)"
68.202.46.12 - - [19/Jun/2005:20:03:11 +0200] "GET /wximages/wxwidgets02-small.png HTTP/1.1" 304 - "http://wiki.wxwidgets.org/wiki.pl?WxSMTP" "Mozilla/4.0 (compatible; MSIE 6.0; Windows NT 5.1; SV1; .NET CLR 1.0.3705; .NET CLR 1.1.4322)"
213.250.79.170 - - [19/Jun/2005:20:03:35 +0200] "GET /wiki.pl?Writing_Your_First_Application HTTP/1.1" 200 3109 "http://wiki.wxwidgets.org/wiki.pl?Table_Of_Contents" "Mozilla/5.0 (Windows; U; Windows NT 5.1; fi-FI; rv:1.7.8) Gecko/20050511 Firefox/1.0.4"
213.250.79.170 - - [19/Jun/2005:20:03:38 +0200] "GET /wiki.pl?Hello_World HTTP/1.1" 200 5425 "http://wiki.wxwidgets.org/wiki.pl?Writing_Your_First_Application" "Mozilla/5.0 (Windows; U; Windows NT 5.1; fi-FI; rv:1.7.8) Gecko/20050511 Firefox/1.0.4"
64.81.73.172 - - [19/Jun/2005:20:03:48 +0200] "GET /wiki.pl?DDD_(Data_Display_Debugger) HTTP/1.1" 200 6240 "-" "Mozilla/5.0 (X11; U; Linux i686; en-US; rv:1.7.8) Gecko/20050610 Firefox/1.0.4 (Debian package 1.0.4-3)"
64.81.73.172 - - [19/Jun/2005:20:03:48 +0200] "GET /wxwiki.css HTTP/1.1" 200 1540 "http://wiki.wxwidgets.org/wiki.pl?DDD_(Data_Display_Debugger)" "Mozilla/5.0 (X11; U; Linux i686; en-US; rv:1.7.8) Gecko/20050610 Firefox/1.0.4 (Debian package 1.0.4-3)"
64.81.73.172 - - [19/Jun/2005:20:03:49 +0200] "GET /wximages/wxwidgets02-small.png HTTP/1.1" 200 12468 "http://wiki.wxwidgets.org/wiki.pl?DDD_(Data_Display_Debugger)" "Mozilla/5.0 (X11; U; Linux i686; en-US; rv:1.7.8) Gecko/20050610 Firefox/1.0.4 (Debian package 1.0.4-3)"
68.202.46.12 - - [19/Jun/2005:20:03:49 +0200] "GET /wiki.pl?WxMozilla HTTP/1.1" 200 2239 "http://wiki.wxwidgets.org/wiki.pl?Table_Of_Contents" "Mozilla/4.0 (compatible; MSIE 6.0; Windows NT 5.1; SV1; .NET CLR 1.0.3705; .NET CLR 1.1.4322)"
68.202.46.12 - - [19/Jun/2005:20:03:49 +0200] "GET /wximages/wxwidgets02-small.png HTTP/1.1" 304 - "http://wiki.wxwidgets.org/wiki.pl?WxMozilla" "Mozilla/4.0 (compatible; MSIE 6.0; Windows NT 5.1; SV1; .NET CLR 1.0.3705; .NET CLR 1.1.4322)"
68.202.46.12 - - [19/Jun/2005:20:03:49 +0200] "GET /wxwiki.css HTTP/1.1" 304 - "http://wiki.wxwidgets.org/wiki.pl?WxMozilla" "Mozilla/4.0 (compatible; MSIE 6.0; Windows NT 5.1; SV1; .NET CLR 1.0.3705; .NET CLR 1.1.4322)"
64.81.73.172 - - [19/Jun/2005:20:03:49 +0200] "GET /favicon.ico HTTP/1.1" 200 3262 "-" "Mozilla/5.0 (X11; U; Linux i686; en-US; rv:1.7.8) Gecko/20050610 Firefox/1.0.4 (Debian package 1.0.4-3)"
80.220.95.199 - - [19/Jun/2005:20:04:08 +0200] "GET / HTTP/1.1" 200 3381 "http://www.wxwidgets.org/docs.htm" "Mozilla/5.0 (Windows; U; Windows NT 5.1; en-US; rv:1.7.8) Gecko/20050511 Firefox/1.0.4"
80.220.95.199 - - [19/Jun/2005:20:04:09 +0200] "GET /wxwiki.css HTTP/1.1" 200 1540 "http://wiki.wxwidgets.org/" "Mozilla/5.0 (Windows; U; Windows NT 5.1; en-US; rv:1.7.8) Gecko/20050511 Firefox/1.0.4"
80.220.95.199 - - [19/Jun/2005:20:04:09 +0200] "GET /wximages/wxwidgets02-small.png HTTP/1.1" 200 12468 "http://wiki.wxwidgets.org/" "Mozilla/5.0 (Windows; U; Windows NT 5.1; en-US; rv:1.7.8) Gecko/20050511 Firefox/1.0.4"
80.220.95.199 - - [19/Jun/2005:20:04:09 +0200] "GET /favicon.ico HTTP/1.1" 200 3262 "-" "Mozilla/5.0 (Windows; U; Windows NT 5.1; en-US; rv:1.7.8) Gecko/20050511 Firefox/1.0.4"
80.220.95.199 - - [19/Jun/2005:20:04:10 +0200] "GET /wiki.pl?Table_Of_Contents HTTP/1.1" 200 26242 "http://wiki.wxwidgets.org/" "Mozilla/5.0 (Windows; U; Windows NT 5.1; en-US; rv:1.7.8) Gecko/20050511 Firefox/1.0.4"
80.220.95.199 - - [19/Jun/2005:20:04:17 +0200] "GET /wiki.pl?WxDC HTTP/1.1" 200 2417 "http://wiki.wxwidgets.org/wiki.pl?Table_Of_Contents" "Mozilla/5.0 (Windows; U; Windows NT 5.1; en-US; rv:1.7.8) Gecko/20050511 Firefox/1.0.4"
81.197.21.37 - - [19/Jun/2005:20:04:52 +0200] "GET /wiki.pl?MSVC HTTP/1.1" 200 1940 "-" "Mozilla/5.0 (Windows; U; Windows NT 5.0; fi-FI; rv:1.7.7) Gecko/20050414 Firefox/1.0.3"
81.197.21.37 - - [19/Jun/2005:20:04:53 +0200] "GET /wxwiki.css HTTP/1.1" 200 1540 "http://wiki.wxwidgets.org/wiki.pl?MSVC" "Mozilla/5.0 (Windows; U; Windows NT 5.0; fi-FI; rv:1.7.7) Gecko/20050414 Firefox/1.0.3"
81.197.21.37 - - [19/Jun/2005:20:04:53 +0200] "GET /wximages/wxwidgets02-small.png HTTP/1.1" 200 12468 "http://wiki.wxwidgets.org/wiki.pl?MSVC" "Mozilla/5.0 (Windows; U; Windows NT 5.0; fi-FI; rv:1.7.7) Gecko/20050414 Firefox/1.0.3"
81.197.21.37 - - [19/Jun/2005:20:04:53 +0200] "GET /favicon.ico HTTP/1.1" 200 3262 "-" "Mozilla/5.0 (Windows; U; Windows NT 5.0; fi-FI; rv:1.7.7) Gecko/20050414 Firefox/1.0.3"
80.220.95.199 - - [19/Jun/2005:20:04:59 +0200] "GET /wiki.pl?Table_Of_Contents HTTP/1.1" 200 26242 "http://wiki.wxwidgets.org/" "Mozilla/5.0 (Windows; U; Windows NT 5.1; en-US; rv:1.7.8) Gecko/20050511 Firefox/1.0.4"
81.197.21.37 - - [19/Jun/2005:20:05:00 +0200] "GET /wiki.pl?MSVC_.NET_Setup_Guide HTTP/1.1" 200 12582 "http://wiki.wxwidgets.org/wiki.pl?MSVC" "Mozilla/5.0 (Windows; U; Windows NT 5.0; fi-FI; rv:1.7.7) Gecko/20050414 Firefox/1.0.3"
68.202.46.12 - - [19/Jun/2005:20:05:22 +0200] "GET /wiki.pl?WxGoldParser HTTP/1.1" 200 2698 "http://wiki.wxwidgets.org/wiki.pl?Table_Of_Contents" "Mozilla/4.0 (compatible; MSIE 6.0; Windows NT 5.1; SV1; .NET CLR 1.0.3705; .NET CLR 1.1.4322)"
68.202.46.12 - - [19/Jun/2005:20:05:22 +0200] "GET /wxwiki.css HTTP/1.1" 304 - "http://wiki.wxwidgets.org/wiki.pl?WxGoldParser" "Mozilla/4.0 (compatible; MSIE 6.0; Windows NT 5.1; SV1; .NET CLR 1.0.3705; .NET CLR 1.1.4322)"
68.202.46.12 - - [19/Jun/2005:20:05:22 +0200] "GET /wximages/wxwidgets02-small.png HTTP/1.1" 304 - "http://wiki.wxwidgets.org/wiki.pl?WxGoldParser" "Mozilla/4.0 (compatible; MSIE 6.0; Windows NT 5.1; SV1; .NET CLR 1.0.3705; .NET CLR 1.1.4322)"
128.125.242.18 - - [19/Jun/2005:20:08:20 +0200] "GET /wxwiki.css HTTP/1.1" 200 1540 "http://wiki.wxwidgets.org/wiki.pl?Installing_WxWin_MinGW" "Mozilla/4.0 (compatible; MSIE 6.0; Windows NT 5.1; en) Opera 8.01"
128.125.242.18 - - [19/Jun/2005:20:08:20 +0200] "GET /wximages/wxwidgets02-small.png HTTP/1.1" 200 12468 "http://wiki.wxwidgets.org/wiki.pl?Installing_WxWin_MinGW" "Mozilla/4.0 (compatible; MSIE 6.0; Windows NT 5.1; en) Opera 8.01"
128.125.242.18 - - [19/Jun/2005:20:08:20 +0200] "GET /favicon.ico HTTP/1.1" 200 3262 "http://wiki.wxwidgets.org/wiki.pl?Installing_WxWin_MinGW" "Mozilla/4.0 (compatible; MSIE 6.0; Windows NT 5.1; en) Opera 8.01"
218.18.24.81 - - [19/Jun/2005:20:09:07 +0200] "GET /wximages/wxwidgets02-small.png HTTP/1.1" 200 12468 "-" "Mozilla/4.0 (compatible; MSIE 6.0; Windows NT 5.1; Maxthon; SV1)"
213.250.79.170 - - [19/Jun/2005:20:10:59 +0200] "GET /wiki.pl?Dev-CPP_Setup_Guide HTTP/1.1" 200 10495 "http://wiki.wxwidgets.org/wiki.pl?Table_Of_Contents" "Mozilla/5.0 (Windows; U; Windows NT 5.1; fi-FI; rv:1.7.8) Gecko/20050511 Firefox/1.0.4"
222.226.79.77 - - [19/Jun/2005:20:11:05 +0200] "GET / HTTP/1.1" 200 3381 "-" "Mozilla/4.0 (compatible; MSIE 6.0; Windows NT 5.1; SV1; .NET CLR 1.1.4322)"
222.226.79.77 - - [19/Jun/2005:20:11:06 +0200] "GET /wxwiki.css HTTP/1.1" 200 1540 "http://wiki.wxwidgets.org/" "Mozilla/4.0 (compatible; MSIE 6.0; Windows NT 5.1; SV1; .NET CLR 1.1.4322)"
222.226.79.77 - - [19/Jun/2005:20:11:07 +0200] "GET /wximages/wxwidgets02-small.png HTTP/1.1" 200 12468 "http://wiki.wxwidgets.org/" "Mozilla/4.0 (compatible; MSIE 6.0; Windows NT 5.1; SV1; .NET CLR 1.1.4322)"
66.93.12.252 - - [19/Jun/2005:20:13:26 +0200] "GET / HTTP/1.1" 200 3381 "http://www.wxwidgets.org/docs.htm" "Mozilla/5.0 (X11; U; Linux i686; en-US; rv:1.7.8) Gecko/20050517 Firefox/1.0.4 (Debian package 1.0.4-2)"
66.93.12.252 - - [19/Jun/2005:20:13:29 +0200] "GET /wiki.pl?Table_Of_Contents HTTP/1.1" 200 26242 "http://wiki.wxwidgets.org/" "Mozilla/5.0 (X11; U; Linux i686; en-US; rv:1.7.8) Gecko/20050517 Firefox/1.0.4 (Debian package 1.0.4-2)"
66.93.12.252 - - [19/Jun/2005:20:13:38 +0200] "GET /wiki.pl?Writing_Your_First_Application HTTP/1.1" 200 3109 "http://wiki.wxwidgets.org/wiki.pl?Table_Of_Contents" "Mozilla/5.0 (X11; U; Linux i686; en-US; rv:1.7.8) Gecko/20050517 Firefox/1.0.4 (Debian package 1.0.4-2)"
66.93.12.252 - - [19/Jun/2005:20:13:47 +0200] "GET /wiki.pl?Writing_Your_First_Application/Common_Dialogs HTTP/1.1" 200 10157 "http://wiki.wxwidgets.org/wiki.pl?Writing_Your_First_Application" "Mozilla/5.0 (X11; U; Linux i686; en-US; rv:1.7.8) Gecko/20050517 Firefox/1.0.4 (Debian package 1.0.4-2)"
213.160.37.15 - - [19/Jun/2005:20:13:54 +0200] "GET /wxwiki.css HTTP/1.1" 304 - "http://wiki.wxwidgets.org/wiki.pl?MSVC_.NET_Setup_Guide" "Mozilla/4.0 (compatible; MSIE 6.0; Windows NT 5.1) Opera 7.54 [en]"
213.160.37.15 - - [19/Jun/2005:20:13:55 +0200] "GET /favicon.ico HTTP/1.1" 304 - "http://wiki.wxwidgets.org/wiki.pl?MSVC_.NET_Setup_Guide" "Mozilla/4.0 (compatible; MSIE 6.0; Windows NT 5.1) Opera 7.54 [en]"
213.160.37.15 - - [19/Jun/2005:20:13:56 +0200] "GET /wximages/wxwidgets02-small.png HTTP/1.1" 304 - "http://wiki.wxwidgets.org/wiki.pl?MSVC_.NET_Setup_Guide" "Mozilla/4.0 (compatible; MSIE 6.0; Windows NT 5.1) Opera 7.54 [en]"
82.50.35.250 - - [19/Jun/2005:20:15:17 +0200] "GET /wiki.pl?WxWidgets_Bounties HTTP/1.1" 200 8873 "http://www.wxwidgets.org/toolbar.htm" "Mozilla/5.0 (X11; U; Linux i686; en-US; rv:1.7.7) Gecko/20050504 Fedora/1.7.7-1.1.2.legacy"
82.50.35.250 - - [19/Jun/2005:20:15:17 +0200] "GET /wxwiki.css HTTP/1.1" 200 1540 "http://wiki.wxwidgets.org/wiki.pl?WxWidgets_Bounties" "Mozilla/5.0 (X11; U; Linux i686; en-US; rv:1.7.7) Gecko/20050504 Fedora/1.7.7-1.1.2.legacy"
82.50.35.250 - - [19/Jun/2005:20:15:18 +0200] "GET /wximages/wxwidgets02-small.png HTTP/1.1" 200 12468 "http://wiki.wxwidgets.org/wiki.pl?WxWidgets_Bounties" "Mozilla/5.0 (X11; U; Linux i686; en-US; rv:1.7.7) Gecko/20050504 Fedora/1.7.7-1.1.2.legacy"
24.11.120.82 - - [19/Jun/2005:20:16:30 +0200] "GET /wiki.pl?MSVC_.NET_Setup_Guide HTTP/1.1" 200 12582 "http://wiki.wxwidgets.org/wiki.pl?MSVC" "Mozilla/5.0 (Windows; U; Windows NT 5.1; en-US; rv:1.7.8) Gecko/20050511 Firefox/1.0.4"
222.212.40.93 - - [19/Jun/2005:20:17:44 +0200] "GET /wximages/wxwidgets02-small.png HTTP/1.1" 200 12468 "http://blog.vckbase.com/bastet/" "Mozilla/4.0 (compatible; MSIE 6.0; Windows NT 5.1; SV1)"
218.19.95.140 - - [19/Jun/2005:20:17:56 +0200] "GET /wximages/wxwidgets02-small.png HTTP/1.1" 200 12468 "http://blog.vckbase.com/bastet/" "Mozilla/4.0 (compatible; MSIE 6.0; Windows NT 5.0)"
67.165.103.236 - - [19/Jun/2005:20:19:29 +0200] "GET /wiki.pl?RecentChanges HTTP/1.0" 200 11420 "-" "Mozilla/4.0 (compatible; grub-client-2.3)"
60.164.14.237 - - [19/Jun/2005:20:19:34 +0200] "GET /wximages/wxwidgets02-small.png HTTP/1.1" 200 12468 "http://blog.vckbase.com/bastet/" "Mozilla/4.0 (compatible; MSIE 6.0; Windows NT 5.1; SV1)"
220.174.250.3 - - [19/Jun/2005:20:20:20 +0200] "GET /wximages/wxwidgets02-small.png HTTP/1.1" 200 12468 "http://blog.vckbase.com/bastet/" "Mozilla/4.0 (compatible; MSIE 6.0; Windows NT 5.1)"
61.183.176.3 - - [19/Jun/2005:20:24:58 +0200] "GET /wximages/wxwidgets02-small.png HTTP/1.1" 200 12468 "http://blog.vckbase.com/bastet/" "Mozilla/4.0 (compatible; MSIE 6.0; Windows NT 5.1)"
207.46.98.84 - - [19/Jun/2005:20:25:07 +0200] "GET /wiki.pl?back=BrianHV HTTP/1.0" 200 1744 "-" "msnbot/1.0 (+http://search.msn.com/msnbot.htm)"
213.250.79.170 - - [19/Jun/2005:20:26:37 +0200] "GET /wiki.pl?Compiling_WxWidgets_With_MSYS/MinGW HTTP/1.1" 200 5269 "http://wiki.wxwidgets.org/wiki.pl?Dev-CPP_Setup_Guide" "Mozilla/5.0 (Windows; U; Windows NT 5.1; fi-FI; rv:1.7.8) Gecko/20050511 Firefox/1.0.4"
213.250.79.170 - - [19/Jun/2005:20:26:37 +0200] "GET /wxwiki.css HTTP/1.1" 200 1540 "http://wiki.wxwidgets.org/wiki.pl?Compiling_WxWidgets_With_MSYS/MinGW" "Mozilla/5.0 (Windows; U; Windows NT 5.1; fi-FI; rv:1.7.8) Gecko/20050511 Firefox/1.0.4"
61.173.229.163 - - [19/Jun/2005:20:26:48 +0200] "GET /wximages/wxwidgets02-small.png HTTP/1.1" 200 12468 "http://blog.vckbase.com/bastet/" "Mozilla/4.0 (compatible; MSIE 6.0; Windows NT 5.1)"
213.250.79.170 - - [19/Jun/2005:20:27:14 +0200] "GET /wiki.pl?Compiling_WxWidgets_With_MSYS HTTP/1.1" 200 2051 "http://wiki.wxwidgets.org/wiki.pl?Compiling_WxWidgets_With_MSYS/MinGW" "Mozilla/5.0 (Windows; U; Windows NT 5.1; fi-FI; rv:1.7.8) Gecko/20050511 Firefox/1.0.4"
218.65.235.70 - - [19/Jun/2005:20:28:22 +0200] "GET /wximages/wxwidgets02-small.png HTTP/1.1" 200 12468 "http://blog.vckbase.com/bastet/" "Mozilla/4.0 (compatible; MSIE 6.0; Windows 98)"
218.65.235.70 - - [19/Jun/2005:20:29:03 +0200] "GET /wximages/wxwidgets02-small.png HTTP/1.1" 304 - "http://blog.vckbase.com/bastet/" "Mozilla/4.0 (compatible; MSIE 6.0; Windows 98)"
85.99.197.103 - - [19/Jun/2005:20:29:39 +0200] "GET /docs.cgi?q=wxT&target=wiki HTTP/1.1" 200 251 "http://www.solidsteel.nl/users/wxwidgets/viewtopic.php?t=1447&highlight=unicode" "Mozilla/4.0 (compatible; MSIE 6.0; Windows NT 5.1)"
85.99.197.103 - - [19/Jun/2005:20:29:40 +0200] "GET /topfram2.html HTTP/1.1" 304 - "http://wiki.wxwidgets.org/docs.cgi?q=wxT&target=wiki" "Mozilla/4.0 (compatible; MSIE 6.0; Windows NT 5.1)"
85.99.197.103 - - [19/Jun/2005:20:29:40 +0200] "GET /man.cgi?q=wxt&target=wiki HTTP/1.1" 200 138 "http://wiki.wxwidgets.org/docs.cgi?q=wxT&target=wiki" "Mozilla/4.0 (compatible; MSIE 6.0; Windows NT 5.1)"
85.99.197.103 - - [19/Jun/2005:20:29:42 +0200] "GET /wiki.pl?search=wxt&dosearch=1 HTTP/1.1" 200 7968 "http://wiki.wxwidgets.org/docs.cgi?q=wxT&target=wiki" "Mozilla/4.0 (compatible; MSIE 6.0; Windows NT 5.1)"
85.99.197.103 - - [19/Jun/2005:20:29:42 +0200] "GET /wxwiki.css HTTP/1.1" 304 - "http://wiki.wxwidgets.org/wiki.pl?search=wxt&dosearch=1" "Mozilla/4.0 (compatible; MSIE 6.0; Windows NT 5.1)"
85.99.197.103 - - [19/Jun/2005:20:29:42 +0200] "GET /wximages/wxwidgets02-small.png HTTP/1.1" 304 - "http://wiki.wxwidgets.org/wiki.pl?search=wxt&dosearch=1" "Mozilla/4.0 (compatible; MSIE 6.0; Windows NT 5.1)"
86.128.214.246 - - [19/Jun/2005:20:30:16 +0200] "GET /wiki.pl?Mac_OS_X_And_Xcode_1.5_Project_Setup_Guide HTTP/1.1" 200 3989 "http://www.google.co.uk/search?hl=en&hs=9r3&client=firefox-a&rls=org.mozilla:en-US:official&q=h-game+mac&spell=1" "Mozilla/5.0 (Macintosh; U; PPC Mac OS X Mach-O; en-US; rv:1.7.6) Gecko/20050225 Firefox/1.0.1"
86.128.214.246 - - [19/Jun/2005:20:30:16 +0200] "GET /wxwiki.css HTTP/1.1" 200 1540 "http://wiki.wxwidgets.org/wiki.pl?Mac_OS_X_And_Xcode_1.5_Project_Setup_Guide" "Mozilla/5.0 (Macintosh; U; PPC Mac OS X Mach-O; en-US; rv:1.7.6) Gecko/20050225 Firefox/1.0.1"
86.128.214.246 - - [19/Jun/2005:20:30:17 +0200] "GET /wximages/wxwidgets02-small.png HTTP/1.1" 200 12468 "http://wiki.wxwidgets.org/wiki.pl?Mac_OS_X_And_Xcode_1.5_Project_Setup_Guide" "Mozilla/5.0 (Macintosh; U; PPC Mac OS X Mach-O; en-US; rv:1.7.6) Gecko/20050225 Firefox/1.0.1"
86.128.214.246 - - [19/Jun/2005:20:30:17 +0200] "GET /favicon.ico HTTP/1.1" 200 3262 "-" "Mozilla/5.0 (Macintosh; U; PPC Mac OS X Mach-O; en-US; rv:1.7.6) Gecko/20050225 Firefox/1.0.1"
85.99.197.103 - - [19/Jun/2005:20:30:21 +0200] "GET /wiki.pl?Unicode HTTP/1.1" 200 3262 "http://wiki.wxwidgets.org/wiki.pl?search=wxt&dosearch=1" "Mozilla/4.0 (compatible; MSIE 6.0; Windows NT 5.1)"
61.161.93.16 - - [19/Jun/2005:20:30:28 +0200] "GET /wximages/wxwidgets02-small.png HTTP/1.1" 200 12468 "http://blog.vckbase.com/bastet/" "Mozilla/4.0 (compatible; MSIE 6.0; Windows 98)"
221.137.175.113 - - [19/Jun/2005:20:31:09 +0200] "GET /wximages/wxwidgets02-small.png HTTP/1.1" 200 12468 "http://blog.vckbase.com/bastet/" "Mozilla/4.0 (compatible; MSIE 6.0; Windows NT 5.1; SV1)"
85.99.197.103 - - [19/Jun/2005:20:31:47 +0200] "GET /wiki.pl?Internationalization HTTP/1.1" 200 4198 "http://wiki.wxwidgets.org/wiki.pl?Unicode" "Mozilla/4.0 (compatible; MSIE 6.0; Windows NT 5.1)"
85.99.197.103 - - [19/Jun/2005:20:31:48 +0200] "GET /wxwiki.css HTTP/1.1" 304 - "http://wiki.wxwidgets.org/wiki.pl?Internationalization" "Mozilla/4.0 (compatible; MSIE 6.0; Windows NT 5.1)"
85.99.197.103 - - [19/Jun/2005:20:32:31 +0200] "GET /wiki.pl?Unicode HTTP/1.1" 200 3262 "http://wiki.wxwidgets.org/wiki.pl?search=wxt&dosearch=1" "Mozilla/4.0 (compatible; MSIE 6.0; Windows NT 5.1)"
85.99.197.103 - - [19/Jun/2005:20:32:32 +0200] "GET /wximages/wxwidgets02-small.png HTTP/1.1" 304 - "http://wiki.wxwidgets.org/wiki.pl?Unicode" "Mozilla/4.0 (compatible; MSIE 6.0; Windows NT 5.1)"
85.99.197.103 - - [19/Jun/2005:20:32:36 +0200] "GET /wiki.pl?WxWidgets_Source_Oddities HTTP/1.1" 200 5225 "http://wiki.wxwidgets.org/wiki.pl?Unicode" "Mozilla/4.0 (compatible; MSIE 6.0; Windows NT 5.1)"
61.144.22.21 - - [19/Jun/2005:20:33:03 +0200] "GET /wximages/wxwidgets02-small.png HTTP/1.1" 200 12468 "http://blog.vckbase.com/bastet/" "Mozilla/4.0 (compatible; MSIE 6.0; Windows NT 5.1; .NET CLR 1.1.4322)"
66.74.176.116 - - [19/Jun/2005:20:33:36 +0200] "GET / HTTP/1.1" 200 3381 "http://www.wxwidgets.org/docs.htm" "Mozilla/5.0 (Windows; U; Windows NT 5.1; en-US; rv:1.7.6) Gecko/20050317 Firefox/1.0.2"
66.74.176.116 - - [19/Jun/2005:20:33:37 +0200] "GET /wxwiki.css HTTP/1.1" 200 1540 "http://wiki.wxwidgets.org/" "Mozilla/5.0 (Windows; U; Windows NT 5.1; en-US; rv:1.7.6) Gecko/20050317 Firefox/1.0.2"
66.74.176.116 - - [19/Jun/2005:20:33:37 +0200] "GET /wximages/wxwidgets02-small.png HTTP/1.1" 200 12468 "http://wiki.wxwidgets.org/" "Mozilla/5.0 (Windows; U; Windows NT 5.1; en-US; rv:1.7.6) Gecko/20050317 Firefox/1.0.2"
66.74.176.116 - - [19/Jun/2005:20:33:40 +0200] "GET /wiki.pl?Table_Of_Contents HTTP/1.1" 200 26242 "http://wiki.wxwidgets.org/" "Mozilla/5.0 (Windows; U; Windows NT 5.1; en-US; rv:1.7.6) Gecko/20050317 Firefox/1.0.2"
66.74.176.116 - - [19/Jun/2005:20:33:49 +0200] "GET /wiki.pl?WxProcess HTTP/1.1" 200 3453 "http://wiki.wxwidgets.org/wiki.pl?Table_Of_Contents" "Mozilla/5.0 (Windows; U; Windows NT 5.1; en-US; rv:1.7.6) Gecko/20050317 Firefox/1.0.2"
24.250.100.129 - - [19/Jun/2005:20:36:34 +0200] "GET /man.cgi?q=validator HTTP/1.1" 200 161 "-" "Mozilla/5.0 (X11; U; Linux ppc; en-US; rv:1.7.8) Gecko/20050517 Firefox/1.0.4 (Debian package 1.0.4-2)"
213.250.79.170 - - [19/Jun/2005:20:37:43 +0200] "GET /wiki.pl?Table_Of_Contents HTTP/1.1" 200 26242 "http://wiki.wxwidgets.org/" "Mozilla/5.0 (Windows; U; Windows NT 5.1; fi-FI; rv:1.7.8) Gecko/20050511 Firefox/1.0.4"
24.111.18.202 - - [19/Jun/2005:20:37:48 +0200] "GET /wiki.pl?WxSMTP HTTP/1.1" 200 5544 "-" "Mozilla/5.0 (Windows; U; Windows NT 5.1; en-US; rv:1.7.8) Gecko/20050511 Firefox/1.0.4"
24.111.18.202 - - [19/Jun/2005:20:37:48 +0200] "GET /wxwiki.css HTTP/1.1" 200 1540 "http://wiki.wxwidgets.org/wiki.pl?WxSMTP" "Mozilla/5.0 (Windows; U; Windows NT 5.1; en-US; rv:1.7.8) Gecko/20050511 Firefox/1.0.4"
24.111.18.202 - - [19/Jun/2005:20:37:48 +0200] "GET /wximages/wxwidgets02-small.png HTTP/1.1" 200 12468 "http://wiki.wxwidgets.org/wiki.pl?WxSMTP" "Mozilla/5.0 (Windows; U; Windows NT 5.1; en-US; rv:1.7.8) Gecko/20050511 Firefox/1.0.4"
24.111.18.202 - - [19/Jun/2005:20:37:49 +0200] "GET /favicon.ico HTTP/1.1" 200 3262 "-" "Mozilla/5.0 (Windows; U; Windows NT 5.1; en-US; rv:1.7.8) Gecko/20050511 Firefox/1.0.4"
213.250.79.170 - - [19/Jun/2005:20:38:58 +0200] "GET /wiki.pl?Writing_Your_First_Application HTTP/1.1" 200 3109 "http://wiki.wxwidgets.org/wiki.pl?Table_Of_Contents" "Mozilla/5.0 (Windows; U; Windows NT 5.1; fi-FI; rv:1.7.8) Gecko/20050511 Firefox/1.0.4"
213.250.79.170 - - [19/Jun/2005:20:39:03 +0200] "GET /wiki.pl?Hello_World HTTP/1.1" 200 5425 "http://wiki.wxwidgets.org/wiki.pl?Writing_Your_First_Application" "Mozilla/5.0 (Windows; U; Windows NT 5.1; fi-FI; rv:1.7.8) Gecko/20050511 Firefox/1.0.4"
85.96.161.209 - - [19/Jun/2005:20:41:12 +0200] "GET /wiki.pl?MS_Free_Tools_And_WxWidgets HTTP/1.1" 200 16120 "http://www.solidsteel.nl/users/wxwidgets/viewtopic.php?t=2213" "Mozilla/4.0 (compatible; MSIE 6.0; Windows NT 5.0) Opera 7.54 [en]"
85.96.161.209 - - [19/Jun/2005:20:41:12 +0200] "GET /wxwiki.css HTTP/1.1" 200 1540 "http://wiki.wxwidgets.org/wiki.pl?MS_Free_Tools_And_WxWidgets" "Mozilla/4.0 (compatible; MSIE 6.0; Windows NT 5.0) Opera 7.54 [en]"
85.96.161.209 - - [19/Jun/2005:20:41:14 +0200] "GET /wximages/wxwidgets02-small.png HTTP/1.1" 200 12468 "http://wiki.wxwidgets.org/wiki.pl?MS_Free_Tools_And_WxWidgets" "Mozilla/4.0 (compatible; MSIE 6.0; Windows NT 5.0) Opera 7.54 [en]"
85.96.161.209 - - [19/Jun/2005:20:41:15 +0200] "GET /favicon.ico HTTP/1.1" 200 3262 "http://wiki.wxwidgets.org/wiki.pl?MS_Free_Tools_And_WxWidgets" "Mozilla/4.0 (compatible; MSIE 6.0; Windows NT 5.0) Opera 7.54 [en]"
66.74.176.116 - - [19/Jun/2005:20:42:33 +0200] "GET /wiki.pl?WxIdleEvent HTTP/1.1" 200 2964 "http://wiki.wxwidgets.org/wiki.pl?Table_Of_Contents" "Mozilla/5.0 (Windows; U; Windows NT 5.1; en-US; rv:1.7.6) Gecko/20050317 Firefox/1.0.2"
222.241.35.90 - - [19/Jun/2005:20:44:18 +0200] "GET /wximages/wxwidgets02-small.png HTTP/1.1" 200 12468 "http://blog.vckbase.com/bastet/" "Mozilla/4.0 (compatible; MSIE 6.0; Windows NT 5.2; TencentTraveler ; .NET CLR 1.1.4322)"
207.154.109.225 - - [19/Jun/2005:20:45:38 +0200] "GET / HTTP/1.1" 200 3381 "http://www.solidsteel.nl/users/wxwidgets/viewtopic.php?t=82" "Mozilla/5.0 (X11; U; Linux i686; en-US; rv:1.7.8) Gecko/20050513 Firefox/1.0.4"
207.154.109.225 - - [19/Jun/2005:20:45:38 +0200] "GET /wxwiki.css HTTP/1.1" 200 1540 "http://wiki.wxwidgets.org/" "Mozilla/5.0 (X11; U; Linux i686; en-US; rv:1.7.8) Gecko/20050513 Firefox/1.0.4"
207.154.109.225 - - [19/Jun/2005:20:45:39 +0200] "GET /wximages/wxwidgets02-small.png HTTP/1.1" 200 12468 "http://wiki.wxwidgets.org/" "Mozilla/5.0 (X11; U; Linux i686; en-US; rv:1.7.8) Gecko/20050513 Firefox/1.0.4"
207.154.109.225 - - [19/Jun/2005:20:45:39 +0200] "GET /favicon.ico HTTP/1.1" 200 3262 "-" "Mozilla/5.0 (X11; U; Linux i686; en-US; rv:1.7.8) Gecko/20050513 Firefox/1.0.4"
207.154.109.225 - - [19/Jun/2005:20:45:45 +0200] "GET /wiki.pl?Table_Of_Contents HTTP/1.1" 200 26242 "http://wiki.wxwidgets.org/" "Mozilla/5.0 (X11; U; Linux i686; en-US; rv:1.7.8) Gecko/20050513 Firefox/1.0.4"
66.114.68.65 - - [19/Jun/2005:20:46:03 +0200] "GET /wiki.pl?WxWiki HTTP/1.1" 200 3381 "http://www.google.com/search?q=wxwidgets+wiki&sourceid=mozilla-search&start=0&start=0&ie=utf-8&oe=utf-8&client=firefox-a&rls=org.mozilla:en-US:official" "Mozilla/5.0 (Macintosh; U; PPC Mac OS X Mach-O; en-US; rv:1.8b2) Gecko/20050507 Firefox/1.0+"
66.114.68.65 - - [19/Jun/2005:20:46:04 +0200] "GET /wxwiki.css HTTP/1.1" 200 1540 "http://wiki.wxwidgets.org/wiki.pl?WxWiki" "Mozilla/5.0 (Macintosh; U; PPC Mac OS X Mach-O; en-US; rv:1.8b2) Gecko/20050507 Firefox/1.0+"
66.114.68.65 - - [19/Jun/2005:20:46:04 +0200] "GET /wximages/wxwidgets02-small.png HTTP/1.1" 200 12468 "http://wiki.wxwidgets.org/wiki.pl?WxWiki" "Mozilla/5.0 (Macintosh; U; PPC Mac OS X Mach-O; en-US; rv:1.8b2) Gecko/20050507 Firefox/1.0+"
66.114.68.65 - - [19/Jun/2005:20:46:04 +0200] "GET /favicon.ico HTTP/1.1" 200 3262 "-" "Mozilla/5.0 (Macintosh; U; PPC Mac OS X Mach-O; en-US; rv:1.8b2) Gecko/20050507 Firefox/1.0+"
207.154.109.225 - - [19/Jun/2005:20:46:10 +0200] "GET /wiki.pl?WxDC HTTP/1.1" 200 2417 "http://wiki.wxwidgets.org/wiki.pl?Table_Of_Contents" "Mozilla/5.0 (X11; U; Linux i686; en-US; rv:1.7.8) Gecko/20050513 Firefox/1.0.4"
66.114.68.65 - - [19/Jun/2005:20:46:17 +0200] "GET /wiki.pl?Table_Of_Contents HTTP/1.1" 200 26242 "http://wiki.wxwidgets.org/wiki.pl?WxWiki" "Mozilla/5.0 (Macintosh; U; PPC Mac OS X Mach-O; en-US; rv:1.8b2) Gecko/20050507 Firefox/1.0+"
128.125.242.18 - - [19/Jun/2005:20:46:18 +0200] "GET /wiki.pl?Eclipse HTTP/1.1" 200 5724 "-" "Mozilla/4.0 (compatible; MSIE 6.0; Windows NT 5.1; en) Opera 8.01"
207.154.109.225 - - [19/Jun/2005:20:46:24 +0200] "GET /wiki.pl?Flicker-Free_Drawing HTTP/1.1" 200 13169 "http://wiki.wxwidgets.org/wiki.pl?WxDC" "Mozilla/5.0 (X11; U; Linux i686; en-US; rv:1.7.8) Gecko/20050513 Firefox/1.0.4"
156.153.255.134 - - [19/Jun/2005:20:46:26 +0200] "GET /wximages/wxwidgets02-small.png HTTP/1.0" 200 12468 "-" "Mozilla/3.01 (compatible;)"
156.153.255.134 - - [19/Jun/2005:20:46:26 +0200] "GET /wxwiki.css HTTP/1.0" 200 1540 "http://wiki.wxwidgets.org/wiki.pl?Mac_OS_X_And_Xcode_For_Beginners" "Mozilla/4.0 (compatible; MSIE 6.0; Windows NT 5.1; SV1; .NET CLR 1.0.3705; .NET CLR 1.1.4322)"
156.153.255.134 - - [19/Jun/2005:20:46:26 +0200] "GET /wiki.pl?Mac_OS_X_And_Xcode_For_Beginners HTTP/1.0" 200 31927 "http://www.google.com/search?hl=en&lr=&q=Mac+OS+X+for+beginners" "Mozilla/4.0 (compatible; MSIE 6.0; Windows NT 5.1; SV1; .NET CLR 1.0.3705; .NET CLR 1.1.4322)"
66.114.68.65 - - [19/Jun/2005:20:46:40 +0200] "GET /wiki.pl?Installing_WxMac HTTP/1.1" 200 44393 "http://wiki.wxwidgets.org/wiki.pl?Table_Of_Contents" "Mozilla/5.0 (Macintosh; U; PPC Mac OS X Mach-O; en-US; rv:1.8b2) Gecko/20050507 Firefox/1.0+"
222.84.135.159 - - [19/Jun/2005:20:47:42 +0200] "GET /wximages/wxwidgets02-small.png HTTP/1.1" 200 12468 "http://blog.vckbase.com/bastet/" "Mozilla/4.0 (compatible; MSIE 6.0; Windows NT 5.2; .NET CLR 1.1.4322)"
66.114.68.65 - - [19/Jun/2005:20:47:58 +0200] "GET /wiki.pl?WxMac_Issues HTTP/1.1" 200 21584 "http://wiki.wxwidgets.org/wiki.pl?Table_Of_Contents" "Mozilla/5.0 (Macintosh; U; PPC Mac OS X Mach-O; en-US; rv:1.8b2) Gecko/20050507 Firefox/1.0+"
195.150.77.247 - - [19/Jun/2005:20:48:55 +0200] "GET /wxwiki.css HTTP/1.1" 200 1540 "http://wiki.wxwidgets.org/wiki.pl?MS_Free_Tools_And_WxWidgets" "Mozilla/4.0 (compatible; MSIE 6.0; Windows NT 5.1; SV1; .NET CLR 1.1.4322; .NET CLR 1.0.3705; .NET CLR 2.0.41115)"
195.150.77.247 - - [19/Jun/2005:20:48:56 +0200] "GET /wiki.pl?MS_Free_Tools_And_WxWidgets HTTP/1.1" 200 16120 "http://www.google.pl/search?q=framework+path+variable&hl=pl&lr=&rls=GGLD,GGLD:2005-03,GGLD:en&start=10&sa=N" "Mozilla/4.0 (compatible; MSIE 6.0; Windows NT 5.1; SV1; .NET CLR 1.1.4322; .NET CLR 1.0.3705; .NET CLR 2.0.41115)"
195.150.77.247 - - [19/Jun/2005:20:48:56 +0200] "GET /wximages/wxwidgets02-small.png HTTP/1.1" 200 12468 "http://wiki.wxwidgets.org/wiki.pl?MS_Free_Tools_And_WxWidgets" "Mozilla/4.0 (compatible; MSIE 6.0; Windows NT 5.1; SV1; .NET CLR 1.1.4322; .NET CLR 1.0.3705; .NET CLR 2.0.41115)"
85.99.197.103 - - [19/Jun/2005:20:54:17 +0200] "GET /wiki.pl?MSVC_Setup_Guide HTTP/1.1" 200 18691 "http://www.google.com/search?sourceid=navclient&ie=UTF-8&rls=GGLD,GGLD:2003-47,GGLD:en&q=wxwidgets+compile+unicode+libraries" "Mozilla/4.0 (compatible; MSIE 6.0; Windows NT 5.1)"
85.99.197.103 - - [19/Jun/2005:20:54:17 +0200] "GET /wxwiki.css HTTP/1.1" 304 - "http://wiki.wxwidgets.org/wiki.pl?MSVC_Setup_Guide" "Mozilla/4.0 (compatible; MSIE 6.0; Windows NT 5.1)"
85.99.197.103 - - [19/Jun/2005:20:54:18 +0200] "GET /wximages/wxwidgets02-small.png HTTP/1.1" 304 - "http://wiki.wxwidgets.org/wiki.pl?MSVC_Setup_Guide" "Mozilla/4.0 (compatible; MSIE 6.0; Windows NT 5.1)"
219.136.189.181 - - [19/Jun/2005:20:54:28 +0200] "GET /wximages/wxwidgets02-small.png HTTP/1.1" 200 12468 "http://blog.vckbase.com/bastet/" "Mozilla/4.0 (compatible; MSIE 6.0; Windows NT 5.1; MyIE2)"
212.195.134.50 - - [19/Jun/2005:20:57:37 +0200] "GET / HTTP/1.1" 200 3381 "http://www.wxwidgets.org/docs.htm" "Mozilla/5.0 (Windows; U; Windows NT 5.1; fr-FR; rv:1.7.8) Gecko/20050511 Firefox/1.0.4"
212.195.134.50 - - [19/Jun/2005:20:57:38 +0200] "GET /wxwiki.css HTTP/1.1" 200 1540 "http://wiki.wxwidgets.org/" "Mozilla/5.0 (Windows; U; Windows NT 5.1; fr-FR; rv:1.7.8) Gecko/20050511 Firefox/1.0.4"
