218.15.45.193 - - [20/Jun/2005:12:09:27 +0200] "GET /wximages/wxwidgets02-small.png HTTP/1.1" 200 12468 "http://blog.vckbase.com/bastet/" "Mozilla/4.0 (compatible; MSIE 6.0; Windows NT 5.1; SV1; Maxthon)"
203.58.15.18 - - [20/Jun/2005:12:09:35 +0200] "GET /wiki.pl?WxDC HTTP/1.0" 200 2405 "http://www.google.com.au/search?hl=en&q=wxDC+flicker&btnG=Google+Search&meta=" "Mozilla/5.0 (Windows; U; Windows NT 5.1; en-US; rv:1.7.8) Gecko/20050511 Firefox/1.0.4"
203.58.15.18 - - [20/Jun/2005:12:09:37 +0200] "GET /wxwiki.css HTTP/1.0" 304 - "http://wiki.wxwidgets.org/wiki.pl?WxDC" "Mozilla/5.0 (Windows; U; Windows NT 5.1; en-US; rv:1.7.8) Gecko/20050511 Firefox/1.0.4"
203.58.15.18 - - [20/Jun/2005:12:09:37 +0200] "GET /wximages/wxwidgets02-small.png HTTP/1.0" 304 - "http://wiki.wxwidgets.org/wiki.pl?WxDC" "Mozilla/5.0 (Windows; U; Windows NT 5.1; en-US; rv:1.7.8) Gecko/20050511 Firefox/1.0.4"
62.101.98.214 - - [20/Jun/2005:12:10:18 +0200] "GET /wiki.pl?WxWidgets_Vacancies HTTP/1.1" 200 3602 "http://www.wxwidgets.org/toolbar.htm" "Mozilla/5.0 (Windows; U; Windows NT 5.1; en-US; rv:1.7.8) Gecko/20050511 Firefox/1.0.4"
62.101.98.214 - - [20/Jun/2005:12:10:19 +0200] "GET /wxwiki.css HTTP/1.1" 200 1540 "http://wiki.wxwidgets.org/wiki.pl?WxWidgets_Vacancies" "Mozilla/5.0 (Windows; U; Windows NT 5.1; en-US; rv:1.7.8) Gecko/20050511 Firefox/1.0.4"
62.101.98.214 - - [20/Jun/2005:12:10:19 +0200] "GET /wximages/wxwidgets02-small.png HTTP/1.1" 200 12468 "http://wiki.wxwidgets.org/wiki.pl?WxWidgets_Vacancies" "Mozilla/5.0 (Windows; U; Windows NT 5.1; en-US; rv:1.7.8) Gecko/20050511 Firefox/1.0.4"
62.101.98.214 - - [20/Jun/2005:12:10:20 +0200] "GET /favicon.ico HTTP/1.1" 200 3262 "-" "Mozilla/5.0 (Windows; U; Windows NT 5.1; en-US; rv:1.7.8) Gecko/20050511 Firefox/1.0.4"
203.58.15.18 - - [20/Jun/2005:12:10:36 +0200] "GET /wiki.pl?Flicker-Free_Drawing HTTP/1.0" 200 13134 "http://wiki.wxwidgets.org/wiki.pl?WxDC" "Mozilla/5.0 (Windows; U; Windows NT 5.1; en-US; rv:1.7.8) Gecko/20050511 Firefox/1.0.4"
80.83.40.59 - - [20/Jun/2005:12:11:39 +0200] "GET /wiki.pl?WxWidgets_Vacancies HTTP/1.1" 200 3602 "http://www.wxwidgets.org/toolbar.htm" "Mozilla/5.0 (Windows; U; Windows NT 5.1; fr-FR; rv:1.7.8) Gecko/20050511 Firefox/1.0.4"
218.25.229.87 - - [20/Jun/2005:12:12:26 +0200] "GET /wximages/wxwidgets02-small.png HTTP/1.1" 200 12468 "http://blog.vckbase.com/bastet/" "Mozilla/4.0 (compatible; MSIE 6.0; Windows NT 5.1; SV1)"
217.83.113.50 - - [20/Jun/2005:12:12:33 +0200] "GET /wiki.pl?WxWiki HTTP/1.1" 200 3381 "http://wiki.wxwidgets.org/wiki.pl?WxWidgets_Compared_To_Other_Toolkits" "Mozilla/5.0 (Windows; U; Windows NT 5.1; rv:1.7.3) Gecko/20041001 Firefox/0.10.1"
217.83.113.50 - - [20/Jun/2005:12:12:56 +0200] "GET /wiki.pl?Table_Of_Contents HTTP/1.1" 200 26242 "http://wiki.wxwidgets.org/wiki.pl?WxWiki" "Mozilla/5.0 (Windows; U; Windows NT 5.1; rv:1.7.3) Gecko/20041001 Firefox/0.10.1"
218.108.159.117 - - [20/Jun/2005:12:12:58 +0200] "GET /wximages/wxwidgets02-small.png HTTP/1.1" 200 12468 "http://blog.vckbase.com/bastet/" "Mozilla/4.0 (compatible; MSIE 6.0; Windows NT 5.1; SV1)"
217.83.113.50 - - [20/Jun/2005:12:13:02 +0200] "GET /wiki.pl?Resources HTTP/1.1" 200 5882 "http://wiki.wxwidgets.org/wiki.pl?WxWiki" "Mozilla/5.0 (Windows; U; Windows NT 5.1; rv:1.7.3) Gecko/20041001 Firefox/0.10.1"
217.83.113.50 - - [20/Jun/2005:12:13:42 +0200] "GET /wiki.pl?Table_Of_Contents HTTP/1.1" 200 26242 "http://wiki.wxwidgets.org/wiki.pl?WxWiki" "Mozilla/5.0 (Windows; U; Windows NT 5.1; rv:1.7.3) Gecko/20041001 Firefox/0.10.1"
217.83.113.50 - - [20/Jun/2005:12:14:00 +0200] "GET /wiki.pl?Distributing_WxWidgets_Applications HTTP/1.1" 200 5138 "http://wiki.wxwidgets.org/wiki.pl?Table_Of_Contents" "Mozilla/5.0 (Windows; U; Windows NT 5.1; rv:1.7.3) Gecko/20041001 Firefox/0.10.1"
217.83.113.50 - - [20/Jun/2005:12:14:24 +0200] "GET /wiki.pl?Dev-CPP_Setup_Guide HTTP/1.1" 200 10495 "http://wiki.wxwidgets.org/wiki.pl?Table_Of_Contents" "Mozilla/5.0 (Windows; U; Windows NT 5.1; rv:1.7.3) Gecko/20041001 Firefox/0.10.1"
67.40.147.28 - - [20/Jun/2005:12:14:48 +0200] "GET / HTTP/1.1" 200 3381 "http://www.wxwidgets.org/docs.htm" "Mozilla/5.0 (Windows; U; Windows NT 5.1; en-US; rv:1.7.8) Gecko/20050511 Firefox/1.0.4"
217.83.113.50 - - [20/Jun/2005:12:14:59 +0200] "GET /wiki.pl?Help_Wanted HTTP/1.1" 200 2863 "http://wiki.wxwidgets.org/wiki.pl?Table_Of_Contents" "Mozilla/5.0 (Windows; U; Windows NT 5.1; rv:1.7.3) Gecko/20041001 Firefox/0.10.1"
67.40.147.28 - - [20/Jun/2005:12:15:33 +0200] "GET /wiki.pl?Table_Of_Contents HTTP/1.1" 200 26242 "http://wiki.wxwidgets.org/" "Mozilla/5.0 (Windows; U; Windows NT 5.1; en-US; rv:1.7.8) Gecko/20050511 Firefox/1.0.4"
67.40.147.28 - - [20/Jun/2005:12:15:39 +0200] "GET /wiki.pl?MSVC_Setup_Guide HTTP/1.1" 200 18691 "http://wiki.wxwidgets.org/wiki.pl?Table_Of_Contents" "Mozilla/5.0 (Windows; U; Windows NT 5.1; en-US; rv:1.7.8) Gecko/20050511 Firefox/1.0.4"
217.83.113.50 - - [20/Jun/2005:12:15:40 +0200] "GET /wiki.pl?WxWidgets_Bounties HTTP/1.1" 200 8873 "http://wiki.wxwidgets.org/wiki.pl?Help_Wanted" "Mozilla/5.0 (Windows; U; Windows NT 5.1; rv:1.7.3) Gecko/20041001 Firefox/0.10.1"
195.243.247.1 - - [20/Jun/2005:12:16:55 +0200] "GET /wiki.pl?search=wxwin&dosearch=1 HTTP/1.1" 200 12599 "http://wiki.wxwidgets.org/man.cgi?q=wxwin&target=wiki" "Mozilla/4.0 (compatible; MSIE 6.0; Windows NT 5.0; de) Opera 8.0"
195.243.247.1 - - [20/Jun/2005:12:16:56 +0200] "GET /wxwiki.css HTTP/1.1" 304 - "http://wiki.wxwidgets.org/wiki.pl?search=wxwin&dosearch=1" "Mozilla/4.0 (compatible; MSIE 6.0; Windows NT 5.0; de) Opera 8.0"
217.83.113.50 - - [20/Jun/2005:12:16:57 +0200] "GET /wiki.pl?Developers_Notebook HTTP/1.1" 200 3273 "http://wiki.wxwidgets.org/wiki.pl?Help_Wanted" "Mozilla/5.0 (Windows; U; Windows NT 5.1; rv:1.7.3) Gecko/20041001 Firefox/0.10.1"
195.243.247.1 - - [20/Jun/2005:12:16:59 +0200] "GET /wximages/wxwidgets02-small.png HTTP/1.1" 304 - "http://wiki.wxwidgets.org/wiki.pl?search=wxwin&dosearch=1" "Mozilla/4.0 (compatible; MSIE 6.0; Windows NT 5.0; de) Opera 8.0"
65.214.44.47 - - [20/Jun/2005:12:17:16 +0200] "GET /wiki.pl?SsSi HTTP/1.0" 200 1833 "-" "Mozilla/2.0 (compatible; Ask Jeeves/Teoma; +http://sp.ask.com/docs/about/tech_crawling.html)"
194.77.192.53 - - [20/Jun/2005:12:18:11 +0200] "GET /wiki.pl?Mac_OS_X_And_Xcode_For_Beginners HTTP/1.0" 200 31927 "http://www.google.de/search?q=xcode+wxwidgets&sourceid=mozilla-search&start=0&start=0&ie=utf-8&oe=utf-8&client=firefox-a&rls=org.mozilla:de-DE:official" "Mozilla/5.0 (Windows; U; Windows NT 5.1; de-DE; rv:1.7.8) Gecko/20050511 Firefox/1.0.4"
194.77.192.53 - - [20/Jun/2005:12:18:11 +0200] "GET /wxwiki.css HTTP/1.0" 200 1540 "http://wiki.wxwidgets.org/wiki.pl?Mac_OS_X_And_Xcode_For_Beginners" "Mozilla/5.0 (Windows; U; Windows NT 5.1; de-DE; rv:1.7.8) Gecko/20050511 Firefox/1.0.4"
194.77.192.53 - - [20/Jun/2005:12:18:11 +0200] "GET /wximages/wxwidgets02-small.png HTTP/1.0" 200 12468 "http://wiki.wxwidgets.org/wiki.pl?Mac_OS_X_And_Xcode_For_Beginners" "Mozilla/5.0 (Windows; U; Windows NT 5.1; de-DE; rv:1.7.8) Gecko/20050511 Firefox/1.0.4"
194.77.192.53 - - [20/Jun/2005:12:18:11 +0200] "GET /favicon.ico HTTP/1.0" 200 3262 "-" "Mozilla/5.0 (Windows; U; Windows NT 5.1; de-DE; rv:1.7.8) Gecko/20050511 Firefox/1.0.4"
81.80.104.162 - - [20/Jun/2005:12:18:55 +0200] "GET /wiki.pl?WxWidgets_Vacancies HTTP/1.0" 200 3590 "http://www.wxwidgets.org/toolbar.htm" "Mozilla/5.0 (Windows; U; Windows NT 5.0; en-US; rv:1.7.5) Gecko/20041217"
81.80.104.162 - - [20/Jun/2005:12:18:56 +0200] "GET /wxwiki.css HTTP/1.0" 304 - "http://wiki.wxwidgets.org/wiki.pl?WxWidgets_Vacancies" "Mozilla/5.0 (Windows; U; Windows NT 5.0; en-US; rv:1.7.5) Gecko/20041217"
81.80.104.162 - - [20/Jun/2005:12:18:58 +0200] "GET /wximages/wxwidgets02-small.png HTTP/1.0" 304 - "http://wiki.wxwidgets.org/wiki.pl?WxWidgets_Vacancies" "Mozilla/5.0 (Windows; U; Windows NT 5.0; en-US; rv:1.7.5) Gecko/20041217"
67.40.147.28 - - [20/Jun/2005:12:20:53 +0200] "GET /wiki.pl?WxGLCanvas HTTP/1.1" 200 12561 "http://www.google.com/search?q=wxwidgets+glcanvas&sourceid=mozilla-search&start=0&start=0&ie=utf-8&oe=utf-8&client=firefox-a&rls=org.mozilla:en-US:official" "Mozilla/5.0 (Windows; U; Windows NT 5.1; en-US; rv:1.7.8) Gecko/20050511 Firefox/1.0.4"
213.184.25.246 - - [20/Jun/2005:12:21:04 +0200] "GET / HTTP/1.1" 200 3381 "http://visualwx.altervista.org/lf.php" "Mozilla/5.0 (Windows; U; Windows NT 5.1; pl-PL; rv:1.7.8) Gecko/20050511 Firefox/1.0.4"
213.184.25.246 - - [20/Jun/2005:12:21:04 +0200] "GET /wxwiki.css HTTP/1.1" 200 1540 "http://wiki.wxwidgets.org/" "Mozilla/5.0 (Windows; U; Windows NT 5.1; pl-PL; rv:1.7.8) Gecko/20050511 Firefox/1.0.4"
213.184.25.246 - - [20/Jun/2005:12:21:04 +0200] "GET /wximages/wxwidgets02-small.png HTTP/1.1" 200 12468 "http://wiki.wxwidgets.org/" "Mozilla/5.0 (Windows; U; Windows NT 5.1; pl-PL; rv:1.7.8) Gecko/20050511 Firefox/1.0.4"
213.184.25.246 - - [20/Jun/2005:12:21:05 +0200] "GET /favicon.ico HTTP/1.1" 200 3262 "-" "Mozilla/5.0 (Windows; U; Windows NT 5.1; pl-PL; rv:1.7.8) Gecko/20050511 Firefox/1.0.4"
202.75.200.9 - - [20/Jun/2005:12:21:06 +0200] "GET /wiki.pl?WxWidgets_For_MFC_Programmers HTTP/1.1" 200 12586 "http://www.google.com/search?hl=en&lr=&q=treectrl+wxwidgets&btnG=Search" "Mozilla/4.0 (compatible; MSIE 6.0; Windows NT 5.1; SV1)"
213.184.25.246 - - [20/Jun/2005:12:21:27 +0200] "GET /wiki.pl?Table_Of_Contents HTTP/1.1" 200 26242 "http://wiki.wxwidgets.org/" "Mozilla/5.0 (Windows; U; Windows NT 5.1; pl-PL; rv:1.7.8) Gecko/20050511 Firefox/1.0.4"
213.184.25.246 - - [20/Jun/2005:12:21:36 +0200] "GET /wiki.pl?Chinook HTTP/1.1" 200 3151 "http://wiki.wxwidgets.org/wiki.pl?Table_Of_Contents" "Mozilla/5.0 (Windows; U; Windows NT 5.1; pl-PL; rv:1.7.8) Gecko/20050511 Firefox/1.0.4"
213.184.25.246 - - [20/Jun/2005:12:21:40 +0200] "GET /wiki.pl?Eclipse HTTP/1.1" 200 5724 "http://wiki.wxwidgets.org/wiki.pl?Table_Of_Contents" "Mozilla/5.0 (Windows; U; Windows NT 5.1; pl-PL; rv:1.7.8) Gecko/20050511 Firefox/1.0.4"
213.3.87.130 - - [20/Jun/2005:12:22:30 +0200] "GET /wxwiki.css HTTP/1.1" 200 1540 "http://wiki.wxwidgets.org/wiki.pl?Mac_OS_X_And_Xcode_1.1_Setup_Guide" "Mozilla/5.0 (Macintosh; U; PPC Mac OS X; de-de) AppleWebKit/412 (KHTML, like Gecko) Safari/412"
213.3.87.130 - - [20/Jun/2005:12:22:32 +0200] "GET /wiki.pl?Mac_OS_X_And_Xcode_1.1_Setup_Guide HTTP/1.1" 200 25261 "http://www.google.com/search?client=safari&rls=de-de&q=xcode+debug+carbon+application&ie=UTF-8&oe=UTF-8" "Mozilla/5.0 (Macintosh; U; PPC Mac OS X; de-de) AppleWebKit/412 (KHTML, like Gecko) Safari/412"
213.3.87.130 - - [20/Jun/2005:12:22:33 +0200] "GET /wximages/wxwidgets02-small.png HTTP/1.1" 200 12468 "http://wiki.wxwidgets.org/wiki.pl?Mac_OS_X_And_Xcode_1.1_Setup_Guide" "Mozilla/5.0 (Macintosh; U; PPC Mac OS X; de-de) AppleWebKit/412 (KHTML, like Gecko) Safari/412"
213.3.87.130 - - [20/Jun/2005:12:22:37 +0200] "GET /favicon.ico HTTP/1.1" 200 3262 "-" "Mozilla/5.0 (Macintosh; U; PPC Mac OS X; de-de) AppleWebKit/412 (KHTML, like Gecko) Safari/412"
202.75.200.9 - - [20/Jun/2005:12:22:49 +0200] "GET /favicon.ico HTTP/1.1" 200 3262 "-" "Mozilla/4.0 (compatible; MSIE 6.0; Windows NT 5.1; SV1)"
68.142.250.23 - - [20/Jun/2005:12:23:38 +0200] "GET /robots.txt HTTP/1.0" 200 138 "-" "Mozilla/5.0 (compatible; Yahoo! Slurp; http://help.yahoo.com/help/us/ysearch/slurp)"
68.142.251.56 - - [20/Jun/2005:12:23:39 +0200] "GET /wiki.pl?Graphics HTTP/1.0" 200 2822 "-" "Mozilla/5.0 (compatible; Yahoo! Slurp; http://help.yahoo.com/help/us/ysearch/slurp)"
207.46.98.84 - - [20/Jun/2005:12:23:56 +0200] "GET /wiki.pl?RN HTTP/1.0" 200 2195 "-" "msnbot/1.0 (+http://search.msn.com/msnbot.htm)"
194.180.31.146 - - [20/Jun/2005:12:26:01 +0200] "GET /wiki.pl?WxWidgets_Bounties HTTP/1.0" 200 8846 "http://www.wxwidgets.org/toolbar.htm" "Mozilla/5.0 (Windows; U; Windows NT 5.1; en-US; rv:1.7.8) Gecko/20050511 Firefox/1.0.4"
194.180.31.146 - - [20/Jun/2005:12:26:02 +0200] "GET /wxwiki.css HTTP/1.0" 200 1540 "http://wiki.wxwidgets.org/wiki.pl?WxWidgets_Bounties" "Mozilla/5.0 (Windows; U; Windows NT 5.1; en-US; rv:1.7.8) Gecko/20050511 Firefox/1.0.4"
194.180.31.146 - - [20/Jun/2005:12:26:05 +0200] "GET /wximages/wxwidgets02-small.png HTTP/1.0" 200 12468 "http://wiki.wxwidgets.org/wiki.pl?WxWidgets_Bounties" "Mozilla/5.0 (Windows; U; Windows NT 5.1; en-US; rv:1.7.8) Gecko/20050511 Firefox/1.0.4"
194.180.31.146 - - [20/Jun/2005:12:26:09 +0200] "GET /favicon.ico HTTP/1.0" 200 3262 "-" "Mozilla/5.0 (Windows; U; Windows NT 5.1; en-US; rv:1.7.8) Gecko/20050511 Firefox/1.0.4"
67.40.147.28 - - [20/Jun/2005:12:26:28 +0200] "GET /wiki.pl?WxGLCanvas HTTP/1.1" 200 12561 "http://www.google.com/search?q=wxglcanvas&sourceid=mozilla-search&start=0&start=0&ie=utf-8&oe=utf-8&client=firefox-a&rls=org.mozilla:en-US:official" "Mozilla/5.0 (Windows; U; Windows NT 5.1; en-US; rv:1.7.8) Gecko/20050511 Firefox/1.0.4"
207.46.98.84 - - [20/Jun/2005:12:28:45 +0200] "GET /wiki.pl?Developers_Notebook HTTP/1.0" 200 3261 "-" "msnbot/1.0 (+http://search.msn.com/msnbot.htm)"
65.54.188.139 - - [20/Jun/2005:12:30:46 +0200] "GET /wiki.pl?RecentChanges HTTP/1.0" 200 11541 "-" "msnbot/1.0 (+http://search.msn.com/msnbot.htm)"
69.168.241.82 - - [20/Jun/2005:12:31:37 +0200] "GET /wiki.pl?WxWidgets_Vacancies HTTP/1.1" 200 3602 "http://www.wxwidgets.org/toolbar.htm" "Mozilla/5.0 (X11; U; Linux i686; en-US; rv:1.7.8) Gecko/20050610 Firefox/1.0.4 (Debian package 1.0.4-3)"
69.168.241.82 - - [20/Jun/2005:12:31:37 +0200] "GET /wxwiki.css HTTP/1.1" 200 1540 "http://wiki.wxwidgets.org/wiki.pl?WxWidgets_Vacancies" "Mozilla/5.0 (X11; U; Linux i686; en-US; rv:1.7.8) Gecko/20050610 Firefox/1.0.4 (Debian package 1.0.4-3)"
69.168.241.82 - - [20/Jun/2005:12:31:38 +0200] "GET /wximages/wxwidgets02-small.png HTTP/1.1" 200 12468 "http://wiki.wxwidgets.org/wiki.pl?WxWidgets_Vacancies" "Mozilla/5.0 (X11; U; Linux i686; en-US; rv:1.7.8) Gecko/20050610 Firefox/1.0.4 (Debian package 1.0.4-3)"
69.168.241.82 - - [20/Jun/2005:12:31:38 +0200] "GET /favicon.ico HTTP/1.1" 200 3262 "-" "Mozilla/5.0 (X11; U; Linux i686; en-US; rv:1.7.8) Gecko/20050610 Firefox/1.0.4 (Debian package 1.0.4-3)"
82.210.168.246 - - [20/Jun/2005:12:32:46 +0200] "GET /wxwiki.css HTTP/1.1" 200 1540 "http://wiki.wxwidgets.org/wiki.pl?Installing_WxMac" "Mozilla/5.0 (X11; U; Linux i686; en-US; rv:1.7.8) Gecko/20050518 Firefox/1.0.4"
82.210.168.246 - - [20/Jun/2005:12:32:46 +0200] "GET /wiki.pl?Installing_WxMac HTTP/1.1" 200 44393 "http://www.google.pl/search?hl=pl&q=wxwidgets+dynamic+linking&btnG=Szukaj&lr=" "Mozilla/5.0 (X11; U; Linux i686; en-US; rv:1.7.8) Gecko/20050518 Firefox/1.0.4"
82.210.168.246 - - [20/Jun/2005:12:32:46 +0200] "GET /wximages/wxwidgets02-small.png HTTP/1.1" 200 12468 "http://wiki.wxwidgets.org/wiki.pl?Installing_WxMac" "Mozilla/5.0 (X11; U; Linux i686; en-US; rv:1.7.8) Gecko/20050518 Firefox/1.0.4"
82.210.168.246 - - [20/Jun/2005:12:32:47 +0200] "GET /favicon.ico HTTP/1.1" 200 3262 "-" "Mozilla/5.0 (X11; U; Linux i686; en-US; rv:1.7.8) Gecko/20050518 Firefox/1.0.4"
65.54.188.139 - - [20/Jun/2005:12:32:47 +0200] "GET /wiki.pl?XML-Based_Documentation_Format/Example HTTP/1.0" 200 4652 "-" "msnbot/1.0 (+http://search.msn.com/msnbot.htm)"
69.168.241.82 - - [20/Jun/2005:12:33:05 +0200] "GET /wiki.pl?WxWidgets_Bounties HTTP/1.1" 200 8873 "http://www.wxwidgets.org/toolbar.htm" "Mozilla/5.0 (X11; U; Linux i686; en-US; rv:1.7.8) Gecko/20050610 Firefox/1.0.4 (Debian package 1.0.4-3)"
65.54.188.139 - - [20/Jun/2005:12:35:16 +0200] "GET /wiki.pl?UPX HTTP/1.0" 200 2076 "-" "msnbot/1.0 (+http://search.msn.com/msnbot.htm)"
65.214.44.47 - - [20/Jun/2005:12:36:00 +0200] "GET /wiki.pl?/CAB HTTP/1.0" 200 68 "-" "Mozilla/2.0 (compatible; Ask Jeeves/Teoma; +http://sp.ask.com/docs/about/tech_crawling.html)"
159.134.94.21 - - [20/Jun/2005:12:36:36 +0200] "GET / HTTP/1.1" 200 3381 "http://www.wxwidgets.org/docs.htm" "Mozilla/4.0 (compatible; MSIE 5.01; Windows NT 5.0)"
159.134.94.21 - - [20/Jun/2005:12:36:36 +0200] "GET /wxwiki.css HTTP/1.1" 200 1540 "http://wiki.wxwidgets.org/" "Mozilla/4.0 (compatible; MSIE 5.01; Windows NT 5.0)"
159.134.94.21 - - [20/Jun/2005:12:36:36 +0200] "GET /wximages/wxwidgets02-small.png HTTP/1.1" 200 12468 "http://wiki.wxwidgets.org/" "Mozilla/4.0 (compatible; MSIE 5.01; Windows NT 5.0)"
159.134.94.21 - - [20/Jun/2005:12:36:54 +0200] "GET /wiki.pl?Table_Of_Contents HTTP/1.1" 200 26242 "http://wiki.wxwidgets.org/" "Mozilla/4.0 (compatible; MSIE 5.01; Windows NT 5.0)"
68.142.251.90 - - [20/Jun/2005:12:36:55 +0200] "GET /wiki.pl?Dev-Cpp_Instructions HTTP/1.0" 200 2044 "-" "Mozilla/5.0 (compatible; Yahoo! Slurp; http://help.yahoo.com/help/us/ysearch/slurp)"
159.134.94.21 - - [20/Jun/2005:12:37:15 +0200] "GET /wiki.pl?Dev-CPP_Setup_Guide HTTP/1.1" 200 10495 "http://wiki.wxwidgets.org/wiki.pl?Table_Of_Contents" "Mozilla/4.0 (compatible; MSIE 5.01; Windows NT 5.0)"
207.46.98.84 - - [20/Jun/2005:12:37:42 +0200] "GET /wiki.pl?Mac_OS_X_And_Xcode_1.1_Setup_Guide HTTP/1.0" 200 25202 "-" "msnbot/1.0 (+http://search.msn.com/msnbot.htm)"
65.54.188.139 - - [20/Jun/2005:12:37:53 +0200] "GET /wiki.pl?Making_Installers HTTP/1.0" 200 2176 "-" "msnbot/1.0 (+http://search.msn.com/msnbot.htm)"
159.134.94.21 - - [20/Jun/2005:12:38:30 +0200] "GET /wiki.pl?Writing_Your_First_Application HTTP/1.1" 200 3109 "http://wiki.wxwidgets.org/wiki.pl?Table_Of_Contents" "Mozilla/4.0 (compatible; MSIE 5.01; Windows NT 5.0)"
159.134.94.21 - - [20/Jun/2005:12:38:47 +0200] "GET /wiki.pl?Hello_World HTTP/1.1" 200 5425 "http://wiki.wxwidgets.org/wiki.pl?Writing_Your_First_Application" "Mozilla/4.0 (compatible; MSIE 5.01; Windows NT 5.0)"
159.134.94.21 - - [20/Jun/2005:12:39:34 +0200] "GET /wiki.pl?Using_WxFrame HTTP/1.1" 200 2772 "http://wiki.wxwidgets.org/wiki.pl?Writing_Your_First_Application" "Mozilla/4.0 (compatible; MSIE 5.01; Windows NT 5.0)"
159.134.94.21 - - [20/Jun/2005:12:39:45 +0200] "GET /wiki.pl?Creating_A_Frame HTTP/1.1" 200 2964 "http://wiki.wxwidgets.org/wiki.pl?Using_WxFrame" "Mozilla/4.0 (compatible; MSIE 5.01; Windows NT 5.0)"
159.134.94.21 - - [20/Jun/2005:12:40:10 +0200] "GET /wiki.pl?The_Frame_Constructor HTTP/1.1" 200 2947 "http://wiki.wxwidgets.org/wiki.pl?Using_WxFrame" "Mozilla/4.0 (compatible; MSIE 5.01; Windows NT 5.0)"
159.134.94.21 - - [20/Jun/2005:12:40:23 +0200] "GET /wiki.pl?Adding_A_Control HTTP/1.1" 200 4478 "http://wiki.wxwidgets.org/wiki.pl?Using_WxFrame" "Mozilla/4.0 (compatible; MSIE 5.01; Windows NT 5.0)"
65.54.188.139 - - [20/Jun/2005:12:40:26 +0200] "GET /wiki.pl?Windows HTTP/1.0" 200 3564 "-" "msnbot/1.0 (+http://search.msn.com/msnbot.htm)"
159.134.94.21 - - [20/Jun/2005:12:40:35 +0200] "GET /wiki.pl?The_Frame_Constructor HTTP/1.1" 200 2947 "http://wiki.wxwidgets.org/wiki.pl?Using_WxFrame" "Mozilla/4.0 (compatible; MSIE 5.01; Windows NT 5.0)"
81.137.197.19 - - [20/Jun/2005:12:41:00 +0200] "GET /wxwiki.css HTTP/1.1" 200 1540 "http://wiki.wxwidgets.org/wiki.pl?WxMac_Issues" "Mozilla/5.0 (Windows; U; Windows NT 5.0; en-GB; rv:1.7.8) Gecko/20050511 Firefox/1.0.4"
81.137.197.19 - - [20/Jun/2005:12:41:00 +0200] "GET /wximages/wxwidgets02-small.png HTTP/1.1" 200 12468 "http://wiki.wxwidgets.org/wiki.pl?WxMac_Issues" "Mozilla/5.0 (Windows; U; Windows NT 5.0; en-GB; rv:1.7.8) Gecko/20050511 Firefox/1.0.4"
81.137.197.19 - - [20/Jun/2005:12:41:00 +0200] "GET /wiki.pl?WxMac_Issues HTTP/1.1" 200 21584 "http://www.google.co.uk/search?q=os+8.6+custom+icon+missing&sourceid=mozilla-search&start=0&start=0&ie=utf-8&oe=utf-8&client=firefox-a&rls=org.mozilla:en-GB:official" "Mozilla/5.0 (Windows; U; Windows NT 5.0; en-GB; rv:1.7.8) Gecko/20050511 Firefox/1.0.4"
81.137.197.19 - - [20/Jun/2005:12:41:00 +0200] "GET /favicon.ico HTTP/1.1" 200 3262 "-" "Mozilla/5.0 (Windows; U; Windows NT 5.0; en-GB; rv:1.7.8) Gecko/20050511 Firefox/1.0.4"
65.54.188.139 - - [20/Jun/2005:12:41:59 +0200] "GET /wiki.pl?back=Subclassing+WxControl HTTP/1.0" 200 1716 "-" "msnbot/1.0 (+http://search.msn.com/msnbot.htm)"
65.54.188.139 - - [20/Jun/2005:12:43:21 +0200] "GET /wiki.pl?back=Binary+Files HTTP/1.0" 200 1652 "-" "msnbot/1.0 (+http://search.msn.com/msnbot.htm)"
217.83.121.59 - - [20/Jun/2005:12:44:24 +0200] "GET /wiki.pl?WxWidgets_Bounties HTTP/1.1" 200 8873 "http://wxwidgets.org/toolbar.htm" "Mozilla/5.0 (Windows; U; Windows NT 5.1; rv:1.7.3) Gecko/20041001 Firefox/0.10.1"
220.200.120.139 - - [20/Jun/2005:12:44:25 +0200] "GET /wximages/wxwidgets02-small.png HTTP/1.1" 200 12468 "http://blog.vckbase.com/bastet/" "Mozilla/4.0 (compatible; MSIE 6.0; Windows NT 5.1; SV1)"
65.54.188.139 - - [20/Jun/2005:12:44:35 +0200] "GET /wiki.pl?back=ODBC HTTP/1.0" 200 2990 "-" "msnbot/1.0 (+http://search.msn.com/msnbot.htm)"
159.134.94.21 - - [20/Jun/2005:12:44:57 +0200] "GET /wiki.pl?Using_WxFrame HTTP/1.1" 200 2772 "http://wiki.wxwidgets.org/wiki.pl?Writing_Your_First_Application" "Mozilla/4.0 (compatible; MSIE 5.01; Windows NT 5.0)"
67.40.147.28 - - [20/Jun/2005:12:45:11 +0200] "GET /wiki.pl?RecentChanges HTTP/1.1" 200 11695 "http://wiki.wxwidgets.org/wiki.pl?Reducing_Executable_Size" "Mozilla/5.0 (Windows; U; Windows NT 5.1; en-US; rv:1.7.8) Gecko/20050511 Firefox/1.0.4"
67.40.147.28 - - [20/Jun/2005:12:45:20 +0200] "GET /wiki.pl?Precompiled_Headers HTTP/1.1" 200 5388 "http://wiki.wxwidgets.org/wiki.pl?RecentChanges" "Mozilla/5.0 (Windows; U; Windows NT 5.1; en-US; rv:1.7.8) Gecko/20050511 Firefox/1.0.4"
159.134.94.21 - - [20/Jun/2005:12:45:29 +0200] "GET /wiki.pl?Adding_A_Control HTTP/1.1" 200 4478 "http://wiki.wxwidgets.org/wiki.pl?Using_WxFrame" "Mozilla/4.0 (compatible; MSIE 5.01; Windows NT 5.0)"
61.50.186.238 - - [20/Jun/2005:12:45:36 +0200] "GET /wximages/wxwidgets02-small.png HTTP/1.1" 200 12468 "http://blog.vckbase.com/bastet/" "Mozilla/4.0 (compatible; MSIE 6.0; Windows NT 5.1; SV1)"
159.134.94.21 - - [20/Jun/2005:12:45:46 +0200] "GET /wiki.pl?Adding_A_Menubar HTTP/1.1" 200 4609 "http://wiki.wxwidgets.org/wiki.pl?Using_WxFrame" "Mozilla/4.0 (compatible; MSIE 5.01; Windows NT 5.0)"
159.134.94.21 - - [20/Jun/2005:12:45:56 +0200] "GET /wiki.pl?Adding_A_Statusbar HTTP/1.1" 200 3292 "http://wiki.wxwidgets.org/wiki.pl?Using_WxFrame" "Mozilla/4.0 (compatible; MSIE 5.01; Windows NT 5.0)"
193.253.54.23 - - [20/Jun/2005:12:46:03 +0200] "GET /wiki.pl?WxWidgets_Bounties HTTP/1.1" 200 8873 "http://www.wxwidgets.org/toolbar.htm" "Mozilla/4.0 (compatible; MSIE 6.0; Windows NT 5.0; .NET CLR 1.1.4322)"
193.253.54.23 - - [20/Jun/2005:12:46:03 +0200] "GET /wxwiki.css HTTP/1.1" 200 1540 "http://wiki.wxwidgets.org/wiki.pl?WxWidgets_Bounties" "Mozilla/4.0 (compatible; MSIE 6.0; Windows NT 5.0; .NET CLR 1.1.4322)"
193.253.54.23 - - [20/Jun/2005:12:46:04 +0200] "GET /wximages/wxwidgets02-small.png HTTP/1.1" 200 12468 "http://wiki.wxwidgets.org/wiki.pl?WxWidgets_Bounties" "Mozilla/4.0 (compatible; MSIE 6.0; Windows NT 5.0; .NET CLR 1.1.4322)"
159.134.94.21 - - [20/Jun/2005:12:46:11 +0200] "GET /wiki.pl?Processing_Menu_Events HTTP/1.1" 200 2814 "http://wiki.wxwidgets.org/wiki.pl?Using_WxFrame" "Mozilla/4.0 (compatible; MSIE 5.01; Windows NT 5.0)"
65.54.188.139 - - [20/Jun/2005:12:46:16 +0200] "GET /wiki.pl?VZ HTTP/1.0" 200 1722 "-" "msnbot/1.0 (+http://search.msn.com/msnbot.htm)"
159.134.94.21 - - [20/Jun/2005:12:46:32 +0200] "GET /wiki.pl?Events HTTP/1.1" 200 8542 "http://wiki.wxwidgets.org/wiki.pl?Processing_Menu_Events" "Mozilla/4.0 (compatible; MSIE 5.01; Windows NT 5.0)"
65.54.188.139 - - [20/Jun/2005:12:46:35 +0200] "GET /wiki.pl?back=MSVC+Setup+Guide+For+Wx+2.5.4+And+Later HTTP/1.0" 200 1788 "-" "msnbot/1.0 (+http://search.msn.com/msnbot.htm)"
159.134.94.21 - - [20/Jun/2005:12:46:51 +0200] "GET /wiki.pl?The_Full_Implementation_Of_The_TextFrame_Class HTTP/1.1" 200 5248 "http://wiki.wxwidgets.org/wiki.pl?Processing_Menu_Events" "Mozilla/4.0 (compatible; MSIE 5.01; Windows NT 5.0)"
159.134.94.21 - - [20/Jun/2005:12:47:09 +0200] "GET /wiki.pl?WxSizer HTTP/1.1" 200 9898 "http://wiki.wxwidgets.org/wiki.pl?Writing_Your_First_Application" "Mozilla/4.0 (compatible; MSIE 5.01; Windows NT 5.0)"
65.54.188.139 - - [20/Jun/2005:12:47:38 +0200] "GET /wiki.pl?back=WxIcon HTTP/1.0" 200 2454 "-" "msnbot/1.0 (+http://search.msn.com/msnbot.htm)"
65.54.188.139 - - [20/Jun/2005:12:47:42 +0200] "GET /wiki.pl?back=Documentation+System HTTP/1.0" 200 2063 "-" "msnbot/1.0 (+http://search.msn.com/msnbot.htm)"
219.129.10.74 - - [20/Jun/2005:12:47:51 +0200] "GET /wximages/wxwidgets02-small.png HTTP/1.1" 200 12468 "http://blog.vckbase.com/bastet/" "Mozilla/4.0 (compatible; MSIE 6.0; Windows NT 5.1; MyIE2; SV1; Maxthon)"
207.46.98.84 - - [20/Jun/2005:12:48:03 +0200] "GET /wiki.pl?Sandbox HTTP/1.0" 200 6685 "-" "msnbot/1.0 (+http://search.msn.com/msnbot.htm)"
213.5.54.211 - - [20/Jun/2005:12:48:58 +0200] "GET /wiki.pl?RecentChanges HTTP/1.1" 200 11695 "-" "Mozilla/5.0 (X11; U; Linux i686; en-US; rv:1.7.8) Gecko/20050511 Firefox/1.0.4 SUSE/1.0.4-0.3"
213.5.54.211 - - [20/Jun/2005:12:49:06 +0200] "GET /docs.cgi?q=cross-compile&target=wiki HTTP/1.1" 200 261 "http://wiki.wxwidgets.org/wiki.pl?RecentChanges" "Mozilla/5.0 (X11; U; Linux i686; en-US; rv:1.7.8) Gecko/20050511 Firefox/1.0.4 SUSE/1.0.4-0.3"
213.5.54.211 - - [20/Jun/2005:12:49:06 +0200] "GET /man.cgi?q=cross-compile&target=wiki HTTP/1.1" 200 148 "http://wiki.wxwidgets.org/docs.cgi?q=cross-compile&target=wiki" "Mozilla/5.0 (X11; U; Linux i686; en-US; rv:1.7.8) Gecko/20050511 Firefox/1.0.4 SUSE/1.0.4-0.3"
213.5.54.211 - - [20/Jun/2005:12:49:07 +0200] "GET /wiki.pl?search=cross-compile&dosearch=1 HTTP/1.1" 200 1665 "-" "Mozilla/5.0 (X11; U; Linux i686; en-US; rv:1.7.8) Gecko/20050511 Firefox/1.0.4 SUSE/1.0.4-0.3"
213.5.54.211 - - [20/Jun/2005:12:49:10 +0200] "GET /wiki.pl?Cross-Compiling_Under_Linux HTTP/1.1" 200 8213 "http://wiki.wxwidgets.org/wiki.pl?search=cross-compile&dosearch=1" "Mozilla/5.0 (X11; U; Linux i686; en-US; rv:1.7.8) Gecko/20050511 Firefox/1.0.4 SUSE/1.0.4-0.3"
130.186.7.22 - - [20/Jun/2005:12:49:13 +0200] "GET /wiki.pl?MSVC_Setup_Guide HTTP/1.1" 200 18691 "http://www.google.it/search?hl=it&client=firefox-a&rls=org.mozilla:it-IT:official_s&q=MSVCRT.lib(crtexe.obj)+:+error+LNK2001:+unresolved+external+symbol+_main&spell=1" "Mozilla/5.0 (Windows; U; Windows NT 5.1; it-IT; rv:1.7.8) Gecko/20050511 Firefox/1.0.4"
130.186.7.22 - - [20/Jun/2005:12:49:13 +0200] "GET /wxwiki.css HTTP/1.1" 200 1540 "http://wiki.wxwidgets.org/wiki.pl?MSVC_Setup_Guide" "Mozilla/5.0 (Windows; U; Windows NT 5.1; it-IT; rv:1.7.8) Gecko/20050511 Firefox/1.0.4"
130.186.7.22 - - [20/Jun/2005:12:49:13 +0200] "GET /wximages/wxwidgets02-small.png HTTP/1.1" 200 12468 "http://wiki.wxwidgets.org/wiki.pl?MSVC_Setup_Guide" "Mozilla/5.0 (Windows; U; Windows NT 5.1; it-IT; rv:1.7.8) Gecko/20050511 Firefox/1.0.4"
130.186.7.22 - - [20/Jun/2005:12:49:13 +0200] "GET /favicon.ico HTTP/1.1" 200 3262 "-" "Mozilla/5.0 (Windows; U; Windows NT 5.1; it-IT; rv:1.7.8) Gecko/20050511 Firefox/1.0.4"
159.134.94.21 - - [20/Jun/2005:12:49:32 +0200] "GET /wiki.pl?Using_WxFrame HTTP/1.1" 200 2772 "http://wiki.wxwidgets.org/wiki.pl?Writing_Your_First_Application" "Mozilla/4.0 (compatible; MSIE 5.01; Windows NT 5.0)"
130.186.7.22 - - [20/Jun/2005:12:49:34 +0200] "GET /wiki.pl?WxWiki HTTP/1.1" 200 3381 "http://wiki.wxwidgets.org/wiki.pl?MSVC_Setup_Guide" "Mozilla/5.0 (Windows; U; Windows NT 5.1; it-IT; rv:1.7.8) Gecko/20050511 Firefox/1.0.4"
130.186.7.22 - - [20/Jun/2005:12:50:02 +0200] "GET /wiki.pl?MSVC_Setup_Guide HTTP/1.1" 200 18691 "http://www.google.it/search?hl=it&client=firefox-a&rls=org.mozilla:it-IT:official_s&q=MSVCRT.lib(crtexe.obj)+:+error+LNK2001:+unresolved+external+symbol+_main&spell=1" "Mozilla/5.0 (Windows; U; Windows NT 5.1; it-IT; rv:1.7.8) Gecko/20050511 Firefox/1.0.4"
130.186.7.22 - - [20/Jun/2005:12:50:25 +0200] "GET /wiki.pl?MSVC_Setup_Guide HTTP/1.1" 200 18691 "http://www.google.it/search?hl=it&client=firefox-a&rls=org.mozilla:it-IT:official_s&q=MSVCRT.lib(crtexe.obj)+:+error+LNK2001:+unresolved+external+symbol+_main&spell=1" "Mozilla/5.0 (Windows; U; Windows NT 5.1; it-IT; rv:1.7.8) Gecko/20050511 Firefox/1.0.4"
81.240.218.219 - - [20/Jun/2005:12:50:36 +0200] "GET /wiki.pl?Reducing_Executable_Size HTTP/1.1" 200 5549 "http://wiki.wxwidgets.org/wiki.pl?Table_Of_Contents" "Mozilla/5.0 (Windows; U; Windows NT 5.1; de-DE; rv:1.7.8) Gecko/20050511 Firefox/1.0.4"
65.54.188.139 - - [20/Jun/2005:12:51:18 +0200] "GET /wiki.pl?back=The+MegaPOV+Tools+For+Using+DocBook HTTP/1.0" 200 1791 "-" "msnbot/1.0 (+http://search.msn.com/msnbot.htm)"
159.134.94.21 - - [20/Jun/2005:12:51:20 +0200] "GET /wiki.pl?Writing_Your_First_Application/Introduction HTTP/1.1" 200 7803 "http://wiki.wxwidgets.org/wiki.pl?Writing_Your_First_Application" "Mozilla/4.0 (compatible; MSIE 5.01; Windows NT 5.0)"
159.134.94.21 - - [20/Jun/2005:12:51:46 +0200] "GET /wiki.pl?Writing_Your_First_Application/Common_Dialogs HTTP/1.1" 200 10157 "http://wiki.wxwidgets.org/wiki.pl?Writing_Your_First_Application" "Mozilla/4.0 (compatible; MSIE 5.01; Windows NT 5.0)"
130.186.7.22 - - [20/Jun/2005:12:52:28 +0200] "GET /wiki.pl?MSVC_Setup_Guide HTTP/1.1" 200 18691 "http://www.google.it/search?client=firefox-a&rls=org.mozilla%3Ait-IT%3Aofficial_s&hl=it&q=Start+with+a+Win32+App+and+the+linker+won%27t+miss+the+_main.&meta=&btnG=Cerca+con+Google" "Mozilla/5.0 (Windows; U; Windows NT 5.1; it-IT; rv:1.7.8) Gecko/20050511 Firefox/1.0.4"
218.22.38.186 - - [20/Jun/2005:12:53:52 +0200] "GET /wximages/wxwidgets02-small.png HTTP/1.1" 200 12468 "http://blog.vckbase.com/bastet/" "Mozilla/4.0 (compatible; MSIE 6.0; Windows NT 5.0)"
195.205.15.3 - - [20/Jun/2005:12:54:09 +0200] "GET /wiki.pl?WxTextCtrl HTTP/1.1" 200 5931 "http://www.google.pl/search?hl=pl&q=scrolling+wxTextCtrl&lr=" "Mozilla/4.0 (compatible; MSIE 6.0; Windows NT 5.1; SV1; .NET CLR 1.1.4322; .NET CLR 1.0.3705)"
195.205.15.3 - - [20/Jun/2005:12:54:09 +0200] "GET /wximages/wxwidgets02-small.png HTTP/1.1" 200 12468 "http://wiki.wxwidgets.org/wiki.pl?WxTextCtrl" "Mozilla/4.0 (compatible; MSIE 6.0; Windows NT 5.1; SV1; .NET CLR 1.1.4322; .NET CLR 1.0.3705)"
195.205.15.3 - - [20/Jun/2005:12:54:09 +0200] "GET /wxwiki.css HTTP/1.1" 200 1540 "http://wiki.wxwidgets.org/wiki.pl?WxTextCtrl" "Mozilla/4.0 (compatible; MSIE 6.0; Windows NT 5.1; SV1; .NET CLR 1.1.4322; .NET CLR 1.0.3705)"
65.214.44.47 - - [20/Jun/2005:12:54:44 +0200] "GET /wiki.pl?VIM HTTP/1.0" 200 1910 "-" "Mozilla/2.0 (compatible; Ask Jeeves/Teoma; +http://sp.ask.com/docs/about/tech_crawling.html)"
129.185.75.10 - - [20/Jun/2005:12:55:28 +0200] "GET /wiki.pl?WxWidgets_Bounties HTTP/1.1" 200 8873 "http://www.wxwidgets.org/toolbar.htm" "Mozilla/5.0 (X11; U; Linux i686; en-US; rv:1.7.3) Gecko/20040922"
80.126.82.63 - - [20/Jun/2005:12:56:15 +0200] "GET /wiki.pl?Developers_Notebook/WxWinCE HTTP/1.1" 200 7602 "http://www.wxwidgets.org/embedded.htm" "Mozilla/4.0 (compatible; MSIE 6.0; Windows NT 5.0; .NET CLR 1.1.4322)"
219.128.164.82 - - [20/Jun/2005:12:56:15 +0200] "GET /wximages/wxwidgets02-small.png HTTP/1.1" 304 - "http://blog.vckbase.com/bastet/" "Mozilla/4.0 (compatible; MSIE 6.0; Windows NT 5.1; SV1)"
80.126.82.63 - - [20/Jun/2005:12:56:15 +0200] "GET /wxwiki.css HTTP/1.1" 200 1540 "http://wiki.wxwidgets.org/wiki.pl?Developers_Notebook/WxWinCE" "Mozilla/4.0 (compatible; MSIE 6.0; Windows NT 5.0; .NET CLR 1.1.4322)"
80.126.82.63 - - [20/Jun/2005:12:56:15 +0200] "GET /wximages/wxwidgets02-small.png HTTP/1.1" 200 12468 "http://wiki.wxwidgets.org/wiki.pl?Developers_Notebook/WxWinCE" "Mozilla/4.0 (compatible; MSIE 6.0; Windows NT 5.0; .NET CLR 1.1.4322)"
80.126.82.63 - - [20/Jun/2005:12:56:35 +0200] "GET /wiki.pl?Developers_Notebook/WxWinCECompiling HTTP/1.1" 200 11076 "http://wiki.wxwidgets.org/wiki.pl?Developers_Notebook/WxWinCE" "Mozilla/4.0 (compatible; MSIE 6.0; Windows NT 5.0; .NET CLR 1.1.4322)"
219.144.12.248 - - [20/Jun/2005:12:58:06 +0200] "GET /wximages/wxwidgets02-small.png HTTP/1.1" 200 12468 "http://blog.vckbase.com/bastet/" "Mozilla/4.0 (compatible; MSIE 6.0; Windows NT 5.1; SV1; Poco 0.31)"
210.77.116.144 - - [20/Jun/2005:12:58:36 +0200] "GET /wximages/wxwidgets02-small.png HTTP/1.1" 200 12468 "http://blog.vckbase.com/bastet/" "Mozilla/4.0 (compatible; MSIE 6.0; Windows NT 5.0)"
85.18.23.2 - - [20/Jun/2005:12:58:43 +0200] "GET /wiki.pl?WxLog HTTP/1.1" 200 3068 "http://groups-beta.google.com/group/comp.lang.ruby/browse_thread/thread/892c14fb007bb39e/82e5b4f309b66eb0?q=wxruby&rnum=1&hl=en" "Mozilla/4.0 (compatible; MSIE 6.0; Windows NT 5.1; en) Opera 8.01"
85.18.23.2 - - [20/Jun/2005:12:58:43 +0200] "GET /wxwiki.css HTTP/1.1" 200 1540 "http://wiki.wxwidgets.org/wiki.pl?WxLog" "Mozilla/4.0 (compatible; MSIE 6.0; Windows NT 5.1; en) Opera 8.01"
85.18.23.2 - - [20/Jun/2005:12:58:43 +0200] "GET /wximages/wxwidgets02-small.png HTTP/1.1" 200 12468 "http://wiki.wxwidgets.org/wiki.pl?WxLog" "Mozilla/4.0 (compatible; MSIE 6.0; Windows NT 5.1; en) Opera 8.01"
85.18.23.2 - - [20/Jun/2005:12:58:43 +0200] "GET /favicon.ico HTTP/1.1" 200 3262 "http://wiki.wxwidgets.org/wiki.pl?WxLog" "Mozilla/4.0 (compatible; MSIE 6.0; Windows NT 5.1; en) Opera 8.01"
207.46.98.84 - - [20/Jun/2005:12:59:38 +0200] "GET /wiki.pl?Tim_Griesser HTTP/1.0" 200 1920 "-" "msnbot/1.0 (+http://search.msn.com/msnbot.htm)"
207.46.98.84 - - [20/Jun/2005:12:59:51 +0200] "GET /wiki.pl?back=JaakkoSalli HTTP/1.0" 200 1526 "-" "msnbot/1.0 (+http://search.msn.com/msnbot.htm)"
193.201.231.126 - - [20/Jun/2005:13:00:59 +0200] "GET /wxwiki.css HTTP/1.1" 304 - "-" "-"
193.201.231.126 - - [20/Jun/2005:13:01:00 +0200] "GET /wximages/wxwidgets02-small.png HTTP/1.1" 304 - "-" "-"
193.201.231.126 - - [20/Jun/2005:13:01:02 +0200] "GET /wiki.pl?Table_Of_Contents HTTP/1.1" 200 26242 "-" "-"
207.46.98.84 - - [20/Jun/2005:13:01:28 +0200] "GET /wiki.pl?TODO HTTP/1.0" 200 1857 "-" "msnbot/1.0 (+http://search.msn.com/msnbot.htm)"
218.83.123.145 - - [20/Jun/2005:13:01:56 +0200] "GET /wximages/wxwidgets02-small.png HTTP/1.1" 200 12468 "http://blog.vckbase.com/bastet/" "Mozilla/4.0 (compatible; MSIE 6.0; Windows NT 5.1; SV1)"
65.54.188.139 - - [20/Jun/2005:13:02:18 +0200] "GET /wiki.pl?action=rc&from=1119259539 HTTP/1.0" 200 2433 "-" "msnbot/1.0 (+http://search.msn.com/msnbot.htm)"
80.168.188.77 - - [20/Jun/2005:13:03:48 +0200] "GET /wiki.pl?Compiling_WxWidgets_With_MSYS/MinGW HTTP/1.1" 200 5269 "http://www.google.co.uk/search?hl=en&q=msys+mingw+-lSDL&btnG=Google+Search&meta=" "Mozilla/5.0 (Windows; U; Windows NT 5.1; en-GB; rv:1.7.8) Gecko/20050511 Firefox/1.0.4"
80.168.188.77 - - [20/Jun/2005:13:03:48 +0200] "GET /wxwiki.css HTTP/1.1" 200 1540 "http://wiki.wxwidgets.org/wiki.pl?Compiling_WxWidgets_With_MSYS/MinGW" "Mozilla/5.0 (Windows; U; Windows NT 5.1; en-GB; rv:1.7.8) Gecko/20050511 Firefox/1.0.4"
80.168.188.77 - - [20/Jun/2005:13:03:48 +0200] "GET /wximages/wxwidgets02-small.png HTTP/1.1" 200 12468 "http://wiki.wxwidgets.org/wiki.pl?Compiling_WxWidgets_With_MSYS/MinGW" "Mozilla/5.0 (Windows; U; Windows NT 5.1; en-GB; rv:1.7.8) Gecko/20050511 Firefox/1.0.4"
80.168.188.77 - - [20/Jun/2005:13:03:49 +0200] "GET /favicon.ico HTTP/1.1" 200 3262 "-" "Mozilla/5.0 (Windows; U; Windows NT 5.1; en-GB; rv:1.7.8) Gecko/20050511 Firefox/1.0.4"
207.46.98.84 - - [20/Jun/2005:13:04:00 +0200] "GET /wiki.pl?back=Using+XML+With+WxWidgets HTTP/1.0" 200 1823 "-" "msnbot/1.0 (+http://search.msn.com/msnbot.htm)"
207.46.98.84 - - [20/Jun/2005:13:04:10 +0200] "GET /wiki.pl?Writing_Your_First_Application HTTP/1.0" 200 3097 "-" "msnbot/1.0 (+http://search.msn.com/msnbot.htm)"
210.87.131.1 - - [20/Jun/2005:13:05:01 +0200] "GET /wximages/wxwidgets02-small.png HTTP/1.1" 200 12468 "http://blog.vckbase.com/bastet/" "Mozilla/4.0 (compatible; MSIE 5.01; Windows NT 5.0; (R1 1.3))"
68.142.250.123 - - [20/Jun/2005:13:05:22 +0200] "GET /robots.txt HTTP/1.0" 200 138 "-" "Mozilla/5.0 (compatible; Yahoo! Slurp; http://help.yahoo.com/help/us/ysearch/slurp)"
65.54.188.139 - - [20/Jun/2005:13:05:22 +0200] "GET /wiki.pl?Developers_Notebook/Bugs HTTP/1.0" 200 3333 "-" "msnbot/1.0 (+http://search.msn.com/msnbot.htm)"
65.54.188.139 - - [20/Jun/2005:13:05:55 +0200] "GET /wiki.pl?Building_Win32_Apps_On_Linux HTTP/1.0" 200 3494 "-" "msnbot/1.0 (+http://search.msn.com/msnbot.htm)"
84.163.128.202 - - [20/Jun/2005:13:06:27 +0200] "GET /_vti_bin/owssvr.dll?UL=1&ACT=4&BUILD=5606&STRMVER=4&CAPREQ=0 HTTP/1.1" 404 300 "-" "Mozilla/4.0 (compatible; MSIE 6.0; Windows NT 5.1; .NET CLR 1.1.4322)"
84.163.128.202 - - [20/Jun/2005:13:06:27 +0200] "GET /MSOffice/cltreq.asp?UL=1&ACT=4&BUILD=5606&STRMVER=4&CAPREQ=0 HTTP/1.1" 404 300 "-" "Mozilla/4.0 (compatible; MSIE 6.0; Windows NT 5.1; .NET CLR 1.1.4322)"
84.163.128.202 - - [20/Jun/2005:13:06:28 +0200] "GET /wxwiki.css HTTP/1.1" 200 1540 "http://wiki.wxwidgets.org/wiki.pl?MSVC_.NET_Setup_Guide" "Mozilla/4.0 (compatible; MSIE 6.0; Windows NT 5.1; .NET CLR 1.1.4322)"
84.163.128.202 - - [20/Jun/2005:13:06:28 +0200] "GET /wiki.pl?MSVC_.NET_Setup_Guide HTTP/1.1" 200 12582 "http://www.google.de/search?q=.NET+Creating+an+install-package&hl=de&lr=&start=20&sa=N" "Mozilla/4.0 (compatible; MSIE 6.0; Windows NT 5.1; .NET CLR 1.1.4322)"
84.163.128.202 - - [20/Jun/2005:13:06:28 +0200] "GET /wximages/wxwidgets02-small.png HTTP/1.1" 200 12468 "http://wiki.wxwidgets.org/wiki.pl?MSVC_.NET_Setup_Guide" "Mozilla/4.0 (compatible; MSIE 6.0; Windows NT 5.1; .NET CLR 1.1.4322)"
84.143.161.175 - - [20/Jun/2005:13:07:09 +0200] "GET /wiki.pl?Developers_Notebook/WxWinCE HTTP/1.1" 200 7602 "http://www.wxwidgets.org/embedded.htm" "Mozilla/5.0 (X11; U; Linux i686; de-AT; rv:1.7.8) Gecko/20050517 Firefox/1.0.4 (Debian package 1.0.4-2)"
84.143.161.175 - - [20/Jun/2005:13:07:09 +0200] "GET /wxwiki.css HTTP/1.1" 200 1540 "http://wiki.wxwidgets.org/wiki.pl?Developers_Notebook/WxWinCE" "Mozilla/5.0 (X11; U; Linux i686; de-AT; rv:1.7.8) Gecko/20050517 Firefox/1.0.4 (Debian package 1.0.4-2)"
84.143.161.175 - - [20/Jun/2005:13:07:09 +0200] "GET /wximages/wxwidgets02-small.png HTTP/1.1" 200 12468 "http://wiki.wxwidgets.org/wiki.pl?Developers_Notebook/WxWinCE" "Mozilla/5.0 (X11; U; Linux i686; de-AT; rv:1.7.8) Gecko/20050517 Firefox/1.0.4 (Debian package 1.0.4-2)"
84.143.161.175 - - [20/Jun/2005:13:07:10 +0200] "GET /favicon.ico HTTP/1.1" 200 3262 "-" "Mozilla/5.0 (X11; U; Linux i686; de-AT; rv:1.7.8) Gecko/20050517 Firefox/1.0.4 (Debian package 1.0.4-2)"
67.40.147.28 - - [20/Jun/2005:13:07:13 +0200] "GET /wiki.pl?WxGLCanvas HTTP/1.1" 200 12561 "http://www.google.com/search?q=wxglcanvas&sourceid=mozilla-search&start=0&start=0&ie=utf-8&oe=utf-8&client=firefox-a&rls=org.mozilla:en-US:official" "Mozilla/5.0 (Windows; U; Windows NT 5.1; en-US; rv:1.7.8) Gecko/20050511 Firefox/1.0.4"
222.226.79.77 - - [20/Jun/2005:13:07:35 +0200] "GET / HTTP/1.1" 200 3381 "-" "Mozilla/4.0 (compatible; MSIE 6.0; Windows NT 5.1; SV1; .NET CLR 1.1.4322; .NET CLR 2.0.50215)"
222.226.79.77 - - [20/Jun/2005:13:07:36 +0200] "GET /wxwiki.css HTTP/1.1" 200 1540 "http://wiki.wxwidgets.org/" "Mozilla/4.0 (compatible; MSIE 6.0; Windows NT 5.1; SV1; .NET CLR 1.1.4322; .NET CLR 2.0.50215)"
222.226.79.77 - - [20/Jun/2005:13:07:36 +0200] "GET /wximages/wxwidgets02-small.png HTTP/1.1" 200 12468 "http://wiki.wxwidgets.org/" "Mozilla/4.0 (compatible; MSIE 6.0; Windows NT 5.1; SV1; .NET CLR 1.1.4322; .NET CLR 2.0.50215)"
218.80.126.142 - - [20/Jun/2005:13:08:37 +0200] "GET /wximages/wxwidgets02-small.png HTTP/1.1" 200 12468 "http://blog.vckbase.com/bastet/" "Mozilla/4.0 (compatible; MSIE 6.0; Windows NT 5.1; SV1)"
207.46.98.84 - - [20/Jun/2005:13:10:17 +0200] "GET /wiki.pl?How_To_Use_This_Wiki HTTP/1.0" 200 4977 "-" "msnbot/1.0 (+http://search.msn.com/msnbot.htm)"
130.161.188.212 - - [20/Jun/2005:13:10:44 +0200] "GET /wiki.pl?WxWidgets_Vacancies HTTP/1.0" 200 3590 "http://www.wxwidgets.org/toolbar.htm" "Mozilla/5.0 (X11; U; Linux i686; en-US; rv:1.7.8) Gecko/20050511 Firefox/1.0.4 SUSE/1.0.4-1.1"
130.161.188.212 - - [20/Jun/2005:13:10:44 +0200] "GET /wxwiki.css HTTP/1.0" 200 1540 "http://wiki.wxwidgets.org/wiki.pl?WxWidgets_Vacancies" "Mozilla/5.0 (X11; U; Linux i686; en-US; rv:1.7.8) Gecko/20050511 Firefox/1.0.4 SUSE/1.0.4-1.1"
130.161.188.212 - - [20/Jun/2005:13:10:44 +0200] "GET /wximages/wxwidgets02-small.png HTTP/1.0" 200 12468 "http://wiki.wxwidgets.org/wiki.pl?WxWidgets_Vacancies" "Mozilla/5.0 (X11; U; Linux i686; en-US; rv:1.7.8) Gecko/20050511 Firefox/1.0.4 SUSE/1.0.4-1.1"
130.161.188.212 - - [20/Jun/2005:13:10:45 +0200] "GET /favicon.ico HTTP/1.0" 200 3262 "-" "Mozilla/5.0 (X11; U; Linux i686; en-US; rv:1.7.8) Gecko/20050511 Firefox/1.0.4 SUSE/1.0.4-1.1"
65.54.188.139 - - [20/Jun/2005:13:11:03 +0200] "GET /wiki.pl?back=Thesz HTTP/1.0" 200 1605 "-" "msnbot/1.0 (+http://search.msn.com/msnbot.htm)"
84.180.62.73 - - [20/Jun/2005:13:11:09 +0200] "GET /wiki.pl?Eclipse HTTP/1.1" 200 5724 "http://www.google.de/search?hl=de&q=eclipse+wxwidgets&btnG=Google-Suche&meta=" "Mozilla/5.0 (X11; U; Linux i686; rv:1.7.8) Gecko/20050513 Debian/1.7.8-1"
84.180.62.73 - - [20/Jun/2005:13:11:10 +0200] "GET /wxwiki.css HTTP/1.1" 200 1540 "http://wiki.wxwidgets.org/wiki.pl?Eclipse" "Mozilla/5.0 (X11; U; Linux i686; rv:1.7.8) Gecko/20050513 Debian/1.7.8-1"
84.180.62.73 - - [20/Jun/2005:13:11:10 +0200] "GET /wximages/wxwidgets02-small.png HTTP/1.1" 200 12468 "http://wiki.wxwidgets.org/wiki.pl?Eclipse" "Mozilla/5.0 (X11; U; Linux i686; rv:1.7.8) Gecko/20050513 Debian/1.7.8-1"
203.197.90.74 - - [20/Jun/2005:13:11:53 +0200] "GET / HTTP/1.0" 200 3369 "http://www.wxwidgets.org/docs.htm" "Mozilla/4.0 (compatible; MSIE 6.0; Windows NT 5.0)"
203.197.90.74 - - [20/Jun/2005:13:11:54 +0200] "GET /wxwiki.css HTTP/1.0" 304 - "http://wiki.wxwidgets.org/" "Mozilla/4.0 (compatible; MSIE 6.0; Windows NT 5.0)"
203.197.90.74 - - [20/Jun/2005:13:11:54 +0200] "GET /wximages/wxwidgets02-small.png HTTP/1.0" 304 - "http://wiki.wxwidgets.org/" "Mozilla/4.0 (compatible; MSIE 6.0; Windows NT 5.0)"
207.46.98.84 - - [20/Jun/2005:13:11:59 +0200] "GET /wiki.pl?Leio HTTP/1.0" 200 1734 "-" "msnbot/1.0 (+http://search.msn.com/msnbot.htm)"
203.197.90.74 - - [20/Jun/2005:13:12:02 +0200] "GET / HTTP/1.0" 200 3369 "http://www.wxwidgets.org/docs.htm" "Mozilla/4.0 (compatible; MSIE 6.0; Windows NT 5.0)"
203.197.90.74 - - [20/Jun/2005:13:12:02 +0200] "GET /wxwiki.css HTTP/1.0" 304 - "http://wiki.wxwidgets.org/" "Mozilla/4.0 (compatible; MSIE 6.0; Windows NT 5.0)"
203.197.90.74 - - [20/Jun/2005:13:12:03 +0200] "GET /wximages/wxwidgets02-small.png HTTP/1.0" 304 - "http://wiki.wxwidgets.org/" "Mozilla/4.0 (compatible; MSIE 6.0; Windows NT 5.0)"
203.197.90.74 - - [20/Jun/2005:13:12:14 +0200] "GET /wiki.pl?Table_Of_Contents HTTP/1.0" 200 26183 "http://wiki.wxwidgets.org/" "Mozilla/4.0 (compatible; MSIE 6.0; Windows NT 5.0)"
207.46.98.84 - - [20/Jun/2005:13:13:21 +0200] "GET /wiki.pl HTTP/1.0" 200 3369 "-" "msnbot/1.0 (+http://search.msn.com/msnbot.htm)"
65.214.44.47 - - [20/Jun/2005:13:13:29 +0200] "GET /wiki.pl?Synmo HTTP/1.0" 200 1854 "-" "Mozilla/2.0 (compatible; Ask Jeeves/Teoma; +http://sp.ask.com/docs/about/tech_crawling.html)"
65.54.188.139 - - [20/Jun/2005:13:14:17 +0200] "GET /wiki.pl?Supported_Platforms HTTP/1.0" 200 11063 "-" "msnbot/1.0 (+http://search.msn.com/msnbot.htm)"
65.54.188.139 - - [20/Jun/2005:13:14:34 +0200] "GET /wiki.pl?WxOTL HTTP/1.0" 200 3366 "-" "msnbot/1.0 (+http://search.msn.com/msnbot.htm)"
222.79.148.71 - - [20/Jun/2005:13:14:52 +0200] "GET /wximages/wxwidgets02-small.png HTTP/1.1" 200 12468 "http://blog.vckbase.com/bastet/" "Mozilla/4.0 (compatible; MSIE 6.0; Windows NT 5.1; SV1; TencentTraveler )"
207.46.98.84 - - [20/Jun/2005:13:15:08 +0200] "GET /wiki.pl?Scratchpad_Items_To_Be_Integrated_Later_Into_WxWiki HTTP/1.0" 200 8460 "-" "msnbot/1.0 (+http://search.msn.com/msnbot.htm)"
220.187.196.71 - - [20/Jun/2005:13:15:54 +0200] "GET /wximages/wxwidgets02-small.png HTTP/1.1" 200 12468 "http://blog.vckbase.com/bastet/" "Mozilla/4.0 (compatible; MSIE 6.0; Windows NT 5.1)"
207.46.98.84 - - [20/Jun/2005:13:16:05 +0200] "GET /wiki.pl?back=How+To+Use+This+Wiki HTTP/1.0" 200 1690 "-" "msnbot/1.0 (+http://search.msn.com/msnbot.htm)"
193.145.157.165 - - [20/Jun/2005:13:17:00 +0200] "GET /wiki.pl?CMake HTTP/1.1" 200 10758 "http://www.google.es/search?hl=es&q=wxWidgets+cmake&btnG=B%C3%BAsqueda&meta=" "Mozilla/5.0 (X11; U; Linux i686; es-ES; rv:1.7.8) Gecko/20050517 Firefox/1.0.4 (Debian package 1.0.4-2)"
193.145.157.165 - - [20/Jun/2005:13:17:01 +0200] "GET /wxwiki.css HTTP/1.1" 200 1540 "http://wiki.wxwidgets.org/wiki.pl?CMake" "Mozilla/5.0 (X11; U; Linux i686; es-ES; rv:1.7.8) Gecko/20050517 Firefox/1.0.4 (Debian package 1.0.4-2)"
193.145.157.165 - - [20/Jun/2005:13:17:01 +0200] "GET /wximages/wxwidgets02-small.png HTTP/1.1" 200 12468 "http://wiki.wxwidgets.org/wiki.pl?CMake" "Mozilla/5.0 (X11; U; Linux i686; es-ES; rv:1.7.8) Gecko/20050517 Firefox/1.0.4 (Debian package 1.0.4-2)"
193.145.157.165 - - [20/Jun/2005:13:17:01 +0200] "GET /favicon.ico HTTP/1.1" 200 3262 "-" "Mozilla/5.0 (X11; U; Linux i686; es-ES; rv:1.7.8) Gecko/20050517 Firefox/1.0.4 (Debian package 1.0.4-2)"
195.145.17.151 - - [20/Jun/2005:13:17:13 +0200] "GET /wiki.pl?WxWidgets_Vacancies HTTP/1.0" 200 3590 "http://www.wxwidgets.org/toolbar.htm" "Mozilla/5.0 (Windows; U; Windows NT 5.0; de-DE; rv:1.7) Gecko/20040626 Firefox/0.9.1"
195.145.17.151 - - [20/Jun/2005:13:17:14 +0200] "GET /wxwiki.css HTTP/1.0" 200 1540 "http://wiki.wxwidgets.org/wiki.pl?WxWidgets_Vacancies" "Mozilla/5.0 (Windows; U; Windows NT 5.0; de-DE; rv:1.7) Gecko/20040626 Firefox/0.9.1"
195.145.17.151 - - [20/Jun/2005:13:17:14 +0200] "GET /wximages/wxwidgets02-small.png HTTP/1.0" 200 12468 "http://wiki.wxwidgets.org/wiki.pl?WxWidgets_Vacancies" "Mozilla/5.0 (Windows; U; Windows NT 5.0; de-DE; rv:1.7) Gecko/20040626 Firefox/0.9.1"
220.166.0.128 - - [20/Jun/2005:13:17:31 +0200] "GET /wximages/wxwidgets02-small.png HTTP/1.1" 200 12468 "http://blog.vckbase.com/bastet/" "Mozilla/4.0 (compatible; MSIE 5.0; Windows 98; DigExt; (R1 1.3))"
218.66.32.227 - - [20/Jun/2005:13:17:55 +0200] "GET /wximages/wxwidgets02-small.png HTTP/1.1" 200 12468 "http://blog.vckbase.com/bastet/" "Mozilla/4.0 (compatible; MSIE 6.0; Windows NT 5.1; SV1)"
193.145.157.165 - - [20/Jun/2005:13:18:17 +0200] "GET /wiki.pl?FindWxWin.Cmake HTTP/1.1" 200 21313 "http://wiki.wxwidgets.org/wiki.pl?CMake" "Mozilla/5.0 (X11; U; Linux i686; es-ES; rv:1.7.8) Gecko/20050517 Firefox/1.0.4 (Debian package 1.0.4-2)"
193.145.157.165 - - [20/Jun/2005:13:18:25 +0200] "GET /wiki.pl?FindWxWin.Cmake HTTP/1.1" 200 21313 "http://wiki.wxwidgets.org/wiki.pl?CMake" "Mozilla/5.0 (X11; U; Linux i686; es-ES; rv:1.7.8) Gecko/20050517 Firefox/1.0.4 (Debian package 1.0.4-2)"
203.86.70.208 - - [20/Jun/2005:13:19:39 +0200] "GET /wximages/wxwidgets02-small.png HTTP/1.1" 304 - "http://blog.vckbase.com/bastet/" "Mozilla/4.0 (compatible; MSIE 6.0; Windows NT 5.1)"
213.26.65.30 - - [20/Jun/2005:13:21:23 +0200] "GET /wiki.pl? HTTP/1.0" 200 3369 "-" "Mozilla/5.0 (Windows; U; Windows NT 5.0; it-IT; rv:1.7.8) Gecko/20050511 Firefox/1.0.4"
213.26.65.30 - - [20/Jun/2005:13:21:25 +0200] "GET /wiki.pl?RecentChanges HTTP/1.0" 200 11541 "http://wiki.wxwidgets.org/wiki.pl?" "Mozilla/5.0 (Windows; U; Windows NT 5.0; it-IT; rv:1.7.8) Gecko/20050511 Firefox/1.0.4"
213.26.65.30 - - [20/Jun/2005:13:21:35 +0200] "GET /wiki.pl?Bakefile_Tips HTTP/1.0" 200 8044 "http://wiki.wxwidgets.org/wiki.pl?RecentChanges" "Mozilla/5.0 (Windows; U; Windows NT 5.0; it-IT; rv:1.7.8) Gecko/20050511 Firefox/1.0.4"
213.26.65.30 - - [20/Jun/2005:13:21:48 +0200] "GET /wiki.pl?Bakefile_Utils HTTP/1.0" 200 14452 "http://wiki.wxwidgets.org/wiki.pl?RecentChanges" "Mozilla/5.0 (Windows; U; Windows NT 5.0; it-IT; rv:1.7.8) Gecko/20050511 Firefox/1.0.4"
218.19.155.136 - - [20/Jun/2005:13:22:26 +0200] "GET /wximages/wxwidgets02-small.png HTTP/1.1" 200 12468 "http://blog.vckbase.com/bastet/" "Mozilla/4.0 (compatible; MSIE 6.0; Windows NT 5.1; TencentTraveler )"
65.54.188.139 - - [20/Jun/2005:13:23:13 +0200] "GET /wiki.pl?WxListCtrl HTTP/1.0" 200 9290 "-" "msnbot/1.0 (+http://search.msn.com/msnbot.htm)"
195.145.17.151 - - [20/Jun/2005:13:23:37 +0200] "GET /wiki.pl?WxWidgets_Bounties HTTP/1.0" 200 8846 "http://www.wxwidgets.org/toolbar.htm" "Mozilla/5.0 (Windows; U; Windows NT 5.0; de-DE; rv:1.7) Gecko/20040626 Firefox/0.9.1"
65.54.188.139 - - [20/Jun/2005:13:24:07 +0200] "GET /wiki.pl?NDoc HTTP/1.0" 200 2477 "-" "msnbot/1.0 (+http://search.msn.com/msnbot.htm)"
222.48.36.29 - - [20/Jun/2005:13:24:41 +0200] "GET /wximages/wxwidgets02-small.png HTTP/1.1" 200 12468 "http://blog.vckbase.com/bastet/" "Mozilla/4.0 (compatible; MSIE 6.0; Windows NT 5.1; HbTools 4.6.2)"
212.92.161.182 - - [20/Jun/2005:13:25:31 +0200] "GET /wiki.pl?WxWidgets_Vacancies HTTP/1.0" 200 3590 "http://www.wxwidgets.org/toolbar.htm" "Mozilla/4.0 (compatible; MSIE 6.0; Windows NT 5.1; SV1; .NET CLR 1.1.4322; .NET CLR 1.0.3705)"
212.92.161.182 - - [20/Jun/2005:13:25:31 +0200] "GET /wxwiki.css HTTP/1.0" 200 1540 "http://wiki.wxwidgets.org/wiki.pl?WxWidgets_Vacancies" "Mozilla/4.0 (compatible; MSIE 6.0; Windows NT 5.1; SV1; .NET CLR 1.1.4322; .NET CLR 1.0.3705)"
212.92.161.182 - - [20/Jun/2005:13:25:31 +0200] "GET /wximages/wxwidgets02-small.png HTTP/1.0" 200 12468 "http://wiki.wxwidgets.org/wiki.pl?WxWidgets_Vacancies" "Mozilla/4.0 (compatible; MSIE 6.0; Windows NT 5.1; SV1; .NET CLR 1.1.4322; .NET CLR 1.0.3705)"
65.54.188.139 - - [20/Jun/2005:13:26:04 +0200] "GET /wiki.pl?back=UPX HTTP/1.0" 200 1739 "-" "msnbot/1.0 (+http://search.msn.com/msnbot.htm)"
65.54.188.139 - - [20/Jun/2005:13:26:10 +0200] "GET /wiki.pl?back=VZ HTTP/1.0" 200 1874 "-" "msnbot/1.0 (+http://search.msn.com/msnbot.htm)"
222.173.23.24 - - [20/Jun/2005:13:27:30 +0200] "GET /wximages/wxwidgets02-small.png HTTP/1.1" 200 12468 "http://blog.vckbase.com/bastet/" "Mozilla/4.0 (compatible; MSIE 6.0; Windows NT 5.0; .NET CLR 1.1.4322)"
220.168.119.109 - - [20/Jun/2005:13:28:09 +0200] "GET /wximages/wxwidgets02-small.png HTTP/1.1" 200 12468 "http://blog.vckbase.com/bastet/" "Mozilla/4.0 (compatible; MSIE 6.0; Windows NT 5.1; SV1)"
222.226.79.77 - - [20/Jun/2005:13:29:43 +0200] "GET / HTTP/1.1" 200 3381 "-" "Mozilla/4.0 (compatible; MSIE 6.0; Windows NT 5.1; SV1; .NET CLR 1.1.4322; .NET CLR 2.0.50215)"
