210.5.9.197 - - [20/Jun/2005:08:08:40 +0200] "GET /wiki.pl?Table_Of_Contents HTTP/1.1" 200 26242 "-" "Mozilla/4.0 (compatible; MSIE 6.0; Windows NT 5.0; MyIE2; .NET CLR 1.1.4322)"
210.5.9.197 - - [20/Jun/2005:08:08:43 +0200] "GET /wxwiki.css HTTP/1.1" 304 - "-" "Mozilla/4.0 (compatible; MSIE 6.0; Windows NT 5.0; MyIE2; .NET CLR 1.1.4322)"
210.5.9.197 - - [20/Jun/2005:08:08:44 +0200] "GET /wximages/wxwidgets02-small.png HTTP/1.1" 304 - "-" "Mozilla/4.0 (compatible; MSIE 6.0; Windows NT 5.0; MyIE2; .NET CLR 1.1.4322)"
221.212.230.97 - - [20/Jun/2005:08:08:53 +0200] "GET /wximages/wxwidgets02-small.png HTTP/1.1" 200 12468 "http://blog.vckbase.com/bastet/" "Mozilla/4.0 (compatible; MSIE 6.0; Windows NT 5.1)"
218.2.20.227 - - [20/Jun/2005:08:09:24 +0200] "GET /wximages/wxwidgets02-small.png HTTP/1.0" 200 12468 "http://blog.vckbase.com/bastet/" "Mozilla/4.0 (compatible; MSIE 6.0; Windows NT 5.1; SV1)"
194.224.199.52 - - [20/Jun/2005:08:09:40 +0200] "GET /wiki.pl?WxBase_Eventloop HTTP/1.1" 200 2961 "http://wiki.wxwidgets.org/wiki.pl?Table_Of_Contents" "noxtrumbot/1.0 (crawler@noxtrum.com)"
210.5.9.197 - - [20/Jun/2005:08:09:58 +0200] "GET /wiki.pl?Getting_Started_With_Anthemion_Dialog_Blocks HTTP/1.1" 200 2702 "-" "Mozilla/4.0 (compatible; MSIE 6.0; Windows NT 5.0; MyIE2; .NET CLR 1.1.4322)"
210.5.9.197 - - [20/Jun/2005:08:09:59 +0200] "GET /wxwiki.css HTTP/1.1" 304 - "-" "Mozilla/4.0 (compatible; MSIE 6.0; Windows NT 5.0; MyIE2; .NET CLR 1.1.4322)"
210.5.9.197 - - [20/Jun/2005:08:10:00 +0200] "GET /wximages/wxwidgets02-small.png HTTP/1.1" 304 - "-" "Mozilla/4.0 (compatible; MSIE 6.0; Windows NT 5.0; MyIE2; .NET CLR 1.1.4322)"
210.5.9.197 - - [20/Jun/2005:08:10:38 +0200] "GET /wiki.pl?Subclassing_WxControl HTTP/1.1" 200 4288 "-" "Mozilla/4.0 (compatible; MSIE 6.0; Windows NT 5.0; MyIE2; .NET CLR 1.1.4322)"
210.5.9.197 - - [20/Jun/2005:08:10:40 +0200] "GET /wxwiki.css HTTP/1.1" 304 - "-" "Mozilla/4.0 (compatible; MSIE 6.0; Windows NT 5.0; MyIE2; .NET CLR 1.1.4322)"
194.224.199.52 - - [20/Jun/2005:08:10:41 +0200] "GET /wiki.pl?Compiler_Issues HTTP/1.1" 200 8710 "http://wiki.wxwidgets.org/wiki.pl?Table_Of_Contents" "noxtrumbot/1.0 (crawler@noxtrum.com)"
221.239.90.30 - - [20/Jun/2005:08:11:22 +0200] "GET /wximages/wxwidgets02-small.png HTTP/1.0" 200 12468 "http://blog.vckbase.com/bastet/" "Mozilla/4.0 (compatible; MSIE 6.0; Windows NT 5.0; Maxthon; .NET CLR 1.1.4322)"
194.224.199.52 - - [20/Jun/2005:08:11:41 +0200] "GET /wiki.pl?WxMac_Issues HTTP/1.1" 200 21584 "http://wiki.wxwidgets.org/wiki.pl?Table_Of_Contents" "noxtrumbot/1.0 (crawler@noxtrum.com)"
210.5.9.197 - - [20/Jun/2005:08:12:04 +0200] "GET /wiki.pl?WxBitmapButton HTTP/1.1" 200 4086 "-" "Mozilla/4.0 (compatible; MSIE 6.0; Windows NT 5.0; MyIE2; .NET CLR 1.1.4322)"
210.5.9.197 - - [20/Jun/2005:08:12:05 +0200] "GET /wxwiki.css HTTP/1.1" 304 - "-" "Mozilla/4.0 (compatible; MSIE 6.0; Windows NT 5.0; MyIE2; .NET CLR 1.1.4322)"
194.224.199.52 - - [20/Jun/2005:08:12:42 +0200] "GET /wiki.pl?WxMSW_Issues HTTP/1.1" 200 3861 "http://wiki.wxwidgets.org/wiki.pl?Table_Of_Contents" "noxtrumbot/1.0 (crawler@noxtrum.com)"
222.241.13.225 - - [20/Jun/2005:08:12:43 +0200] "GET /wximages/wxwidgets02-small.png HTTP/1.1" 200 12468 "http://blog.vckbase.com/bastet/" "Mozilla/4.0 (compatible; MSIE 5.01; Windows NT 5.0)"
194.224.199.52 - - [20/Jun/2005:08:13:42 +0200] "GET /wiki.pl?Building_Win32_Apps_On_Linux HTTP/1.1" 200 3506 "http://wiki.wxwidgets.org/wiki.pl?Table_Of_Contents" "noxtrumbot/1.0 (crawler@noxtrum.com)"
221.192.242.185 - - [20/Jun/2005:08:14:06 +0200] "GET /wximages/wxwidgets02-small.png HTTP/1.1" 200 12468 "http://blog.vckbase.com/bastet/" "Mozilla/4.0 (compatible; MSIE 6.0; Windows NT 5.1; SV1)"
61.130.204.7 - - [20/Jun/2005:08:14:23 +0200] "GET /wximages/wxwidgets02-small.png HTTP/1.1" 200 12468 "http://blog.vckbase.com/bastet/" "Mozilla/4.0 (compatible; MSIE 6.0; Windows NT 5.1; SV1; Alexa Toolbar)"
80.198.68.163 - - [20/Jun/2005:08:14:30 +0200] "GET /wiki.pl?FAQ HTTP/1.1" 200 8675 "-" "Mozilla/5.0 (compatible; Konqueror/3.3; Linux) (KHTML, like Gecko)"
80.198.68.163 - - [20/Jun/2005:08:14:30 +0200] "GET /wiki.pl?Avoiding_Memory_Leaks HTTP/1.1" 200 7450 "-" "Mozilla/5.0 (compatible; Konqueror/3.3; Linux) (KHTML, like Gecko)"
80.198.68.163 - - [20/Jun/2005:08:14:32 +0200] "GET /wxwiki.css HTTP/1.1" 200 1540 "http://wiki.wxwidgets.org/wiki.pl?FAQ" "Mozilla/5.0 (compatible; Konqueror/3.3; Linux) (KHTML, like Gecko)"
80.198.68.163 - - [20/Jun/2005:08:14:33 +0200] "GET /wximages/wxwidgets02-small.png HTTP/1.1" 200 12468 "http://wiki.wxwidgets.org/wiki.pl?Avoiding_Memory_Leaks" "Mozilla/5.0 (compatible; Konqueror/3.3; Linux) (KHTML, like Gecko)"
194.224.199.52 - - [20/Jun/2005:08:14:42 +0200] "GET /wiki.pl?Calling_The_Default_Browser_In_WxHtmlWindow HTTP/1.1" 200 3806 "http://wiki.wxwidgets.org/wiki.pl?Table_Of_Contents" "noxtrumbot/1.0 (crawler@noxtrum.com)"
65.214.44.47 - - [20/Jun/2005:08:15:26 +0200] "GET /wiki.pl?/Bugs HTTP/1.0" 200 69 "-" "Mozilla/2.0 (compatible; Ask Jeeves/Teoma; +http://sp.ask.com/docs/about/tech_crawling.html)"
194.224.199.52 - - [20/Jun/2005:08:15:42 +0200] "GET /wiki.pl?Getting_IP_Address_Of_Host HTTP/1.1" 200 2868 "http://wiki.wxwidgets.org/wiki.pl?Table_Of_Contents" "noxtrumbot/1.0 (crawler@noxtrum.com)"
218.14.89.62 - - [20/Jun/2005:08:16:00 +0200] "GET /wximages/wxwidgets02-small.png HTTP/1.1" 200 12468 "http://blog.vckbase.com/bastet/archive/2005/06/09/6274.html" "Mozilla/4.0 (compatible; MSIE 6.0; Windows NT 5.0)"
194.224.199.52 - - [20/Jun/2005:08:16:42 +0200] "GET /wiki.pl?Linking_With_Gtk_And_Running_On_Any_Linux HTTP/1.1" 200 4520 "http://wiki.wxwidgets.org/wiki.pl?Table_Of_Contents" "noxtrumbot/1.0 (crawler@noxtrum.com)"
218.65.85.47 - - [20/Jun/2005:08:16:50 +0200] "GET /wximages/wxwidgets02-small.png HTTP/1.1" 200 12468 "http://blog.vckbase.com/bastet/" "Mozilla/4.0 (compatible; MSIE 6.0; Windows 98)"
194.224.199.52 - - [20/Jun/2005:08:17:42 +0200] "GET /wiki.pl?Help_Wanted HTTP/1.1" 200 2863 "http://wiki.wxwidgets.org/wiki.pl?Table_Of_Contents" "noxtrumbot/1.0 (crawler@noxtrum.com)"
65.54.188.139 - - [20/Jun/2005:08:18:15 +0200] "GET /wiki.pl?Installing_WxWin_MinGW HTTP/1.0" 200 6200 "-" "msnbot/1.0 (+http://search.msn.com/msnbot.htm)"
194.224.199.52 - - [20/Jun/2005:08:18:42 +0200] "GET /wiki.pl?Wx_Patching HTTP/1.1" 200 2123 "http://wiki.wxwidgets.org/wiki.pl?Table_Of_Contents" "noxtrumbot/1.0 (crawler@noxtrum.com)"
213.39.172.231 - - [20/Jun/2005:08:19:14 +0200] "GET /wiki.pl?MS_Free_Tools_And_WxWidgets HTTP/1.1" 200 16120 "http://www.google.de/search?q=vc7%20cmd%20download&ie=UTF-8&oe=UTF-8" "Mozilla/5.0 (compatible; Konqueror/3.3; Linux) (KHTML, like Gecko)"
213.39.172.231 - - [20/Jun/2005:08:19:14 +0200] "GET /wxwiki.css HTTP/1.1" 200 1540 "http://wiki.wxwidgets.org/wiki.pl?MS_Free_Tools_And_WxWidgets" "Mozilla/5.0 (compatible; Konqueror/3.3; Linux) (KHTML, like Gecko)"
213.39.172.231 - - [20/Jun/2005:08:19:14 +0200] "GET /wximages/wxwidgets02-small.png HTTP/1.1" 200 12468 "http://wiki.wxwidgets.org/wiki.pl?MS_Free_Tools_And_WxWidgets" "Mozilla/5.0 (compatible; Konqueror/3.3; Linux) (KHTML, like Gecko)"
213.39.172.231 - - [20/Jun/2005:08:19:15 +0200] "GET /favicon.ico HTTP/1.1" 200 3262 "-" "Mozilla/5.0 (compatible; Konqueror/3.3; Linux) (KHTML, like Gecko)"
194.224.199.52 - - [20/Jun/2005:08:19:42 +0200] "GET /wiki.pl?WxBell HTTP/1.1" 200 2136 "http://wiki.wxwidgets.org/wiki.pl?Table_Of_Contents" "noxtrumbot/1.0 (crawler@noxtrum.com)"
82.55.111.24 - - [20/Jun/2005:08:20:29 +0200] "GET / HTTP/1.1" 200 3381 "http://www.wxwidgets.org/docs.htm" "Mozilla/5.0 (Windows; U; Windows NT 5.1; it-IT; rv:1.7.8) Gecko/20050511 Firefox/1.0.4"
82.55.111.24 - - [20/Jun/2005:08:20:29 +0200] "GET /wxwiki.css HTTP/1.1" 200 1540 "http://wiki.wxwidgets.org/" "Mozilla/5.0 (Windows; U; Windows NT 5.1; it-IT; rv:1.7.8) Gecko/20050511 Firefox/1.0.4"
82.55.111.24 - - [20/Jun/2005:08:20:29 +0200] "GET /wximages/wxwidgets02-small.png HTTP/1.1" 200 12468 "http://wiki.wxwidgets.org/" "Mozilla/5.0 (Windows; U; Windows NT 5.1; it-IT; rv:1.7.8) Gecko/20050511 Firefox/1.0.4"
82.55.111.24 - - [20/Jun/2005:08:20:30 +0200] "GET /favicon.ico HTTP/1.1" 200 3262 "-" "Mozilla/5.0 (Windows; U; Windows NT 5.1; it-IT; rv:1.7.8) Gecko/20050511 Firefox/1.0.4"
194.224.199.52 - - [20/Jun/2005:08:20:42 +0200] "GET /wiki.pl?WxBitmap HTTP/1.1" 200 4118 "http://wiki.wxwidgets.org/wiki.pl?Table_Of_Contents" "noxtrumbot/1.0 (crawler@noxtrum.com)"
218.247.158.66 - - [20/Jun/2005:08:20:56 +0200] "GET /wximages/wxwidgets02-small.png HTTP/1.1" 200 12468 "http://blog.vckbase.com/bastet/" "Mozilla/4.0 (compatible; MSIE 6.0; Windows 98)"
194.224.199.52 - - [20/Jun/2005:08:21:42 +0200] "GET /wiki.pl?WxBitmapButton HTTP/1.1" 200 4086 "http://wiki.wxwidgets.org/wiki.pl?Table_Of_Contents" "noxtrumbot/1.0 (crawler@noxtrum.com)"
211.169.72.157 - - [20/Jun/2005:08:22:28 +0200] "GET /wiki.pl?Installing_WxWin_For_MS_Free_Tools HTTP/1.0" 200 9641 "http://www.google.co.in/search?biw=1186&hl=en&q=setting+path+in+a+makefile&meta=" "Mozilla/4.0 (compatible; MSIE 6.0; Windows NT 5.1; SV1; .NET CLR 1.1.4322)"
211.169.72.157 - - [20/Jun/2005:08:22:29 +0200] "GET /wxwiki.css HTTP/1.0" 200 1540 "http://wiki.wxwidgets.org/wiki.pl?Installing_WxWin_For_MS_Free_Tools" "Mozilla/4.0 (compatible; MSIE 6.0; Windows NT 5.1; SV1; .NET CLR 1.1.4322)"
211.169.72.157 - - [20/Jun/2005:08:22:29 +0200] "GET /wximages/wxwidgets02-small.png HTTP/1.0" 200 12468 "http://wiki.wxwidgets.org/wiki.pl?Installing_WxWin_For_MS_Free_Tools" "Mozilla/4.0 (compatible; MSIE 6.0; Windows NT 5.1; SV1; .NET CLR 1.1.4322)"
194.224.199.52 - - [20/Jun/2005:08:22:42 +0200] "GET /wiki.pl?WxButton HTTP/1.1" 200 1947 "http://wiki.wxwidgets.org/wiki.pl?Table_Of_Contents" "noxtrumbot/1.0 (crawler@noxtrum.com)"
194.224.199.52 - - [20/Jun/2005:08:23:42 +0200] "GET /wiki.pl?WxCheckBox HTTP/1.1" 200 2177 "http://wiki.wxwidgets.org/wiki.pl?Table_Of_Contents" "noxtrumbot/1.0 (crawler@noxtrum.com)"
65.54.188.139 - - [20/Jun/2005:08:24:20 +0200] "GET /wiki.pl?Compiling_WxWidgets_With_MSYS HTTP/1.0" 200 2039 "-" "msnbot/1.0 (+http://search.msn.com/msnbot.htm)"
194.224.199.52 - - [20/Jun/2005:08:24:42 +0200] "GET /wiki.pl?WxCheckListBox HTTP/1.1" 200 2353 "http://wiki.wxwidgets.org/wiki.pl?Table_Of_Contents" "noxtrumbot/1.0 (crawler@noxtrum.com)"
128.131.49.182 - - [20/Jun/2005:08:24:54 +0200] "GET / HTTP/1.1" 200 3381 "http://www.wxwidgets.org/docs.htm" "Mozilla/5.0 (X11; U; Linux i686; en-US; rv:1.7.8) Gecko/20050608 Firefox/1.0 (Ubuntu package 1.0.4)"
128.131.49.182 - - [20/Jun/2005:08:24:54 +0200] "GET /wxwiki.css HTTP/1.1" 200 1540 "http://wiki.wxwidgets.org/" "Mozilla/5.0 (X11; U; Linux i686; en-US; rv:1.7.8) Gecko/20050608 Firefox/1.0 (Ubuntu package 1.0.4)"
128.131.49.182 - - [20/Jun/2005:08:24:54 +0200] "GET /wximages/wxwidgets02-small.png HTTP/1.1" 200 12468 "http://wiki.wxwidgets.org/" "Mozilla/5.0 (X11; U; Linux i686; en-US; rv:1.7.8) Gecko/20050608 Firefox/1.0 (Ubuntu package 1.0.4)"
128.131.49.182 - - [20/Jun/2005:08:24:54 +0200] "GET /favicon.ico HTTP/1.1" 200 3262 "-" "Mozilla/5.0 (X11; U; Linux i686; en-US; rv:1.7.8) Gecko/20050608 Firefox/1.0 (Ubuntu package 1.0.4)"
128.131.49.182 - - [20/Jun/2005:08:24:58 +0200] "GET /docs.cgi?q=opendarwin&target=wiki HTTP/1.1" 200 258 "http://wiki.wxwidgets.org/" "Mozilla/5.0 (X11; U; Linux i686; en-US; rv:1.7.8) Gecko/20050608 Firefox/1.0 (Ubuntu package 1.0.4)"
128.131.49.182 - - [20/Jun/2005:08:24:58 +0200] "GET /topfram2.html HTTP/1.1" 200 1251 "http://wiki.wxwidgets.org/docs.cgi?q=opendarwin&target=wiki" "Mozilla/5.0 (X11; U; Linux i686; en-US; rv:1.7.8) Gecko/20050608 Firefox/1.0 (Ubuntu package 1.0.4)"
128.131.49.182 - - [20/Jun/2005:08:24:58 +0200] "GET /man.cgi?q=opendarwin&target=wiki HTTP/1.1" 200 145 "http://wiki.wxwidgets.org/docs.cgi?q=opendarwin&target=wiki" "Mozilla/5.0 (X11; U; Linux i686; en-US; rv:1.7.8) Gecko/20050608 Firefox/1.0 (Ubuntu package 1.0.4)"
128.131.49.182 - - [20/Jun/2005:08:24:59 +0200] "GET /wiki.pl?search=opendarwin&dosearch=1 HTTP/1.1" 200 1729 "-" "Mozilla/5.0 (X11; U; Linux i686; en-US; rv:1.7.8) Gecko/20050608 Firefox/1.0 (Ubuntu package 1.0.4)"
128.131.49.182 - - [20/Jun/2005:08:25:02 +0200] "GET /wiki.pl?Installing_WxMac HTTP/1.1" 200 44393 "http://wiki.wxwidgets.org/wiki.pl?search=opendarwin&dosearch=1" "Mozilla/5.0 (X11; U; Linux i686; en-US; rv:1.7.8) Gecko/20050608 Firefox/1.0 (Ubuntu package 1.0.4)"
222.78.29.121 - - [20/Jun/2005:08:25:25 +0200] "GET /wximages/wxwidgets02-small.png HTTP/1.1" 200 12468 "http://blog.vckbase.com/bastet/" "Mozilla/4.0 (compatible; MSIE 6.0; Windows NT 5.1; SV1; TencentTraveler )"
194.224.199.52 - - [20/Jun/2005:08:25:42 +0200] "GET /wiki.pl?WxComboBox HTTP/1.1" 200 2012 "http://wiki.wxwidgets.org/wiki.pl?Table_Of_Contents" "noxtrumbot/1.0 (crawler@noxtrum.com)"
206.124.138.78 - - [20/Jun/2005:08:26:11 +0200] "GET /wxwiki.css HTTP/1.1" 200 1540 "http://66.102.7.104/search?q=cache:a61SGKgoHSQJ:wiki.wxwidgets.org/wiki.pl%3FWxMac_Issues+open+rsrc+files+OS+X&hl=en&client=ig" "Mozilla/5.0 (Macintosh; U; PPC Mac OS X Mach-O; en-US; rv:1.8b2) Gecko/20050619 Camino/0.9a1"
206.124.138.78 - - [20/Jun/2005:08:26:11 +0200] "GET /wximages/wxwidgets02-small.png HTTP/1.1" 200 12468 "http://66.102.7.104/search?q=cache:a61SGKgoHSQJ:wiki.wxwidgets.org/wiki.pl%3FWxMac_Issues+open+rsrc+files+OS+X&hl=en&client=ig" "Mozilla/5.0 (Macintosh; U; PPC Mac OS X Mach-O; en-US; rv:1.8b2) Gecko/20050619 Camino/0.9a1"
218.25.56.158 - - [20/Jun/2005:08:26:18 +0200] "GET /wximages/wxwidgets02-small.png HTTP/1.1" 200 12468 "http://blog.vckbase.com/bastet/" "Mozilla/4.0 (compatible; MSIE 6.0; Windows NT 5.1)"
194.224.199.52 - - [20/Jun/2005:08:26:42 +0200] "GET /wiki.pl?WxConfig HTTP/1.1" 200 2473 "http://wiki.wxwidgets.org/wiki.pl?Table_Of_Contents" "noxtrumbot/1.0 (crawler@noxtrum.com)"
128.131.49.182 - - [20/Jun/2005:08:26:49 +0200] "GET /docs.cgi?q=opendarwin&target=wiki HTTP/1.1" 200 258 "http://wiki.wxwidgets.org/" "Mozilla/5.0 (X11; U; Linux i686; en-US; rv:1.7.8) Gecko/20050608 Firefox/1.0 (Ubuntu package 1.0.4)"
128.131.49.182 - - [20/Jun/2005:08:26:49 +0200] "GET /man.cgi?q=opendarwin&target=wiki HTTP/1.1" 200 145 "http://wiki.wxwidgets.org/docs.cgi?q=opendarwin&target=wiki" "Mozilla/5.0 (X11; U; Linux i686; en-US; rv:1.7.8) Gecko/20050608 Firefox/1.0 (Ubuntu package 1.0.4)"
128.131.49.182 - - [20/Jun/2005:08:26:50 +0200] "GET /wiki.pl?search=opendarwin&dosearch=1 HTTP/1.1" 200 1729 "-" "Mozilla/5.0 (X11; U; Linux i686; en-US; rv:1.7.8) Gecko/20050608 Firefox/1.0 (Ubuntu package 1.0.4)"
128.131.49.182 - - [20/Jun/2005:08:26:52 +0200] "GET /wiki.pl?Compiling_WxWidgets HTTP/1.1" 200 15599 "http://wiki.wxwidgets.org/wiki.pl?search=opendarwin&dosearch=1" "Mozilla/5.0 (X11; U; Linux i686; en-US; rv:1.7.8) Gecko/20050608 Firefox/1.0 (Ubuntu package 1.0.4)"
222.64.66.59 - - [20/Jun/2005:08:27:33 +0200] "GET /wximages/wxwidgets02-small.png HTTP/1.1" 200 12468 "http://blog.vckbase.com/bastet" "Mozilla/4.0 (compatible; MSIE 6.0; Windows NT 5.1; SV1; Maxthon; .NET CLR 1.1.4322; Alexa Toolbar)"
206.124.138.78 - - [20/Jun/2005:08:27:37 +0200] "GET /favicon.ico HTTP/1.1" 200 3262 "-" "Mozilla/5.0 (Macintosh; U; PPC Mac OS X Mach-O; en-US; rv:1.8b2) Gecko/20050619 Camino/0.9a1"
206.124.138.78 - - [20/Jun/2005:08:27:37 +0200] "GET /wiki.pl?WxMac_Issues HTTP/1.1" 200 21584 "http://www.google.com/search?hl=en&lr=&client=ig&q=rsrc+derez&btnG=Search" "Mozilla/5.0 (Macintosh; U; PPC Mac OS X Mach-O; en-US; rv:1.8b2) Gecko/20050619 Camino/0.9a1"
219.133.246.243 - - [20/Jun/2005:08:27:39 +0200] "GET /wximages/wxwidgets02-small.png HTTP/1.1" 200 12468 "http://blog.vckbase.com/bastet/" "Mozilla/4.0 (compatible; MSIE 6.0; Windows NT 5.1; SV1)"
65.54.188.139 - - [20/Jun/2005:08:27:40 +0200] "GET /wiki.pl?Compiling_Using_MSVC_On_The_Commandline HTTP/1.0" 200 4097 "-" "msnbot/1.0 (+http://search.msn.com/msnbot.htm)"
194.224.199.52 - - [20/Jun/2005:08:27:42 +0200] "GET /wiki.pl?WxColourDialog HTTP/1.1" 200 2204 "http://wiki.wxwidgets.org/wiki.pl?Table_Of_Contents" "noxtrumbot/1.0 (crawler@noxtrum.com)"
128.131.49.182 - - [20/Jun/2005:08:27:47 +0200] "GET /wiki.pl?RecentChanges HTTP/1.1" 200 11692 "http://wiki.wxwidgets.org/" "Mozilla/5.0 (X11; U; Linux i686; en-US; rv:1.7.8) Gecko/20050608 Firefox/1.0 (Ubuntu package 1.0.4)"
128.131.49.182 - - [20/Jun/2005:08:27:51 +0200] "GET /wiki.pl?Bakefile_Utils HTTP/1.1" 200 14487 "http://wiki.wxwidgets.org/wiki.pl?RecentChanges" "Mozilla/5.0 (X11; U; Linux i686; en-US; rv:1.7.8) Gecko/20050608 Firefox/1.0 (Ubuntu package 1.0.4)"
219.134.149.211 - - [20/Jun/2005:08:27:59 +0200] "GET /wximages/wxwidgets02-small.png HTTP/1.1" 200 12468 "http://blog.vckbase.com/bastet/" "Mozilla/4.0 (compatible; MSIE 6.0; Windows NT 5.1; SV1)"
220.170.23.168 - - [20/Jun/2005:08:28:26 +0200] "GET /wximages/wxwidgets02-small.png HTTP/1.0" 200 12468 "http://blog.vckbase.com/bastet/" "Mozilla/4.0 (compatible; MSIE 6.0; Windows NT 5.1; SV1; Maxthon)"
194.224.199.52 - - [20/Jun/2005:08:28:43 +0200] "GET /wiki.pl?WxDateTime HTTP/1.1" 200 2720 "http://wiki.wxwidgets.org/wiki.pl?Table_Of_Contents" "noxtrumbot/1.0 (crawler@noxtrum.com)"
220.130.189.99 - - [20/Jun/2005:08:28:59 +0200] "GET /wximages/wxwidgets02-small.png HTTP/1.1" 200 12468 "http://blog.vckbase.com/bastet/" "Mozilla/5.0 (Windows; U; Windows NT 5.1; zh-TW; rv:1.7.7) Gecko/20050414 Firefox/1.0.3"
65.54.188.139 - - [20/Jun/2005:08:29:28 +0200] "GET /wiki.pl?Custom_Events HTTP/1.0" 200 8950 "-" "msnbot/1.0 (+http://search.msn.com/msnbot.htm)"
194.224.199.52 - - [20/Jun/2005:08:29:43 +0200] "GET /wiki.pl?WxDC HTTP/1.1" 200 2417 "http://wiki.wxwidgets.org/wiki.pl?Table_Of_Contents" "noxtrumbot/1.0 (crawler@noxtrum.com)"
194.224.199.52 - - [20/Jun/2005:08:30:43 +0200] "GET /wiki.pl?WxDialog HTTP/1.1" 200 4372 "http://wiki.wxwidgets.org/wiki.pl?Table_Of_Contents" "noxtrumbot/1.0 (crawler@noxtrum.com)"
65.54.188.139 - - [20/Jun/2005:08:30:57 +0200] "GET /wiki.pl?back=TimGriesser HTTP/1.0" 200 1595 "-" "msnbot/1.0 (+http://search.msn.com/msnbot.htm)"
61.183.24.23 - - [20/Jun/2005:08:30:58 +0200] "GET /wximages/wxwidgets02-small.png HTTP/1.1" 200 12468 "http://blog.vckbase.com/bastet/" "Mozilla/4.0 (compatible; MSIE 6.0; Windows NT 5.1; MyIE2; Maxthon; SV1; .NET CLR 1.1.4322)"
194.224.199.52 - - [20/Jun/2005:08:31:43 +0200] "GET /wiki.pl?WxFFile HTTP/1.1" 200 4411 "http://wiki.wxwidgets.org/wiki.pl?Table_Of_Contents" "noxtrumbot/1.0 (crawler@noxtrum.com)"
218.23.118.150 - - [20/Jun/2005:08:32:20 +0200] "GET /wximages/wxwidgets02-small.png HTTP/1.1" 200 12468 "http://blog.vckbase.com/bastet/" "Mozilla/4.0 (compatible; MSIE 6.0; Windows 98)"
194.224.199.52 - - [20/Jun/2005:08:32:43 +0200] "GET /wiki.pl?WxFont HTTP/1.1" 200 2232 "http://wiki.wxwidgets.org/wiki.pl?Table_Of_Contents" "noxtrumbot/1.0 (crawler@noxtrum.com)"
65.54.188.139 - - [20/Jun/2005:08:32:48 +0200] "GET /wiki.pl?back=Dh+Csiro HTTP/1.0" 200 1520 "-" "msnbot/1.0 (+http://search.msn.com/msnbot.htm)"
194.224.199.52 - - [20/Jun/2005:08:33:43 +0200] "GET /wiki.pl?WxFontDialog HTTP/1.1" 200 2267 "http://wiki.wxwidgets.org/wiki.pl?Table_Of_Contents" "noxtrumbot/1.0 (crawler@noxtrum.com)"
65.214.44.47 - - [20/Jun/2005:08:33:57 +0200] "GET /wiki.pl?SdsYsd HTTP/1.0" 200 1863 "-" "Mozilla/2.0 (compatible; Ask Jeeves/Teoma; +http://sp.ask.com/docs/about/tech_crawling.html)"
194.224.199.52 - - [20/Jun/2005:08:34:43 +0200] "GET /wiki.pl?WxFrame HTTP/1.1" 200 2262 "http://wiki.wxwidgets.org/wiki.pl?Table_Of_Contents" "noxtrumbot/1.0 (crawler@noxtrum.com)"
68.142.249.101 - - [20/Jun/2005:08:34:47 +0200] "GET /wiki.pl?WxArt2d HTTP/1.0" 200 4085 "-" "Mozilla/5.0 (compatible; Yahoo! Slurp; http://help.yahoo.com/help/us/ysearch/slurp)"
194.224.199.52 - - [20/Jun/2005:08:35:43 +0200] "GET /wiki.pl?WxGetDiskSpace HTTP/1.1" 200 2861 "http://wiki.wxwidgets.org/wiki.pl?Table_Of_Contents" "noxtrumbot/1.0 (crawler@noxtrum.com)"
194.224.199.52 - - [20/Jun/2005:08:36:43 +0200] "GET /wiki.pl?WxGLCanvas HTTP/1.1" 200 12561 "http://wiki.wxwidgets.org/wiki.pl?Table_Of_Contents" "noxtrumbot/1.0 (crawler@noxtrum.com)"
221.218.196.238 - - [20/Jun/2005:08:37:03 +0200] "GET /wximages/wxwidgets02-small.png HTTP/1.1" 200 12468 "http://blog.vckbase.com/bastet/" "Mozilla/4.0 (compatible; MSIE 5.01; Windows NT 5.0)"
222.66.54.106 - - [20/Jun/2005:08:37:26 +0200] "GET /wximages/wxwidgets02-small.png HTTP/1.1" 200 12468 "http://blog.vckbase.com/bastet/" "Mozilla/4.0 (compatible; MSIE 6.0; Windows NT 5.1; SV1)"
194.224.199.52 - - [20/Jun/2005:08:37:43 +0200] "GET /wiki.pl?WxGrid HTTP/1.1" 200 8250 "http://wiki.wxwidgets.org/wiki.pl?Table_Of_Contents" "noxtrumbot/1.0 (crawler@noxtrum.com)"
194.224.199.52 - - [20/Jun/2005:08:38:43 +0200] "GET /wiki.pl?WxGauge HTTP/1.1" 200 3635 "http://wiki.wxwidgets.org/wiki.pl?Table_Of_Contents" "noxtrumbot/1.0 (crawler@noxtrum.com)"
194.224.199.52 - - [20/Jun/2005:08:39:45 +0200] "GET /wiki.pl?WxIcon HTTP/1.1" 200 3378 "http://wiki.wxwidgets.org/wiki.pl?Table_Of_Contents" "noxtrumbot/1.0 (crawler@noxtrum.com)"
210.5.9.197 - - [20/Jun/2005:08:40:04 +0200] "GET /wiki.pl?WxBase_Eventloop HTTP/1.1" 200 2961 "-" "Mozilla/4.0 (compatible; MSIE 6.0; Windows NT 5.0; MyIE2; .NET CLR 1.1.4322)"
210.5.9.197 - - [20/Jun/2005:08:40:08 +0200] "GET /wximages/wxwidgets02-small.png HTTP/1.1" 304 - "-" "Mozilla/4.0 (compatible; MSIE 6.0; Windows NT 5.0; MyIE2; .NET CLR 1.1.4322)"
194.224.199.52 - - [20/Jun/2005:08:40:45 +0200] "GET /wiki.pl?WxImage HTTP/1.1" 200 5908 "http://wiki.wxwidgets.org/wiki.pl?Table_Of_Contents" "noxtrumbot/1.0 (crawler@noxtrum.com)"
194.224.199.52 - - [20/Jun/2005:08:41:46 +0200] "GET /wiki.pl?WxIdleEvent HTTP/1.1" 200 2964 "http://wiki.wxwidgets.org/wiki.pl?Table_Of_Contents" "noxtrumbot/1.0 (crawler@noxtrum.com)"
194.224.199.52 - - [20/Jun/2005:08:42:47 +0200] "GET /wiki.pl?WxListBox HTTP/1.1" 200 2146 "http://wiki.wxwidgets.org/wiki.pl?Table_Of_Contents" "noxtrumbot/1.0 (crawler@noxtrum.com)"
84.144.64.97 - - [20/Jun/2005:08:43:32 +0200] "GET /wximages/tux.png HTTP/1.1" 200 1464 "http://www.metalsociety.de/wbb2/misc.php?action=moresmilies&sid=" "Mozilla/5.0 (Windows; U; Windows NT 5.0; en-US; rv:1.7.8) Gecko/20050511 Firefox/1.0.4"
194.224.199.52 - - [20/Jun/2005:08:43:47 +0200] "GET /wiki.pl?WxListCtrl HTTP/1.1" 200 9317 "http://wiki.wxwidgets.org/wiki.pl?Table_Of_Contents" "noxtrumbot/1.0 (crawler@noxtrum.com)"
222.50.118.18 - - [20/Jun/2005:08:44:02 +0200] "GET /wximages/wxwidgets02-small.png HTTP/1.1" 200 12468 "http://blog.vckbase.com/bastet/" "Mozilla/4.0 (compatible; MSIE 6.0; Windows NT 5.1; SV1; TencentTraveler )"
194.224.199.52 - - [20/Jun/2005:08:44:48 +0200] "GET /wiki.pl?WxLog HTTP/1.1" 200 3068 "http://wiki.wxwidgets.org/wiki.pl?Table_Of_Contents" "noxtrumbot/1.0 (crawler@noxtrum.com)"
133.111.200.2 - - [20/Jun/2005:08:45:08 +0200] "GET /wiki.pl?WxBitmap HTTP/1.0" 200 4099 "-" "Mozilla/4.0 (compatible; MSIE 6.0; Windows NT 5.1; SV1; .NET CLR 1.0.3705; .NET CLR 1.1.4322; .NET CLR 2.0.50215)"
133.111.200.2 - - [20/Jun/2005:08:45:09 +0200] "GET /wxwiki.css HTTP/1.0" 304 - "http://wiki.wxwidgets.org/wiki.pl?WxBitmap" "Mozilla/4.0 (compatible; MSIE 6.0; Windows NT 5.1; SV1; .NET CLR 1.0.3705; .NET CLR 1.1.4322; .NET CLR 2.0.50215)"
194.224.199.52 - - [20/Jun/2005:08:45:48 +0200] "GET /wiki.pl?WxLogTrace HTTP/1.1" 200 2432 "http://wiki.wxwidgets.org/wiki.pl?Table_Of_Contents" "noxtrumbot/1.0 (crawler@noxtrum.com)"
193.77.159.226 - - [20/Jun/2005:08:46:09 +0200] "GET / HTTP/1.1" 200 3381 "http://www.wxwidgets.org/docs.htm" "Mozilla/4.0 (compatible; MSIE 6.0; Windows NT 5.1; SV1; .NET CLR 1.1.4322)"
193.77.159.226 - - [20/Jun/2005:08:46:09 +0200] "GET /wximages/wxwidgets02-small.png HTTP/1.1" 200 12468 "http://wiki.wxwidgets.org/" "Mozilla/4.0 (compatible; MSIE 6.0; Windows NT 5.1; SV1; .NET CLR 1.1.4322)"
193.77.159.226 - - [20/Jun/2005:08:46:09 +0200] "GET /wxwiki.css HTTP/1.1" 200 1540 "http://wiki.wxwidgets.org/" "Mozilla/4.0 (compatible; MSIE 6.0; Windows NT 5.1; SV1; .NET CLR 1.1.4322)"
194.224.199.52 - - [20/Jun/2005:08:46:47 +0200] "GET /wiki.pl?WxMenu HTTP/1.1" 200 5002 "http://wiki.wxwidgets.org/wiki.pl?Table_Of_Contents" "noxtrumbot/1.0 (crawler@noxtrum.com)"
194.224.199.52 - - [20/Jun/2005:08:47:47 +0200] "GET /wiki.pl?WxNoteBook HTTP/1.1" 200 3253 "http://wiki.wxwidgets.org/wiki.pl?Table_Of_Contents" "noxtrumbot/1.0 (crawler@noxtrum.com)"
59.36.21.117 - - [20/Jun/2005:08:47:56 +0200] "GET /wximages/wxwidgets02-small.png HTTP/1.1" 200 12468 "http://blog.vckbase.com/bastet/" "Mozilla/4.0 (compatible; MSIE 6.0; Windows NT 5.1; TencentTraveler )"
217.91.47.178 - - [20/Jun/2005:08:48:10 +0200] "GET /wiki.pl?MSVC HTTP/1.0" 200 1928 "http://www.c-plusplus.de/forum/viewtopic-var-t-is-112871.html" "Mozilla/4.0 (compatible; MSIE 6.0; Windows NT 5.1; SV1)"
217.91.47.178 - - [20/Jun/2005:08:48:11 +0200] "GET /wxwiki.css HTTP/1.0" 200 1540 "http://wiki.wxwidgets.org/wiki.pl?MSVC" "Mozilla/4.0 (compatible; MSIE 6.0; Windows NT 5.1; SV1)"
217.91.47.178 - - [20/Jun/2005:08:48:11 +0200] "GET /wximages/wxwidgets02-small.png HTTP/1.0" 200 12468 "http://wiki.wxwidgets.org/wiki.pl?MSVC" "Mozilla/4.0 (compatible; MSIE 6.0; Windows NT 5.1; SV1)"
217.91.47.178 - - [20/Jun/2005:08:48:13 +0200] "GET /wiki.pl?WxWiki HTTP/1.0" 200 3369 "http://wiki.wxwidgets.org/wiki.pl?MSVC" "Mozilla/4.0 (compatible; MSIE 6.0; Windows NT 5.1; SV1)"
217.91.47.178 - - [20/Jun/2005:08:48:17 +0200] "GET /wiki.pl?Table_Of_Contents HTTP/1.0" 200 26183 "http://wiki.wxwidgets.org/wiki.pl?WxWiki" "Mozilla/4.0 (compatible; MSIE 6.0; Windows NT 5.1; SV1)"
217.91.47.178 - - [20/Jun/2005:08:48:28 +0200] "GET /wiki.pl?Writing_Your_First_Application HTTP/1.0" 200 3097 "http://wiki.wxwidgets.org/wiki.pl?Table_Of_Contents" "Mozilla/4.0 (compatible; MSIE 6.0; Windows NT 5.1; SV1)"
217.91.47.178 - - [20/Jun/2005:08:48:40 +0200] "GET /wiki.pl?Hello_World HTTP/1.0" 200 5406 "http://wiki.wxwidgets.org/wiki.pl?Writing_Your_First_Application" "Mozilla/4.0 (compatible; MSIE 6.0; Windows NT 5.1; SV1)"
194.224.199.52 - - [20/Jun/2005:08:48:47 +0200] "GET /wiki.pl?WxPrintData HTTP/1.1" 200 3044 "http://wiki.wxwidgets.org/wiki.pl?Table_Of_Contents" "noxtrumbot/1.0 (crawler@noxtrum.com)"
194.224.199.52 - - [20/Jun/2005:08:49:47 +0200] "GET /wiki.pl?WxPrintDialog HTTP/1.1" 200 2129 "http://wiki.wxwidgets.org/wiki.pl?Table_Of_Contents" "noxtrumbot/1.0 (crawler@noxtrum.com)"
194.224.199.52 - - [20/Jun/2005:08:50:47 +0200] "GET /wiki.pl?WxPrintout HTTP/1.1" 200 2579 "http://wiki.wxwidgets.org/wiki.pl?Table_Of_Contents" "noxtrumbot/1.0 (crawler@noxtrum.com)"
71.240.169.240 - - [20/Jun/2005:08:51:04 +0200] "GET /wiki.pl?WxWidgets_Bounties HTTP/1.1" 200 8873 "http://wxwidgets.org/toolbar.htm" "Mozilla/5.0 (Windows; U; Windows NT 5.1; en-US; rv:1.7.8) Gecko/20050511 Firefox/1.0.4"
71.240.169.240 - - [20/Jun/2005:08:51:04 +0200] "GET /wxwiki.css HTTP/1.1" 200 1540 "http://wiki.wxwidgets.org/wiki.pl?WxWidgets_Bounties" "Mozilla/5.0 (Windows; U; Windows NT 5.1; en-US; rv:1.7.8) Gecko/20050511 Firefox/1.0.4"
71.240.169.240 - - [20/Jun/2005:08:51:05 +0200] "GET /wximages/wxwidgets02-small.png HTTP/1.1" 200 12468 "http://wiki.wxwidgets.org/wiki.pl?WxWidgets_Bounties" "Mozilla/5.0 (Windows; U; Windows NT 5.1; en-US; rv:1.7.8) Gecko/20050511 Firefox/1.0.4"
71.240.169.240 - - [20/Jun/2005:08:51:05 +0200] "GET /favicon.ico HTTP/1.1" 200 3262 "-" "Mozilla/5.0 (Windows; U; Windows NT 5.1; en-US; rv:1.7.8) Gecko/20050511 Firefox/1.0.4"
217.91.47.178 - - [20/Jun/2005:08:51:31 +0200] "GET /wiki.pl?Writing_Your_First_Application HTTP/1.0" 200 3097 "http://wiki.wxwidgets.org/wiki.pl?Table_Of_Contents" "Mozilla/4.0 (compatible; MSIE 6.0; Windows NT 5.1; SV1)"
194.224.199.52 - - [20/Jun/2005:08:51:48 +0200] "GET /wiki.pl?WxProcess HTTP/1.1" 200 3453 "http://wiki.wxwidgets.org/wiki.pl?Table_Of_Contents" "noxtrumbot/1.0 (crawler@noxtrum.com)"
217.91.47.178 - - [20/Jun/2005:08:51:49 +0200] "GET /wiki.pl?Writing_Your_First_Application/Introduction HTTP/1.0" 200 7784 "http://wiki.wxwidgets.org/wiki.pl?Writing_Your_First_Application" "Mozilla/4.0 (compatible; MSIE 6.0; Windows NT 5.1; SV1)"
65.214.44.47 - - [20/Jun/2005:08:52:29 +0200] "GET /wiki.pl?Audacity HTTP/1.0" 200 2267 "-" "Mozilla/2.0 (compatible; Ask Jeeves/Teoma; +http://sp.ask.com/docs/about/tech_crawling.html)"
194.224.199.52 - - [20/Jun/2005:08:52:47 +0200] "GET /wiki.pl?WxRadioButton HTTP/1.1" 200 2740 "http://wiki.wxwidgets.org/wiki.pl?Table_Of_Contents" "noxtrumbot/1.0 (crawler@noxtrum.com)"
12.221.14.221 - - [20/Jun/2005:08:53:36 +0200] "GET /wiki.pl?Developers_Notebook/WxWinCECompiling HTTP/1.1" 200 11076 "http://www.google.com/search?hl=en&q=cd+key+embedded+visual+c%2B%2B+4.0+setup&btnG=Google+Search" "Mozilla/4.0 (compatible; MSIE 6.0; Windows NT 5.1; SV1)"
12.221.14.221 - - [20/Jun/2005:08:53:36 +0200] "GET /wxwiki.css HTTP/1.1" 200 1540 "http://wiki.wxwidgets.org/wiki.pl?Developers_Notebook/WxWinCECompiling" "Mozilla/4.0 (compatible; MSIE 6.0; Windows NT 5.1; SV1)"
12.221.14.221 - - [20/Jun/2005:08:53:36 +0200] "GET /wximages/wxwidgets02-small.png HTTP/1.1" 200 12468 "http://wiki.wxwidgets.org/wiki.pl?Developers_Notebook/WxWinCECompiling" "Mozilla/4.0 (compatible; MSIE 6.0; Windows NT 5.1; SV1)"
194.224.199.52 - - [20/Jun/2005:08:53:49 +0200] "GET /wiki.pl?WxRegEx HTTP/1.1" 200 2041 "http://wiki.wxwidgets.org/wiki.pl?Table_Of_Contents" "noxtrumbot/1.0 (crawler@noxtrum.com)"
221.227.17.143 - - [20/Jun/2005:08:54:07 +0200] "GET /wximages/wxwidgets02-small.png HTTP/1.1" 200 12468 "http://blog.vckbase.com/bastet/" "Mozilla/4.0 (compatible; MSIE 6.0; Windows NT 5.1; SV1; Alexa Toolbar)"
219.146.103.37 - - [20/Jun/2005:08:54:46 +0200] "GET /wximages/wxwidgets02-small.png HTTP/1.1" 200 12468 "http://blog.vckbase.com/bastet/" "Mozilla/4.0 (compatible; MSIE 6.0; Windows NT 5.1; SV1; (R1 1.5))"
194.224.199.52 - - [20/Jun/2005:08:54:49 +0200] "GET /wiki.pl?WxRegKey HTTP/1.1" 200 2075 "http://wiki.wxwidgets.org/wiki.pl?Table_Of_Contents" "noxtrumbot/1.0 (crawler@noxtrum.com)"
222.78.29.121 - - [20/Jun/2005:08:55:14 +0200] "GET /wximages/wxwidgets02-small.png HTTP/1.1" 304 - "http://blog.vckbase.com/bastet" "Mozilla/4.0 (compatible; MSIE 6.0; Windows NT 5.1; SV1; TencentTraveler )"
194.224.199.52 - - [20/Jun/2005:08:55:59 +0200] "GET /wiki.pl?WxSashWindow HTTP/1.1" 200 2453 "http://wiki.wxwidgets.org/wiki.pl?Table_Of_Contents" "noxtrumbot/1.0 (crawler@noxtrum.com)"
222.33.241.104 - - [20/Jun/2005:08:56:29 +0200] "GET /wximages/wxwidgets02-small.png HTTP/1.1" 200 12468 "http://blog.vckbase.com/bastet/" "Mozilla/4.0 (compatible; MSIE 6.0; Windows 98)"
194.224.199.52 - - [20/Jun/2005:08:57:00 +0200] "GET /wiki.pl?WxSizer HTTP/1.1" 200 9898 "http://wiki.wxwidgets.org/wiki.pl?Table_Of_Contents" "noxtrumbot/1.0 (crawler@noxtrum.com)"
62.121.135.254 - - [20/Jun/2005:08:57:13 +0200] "GET /wiki.pl?WxWidgets_Vacancies HTTP/1.1" 200 3602 "http://wxwidgets.org/toolbar.htm" "Mozilla/5.0 (Windows; U; Windows NT 5.1; en-US; rv:1.7.8) Gecko/20050511 Firefox/1.0.4"
62.121.135.254 - - [20/Jun/2005:08:57:13 +0200] "GET /wxwiki.css HTTP/1.1" 200 1540 "http://wiki.wxwidgets.org/wiki.pl?WxWidgets_Vacancies" "Mozilla/5.0 (Windows; U; Windows NT 5.1; en-US; rv:1.7.8) Gecko/20050511 Firefox/1.0.4"
62.121.135.254 - - [20/Jun/2005:08:57:13 +0200] "GET /wximages/wxwidgets02-small.png HTTP/1.1" 200 12468 "http://wiki.wxwidgets.org/wiki.pl?WxWidgets_Vacancies" "Mozilla/5.0 (Windows; U; Windows NT 5.1; en-US; rv:1.7.8) Gecko/20050511 Firefox/1.0.4"
62.121.135.254 - - [20/Jun/2005:08:57:13 +0200] "GET /favicon.ico HTTP/1.1" 200 3262 "-" "Mozilla/5.0 (Windows; U; Windows NT 5.1; en-US; rv:1.7.8) Gecko/20050511 Firefox/1.0.4"
164.164.95.9 - - [20/Jun/2005:08:57:39 +0200] "GET /wiki.pl?Avoiding_Memory_Leaks HTTP/1.0" 200 7431 "http://www.google.co.in/search?q=avoiding+memory+leaks+c%2B%2B&sourceid=mozilla-search&start=0&start=0&ie=utf-8&oe=utf-8&client=firefox-a&rls=org.mozilla:en-US:official" "Mozilla/5.0 (Windows; U; Windows NT 5.0; en-US; rv:1.7.6) Gecko/20050317 Firefox/1.0.2"
164.164.95.9 - - [20/Jun/2005:08:57:40 +0200] "GET /wxwiki.css HTTP/1.0" 200 1540 "http://wiki.wxwidgets.org/wiki.pl?Avoiding_Memory_Leaks" "Mozilla/5.0 (Windows; U; Windows NT 5.0; en-US; rv:1.7.6) Gecko/20050317 Firefox/1.0.2"
164.164.95.9 - - [20/Jun/2005:08:57:40 +0200] "GET /wximages/wxwidgets02-small.png HTTP/1.0" 200 12468 "http://wiki.wxwidgets.org/wiki.pl?Avoiding_Memory_Leaks" "Mozilla/5.0 (Windows; U; Windows NT 5.0; en-US; rv:1.7.6) Gecko/20050317 Firefox/1.0.2"
164.164.95.9 - - [20/Jun/2005:08:57:41 +0200] "GET /favicon.ico HTTP/1.0" 200 3262 "-" "Mozilla/5.0 (Windows; U; Windows NT 5.0; en-US; rv:1.7.6) Gecko/20050317 Firefox/1.0.2"
62.121.135.254 - - [20/Jun/2005:08:57:56 +0200] "GET /wiki.pl?WxWidgets_Bounties HTTP/1.1" 200 8873 "http://wxwidgets.org/toolbar.htm" "Mozilla/5.0 (Windows; U; Windows NT 5.1; en-US; rv:1.7.8) Gecko/20050511 Firefox/1.0.4"
194.224.199.52 - - [20/Jun/2005:08:57:59 +0200] "GET /wiki.pl?WxSlider HTTP/1.1" 200 2116 "http://wiki.wxwidgets.org/wiki.pl?Table_Of_Contents" "noxtrumbot/1.0 (crawler@noxtrum.com)"
194.224.199.52 - - [20/Jun/2005:08:58:59 +0200] "GET /wiki.pl?WxStaticBox HTTP/1.1" 200 2219 "http://wiki.wxwidgets.org/wiki.pl?Table_Of_Contents" "noxtrumbot/1.0 (crawler@noxtrum.com)"
194.224.199.52 - - [20/Jun/2005:09:00:20 +0200] "GET /wiki.pl?WxStaticText HTTP/1.1" 200 1958 "http://wiki.wxwidgets.org/wiki.pl?Table_Of_Contents" "noxtrumbot/1.0 (crawler@noxtrum.com)"
131.170.90.2 - - [20/Jun/2005:09:00:45 +0200] "GET /wiki.pl?WxWidgets_Bounties HTTP/1.0" 200 8846 "http://www.wxwidgets.org/toolbar.htm" "Mozilla/4.0 (compatible; MSIE 6.0; Windows NT 5.1; SV1; .NET CLR 1.1.4322)"
194.224.199.52 - - [20/Jun/2005:09:01:21 +0200] "GET /wiki.pl?WxSocket HTTP/1.1" 200 7857 "http://wiki.wxwidgets.org/wiki.pl?Table_Of_Contents" "noxtrumbot/1.0 (crawler@noxtrum.com)"
61.189.235.199 - - [20/Jun/2005:09:01:58 +0200] "GET /wximages/wxwidgets02-small.png HTTP/1.1" 200 12468 "http://blog.vckbase.com/bastet/" "Mozilla/4.0 (compatible; MSIE 6.0; Windows NT 5.1)"
194.224.199.52 - - [20/Jun/2005:09:02:00 +0200] "GET /wiki.pl?WxSpinCtrl HTTP/1.1" 200 1963 "http://wiki.wxwidgets.org/wiki.pl?Table_Of_Contents" "noxtrumbot/1.0 (crawler@noxtrum.com)"
194.224.199.52 - - [20/Jun/2005:09:03:01 +0200] "GET /wiki.pl?WxSplitterWindow HTTP/1.1" 200 12442 "http://wiki.wxwidgets.org/wiki.pl?Table_Of_Contents" "noxtrumbot/1.0 (crawler@noxtrum.com)"
141.38.50.133 - - [20/Jun/2005:09:03:06 +0200] "GET / HTTP/1.0" 200 3369 "http://www.wxwidgets.org/docs.htm" "Mozilla/5.0 (Windows; U; Windows NT 5.1; de-DE; rv:1.7.8) Gecko/20050511 Firefox/1.0.4"
141.38.50.133 - - [20/Jun/2005:09:03:06 +0200] "GET /wxwiki.css HTTP/1.0" 200 1540 "http://wiki.wxwidgets.org/" "Mozilla/5.0 (Windows; U; Windows NT 5.1; de-DE; rv:1.7.8) Gecko/20050511 Firefox/1.0.4"
141.38.50.133 - - [20/Jun/2005:09:03:06 +0200] "GET /wximages/wxwidgets02-small.png HTTP/1.0" 200 12468 "http://wiki.wxwidgets.org/" "Mozilla/5.0 (Windows; U; Windows NT 5.1; de-DE; rv:1.7.8) Gecko/20050511 Firefox/1.0.4"
141.38.50.133 - - [20/Jun/2005:09:03:06 +0200] "GET /favicon.ico HTTP/1.0" 200 3262 "-" "Mozilla/5.0 (Windows; U; Windows NT 5.1; de-DE; rv:1.7.8) Gecko/20050511 Firefox/1.0.4"
141.38.50.133 - - [20/Jun/2005:09:03:13 +0200] "GET /wiki.pl?Table_Of_Contents HTTP/1.0" 200 26183 "http://wiki.wxwidgets.org/" "Mozilla/5.0 (Windows; U; Windows NT 5.1; de-DE; rv:1.7.8) Gecko/20050511 Firefox/1.0.4"
141.38.50.133 - - [20/Jun/2005:09:03:21 +0200] "GET /wiki.pl?MSVC_.NET_Setup_Guide HTTP/1.0" 200 12547 "http://wiki.wxwidgets.org/wiki.pl?Table_Of_Contents" "Mozilla/5.0 (Windows; U; Windows NT 5.1; de-DE; rv:1.7.8) Gecko/20050511 Firefox/1.0.4"
194.224.199.52 - - [20/Jun/2005:09:04:01 +0200] "GET /wiki.pl?WxString HTTP/1.1" 200 6245 "http://wiki.wxwidgets.org/wiki.pl?Table_Of_Contents" "noxtrumbot/1.0 (crawler@noxtrum.com)"
65.54.188.139 - - [20/Jun/2005:09:04:28 +0200] "GET /robots.txt HTTP/1.0" 200 138 "-" "msnbot/1.0 (+http://search.msn.com/msnbot.htm)"
218.7.27.189 - - [20/Jun/2005:09:04:55 +0200] "GET /wximages/wxwidgets02-small.png HTTP/1.1" 200 12468 "http://blog.vckbase.com/bastet/" "Mozilla/4.0 (compatible; MSIE 6.0; Windows NT 5.1; SV1; Maxthon; (R1 1.3))"
194.224.199.52 - - [20/Jun/2005:09:05:01 +0200] "GET /wiki.pl?WxTabCtrl HTTP/1.1" 200 2385 "http://wiki.wxwidgets.org/wiki.pl?Table_Of_Contents" "noxtrumbot/1.0 (crawler@noxtrum.com)"
62.153.115.146 - - [20/Jun/2005:09:05:01 +0200] "GET / HTTP/1.1" 200 3381 "http://www.solidsteel.nl/users/wxwidgets/viewtopic.php?t=378&highlight=mac+os+x" "Mozilla/5.0 (Macintosh; U; PPC Mac OS X Mach-O; de-DE; rv:1.7.8) Gecko/20050511 Firefox/1.0.4"
62.153.115.146 - - [20/Jun/2005:09:05:01 +0200] "GET /wxwiki.css HTTP/1.1" 200 1540 "http://wiki.wxwidgets.org/" "Mozilla/5.0 (Macintosh; U; PPC Mac OS X Mach-O; de-DE; rv:1.7.8) Gecko/20050511 Firefox/1.0.4"
62.153.115.146 - - [20/Jun/2005:09:05:01 +0200] "GET /wximages/wxwidgets02-small.png HTTP/1.1" 200 12468 "http://wiki.wxwidgets.org/" "Mozilla/5.0 (Macintosh; U; PPC Mac OS X Mach-O; de-DE; rv:1.7.8) Gecko/20050511 Firefox/1.0.4"
62.153.115.146 - - [20/Jun/2005:09:05:01 +0200] "GET /favicon.ico HTTP/1.1" 200 3262 "-" "Mozilla/5.0 (Macintosh; U; PPC Mac OS X Mach-O; de-DE; rv:1.7.8) Gecko/20050511 Firefox/1.0.4"
62.153.115.146 - - [20/Jun/2005:09:05:22 +0200] "GET /wiki.pl?Table_Of_Contents HTTP/1.1" 200 26242 "http://wiki.wxwidgets.org/" "Mozilla/5.0 (Macintosh; U; PPC Mac OS X Mach-O; de-DE; rv:1.7.8) Gecko/20050511 Firefox/1.0.4"
64.4.8.94 - - [20/Jun/2005:09:05:34 +0200] "GET /wiki.pl?Sandbox HTTP/1.0" 200 6685 "-" "msnbot/1.0 (+http://search.msn.com/msnbot.htm)"
141.38.50.133 - - [20/Jun/2005:09:05:37 +0200] "GET /wiki.pl?Eclipse HTTP/1.0" 200 5705 "http://wiki.wxwidgets.org/wiki.pl?Table_Of_Contents" "Mozilla/5.0 (Windows; U; Windows NT 5.1; de-DE; rv:1.7.8) Gecko/20050511 Firefox/1.0.4"
62.153.115.146 - - [20/Jun/2005:09:05:38 +0200] "GET /wiki.pl?WxMac_Issues HTTP/1.1" 200 21584 "http://wiki.wxwidgets.org/wiki.pl?Table_Of_Contents" "Mozilla/5.0 (Macintosh; U; PPC Mac OS X Mach-O; de-DE; rv:1.7.8) Gecko/20050511 Firefox/1.0.4"
141.38.50.133 - - [20/Jun/2005:09:05:54 +0200] "GET /wiki.pl?Distributing_WxWidgets_Applications HTTP/1.0" 200 5119 "http://wiki.wxwidgets.org/wiki.pl?Table_Of_Contents" "Mozilla/5.0 (Windows; U; Windows NT 5.1; de-DE; rv:1.7.8) Gecko/20050511 Firefox/1.0.4"
194.224.199.52 - - [20/Jun/2005:09:06:00 +0200] "GET /wiki.pl?WxTaskBarIcon HTTP/1.1" 200 6625 "http://wiki.wxwidgets.org/wiki.pl?Table_Of_Contents" "noxtrumbot/1.0 (crawler@noxtrum.com)"
141.38.50.133 - - [20/Jun/2005:09:06:32 +0200] "GET /wiki.pl?Prerequisites HTTP/1.0" 200 5249 "http://wiki.wxwidgets.org/wiki.pl?Table_Of_Contents" "Mozilla/5.0 (Windows; U; Windows NT 5.1; de-DE; rv:1.7.8) Gecko/20050511 Firefox/1.0.4"
141.38.50.133 - - [20/Jun/2005:09:06:51 +0200] "GET /wiki.pl?Installing_WxWin HTTP/1.0" 200 6497 "http://wiki.wxwidgets.org/wiki.pl?Table_Of_Contents" "Mozilla/5.0 (Windows; U; Windows NT 5.1; de-DE; rv:1.7.8) Gecko/20050511 Firefox/1.0.4"
194.224.199.52 - - [20/Jun/2005:09:07:00 +0200] "GET /wiki.pl?WxTextCtrl HTTP/1.1" 200 5931 "http://wiki.wxwidgets.org/wiki.pl?Table_Of_Contents" "noxtrumbot/1.0 (crawler@noxtrum.com)"
141.38.50.133 - - [20/Jun/2005:09:07:08 +0200] "GET /wiki.pl?Compiling_A_WxWidgets_Application HTTP/1.0" 200 6049 "http://wiki.wxwidgets.org/wiki.pl?Table_Of_Contents" "Mozilla/5.0 (Windows; U; Windows NT 5.1; de-DE; rv:1.7.8) Gecko/20050511 Firefox/1.0.4"
80.61.239.101 - - [20/Jun/2005:09:07:14 +0200] "GET /wiki.pl?Internationalization HTTP/1.1" 200 4198 "-" "Mozilla/5.0 (compatible; Konqueror/3.4; Linux) KHTML/3.4.0 (like Gecko)"
80.61.239.101 - - [20/Jun/2005:09:07:15 +0200] "GET /wxwiki.css HTTP/1.1" 200 1540 "http://wiki.wxwidgets.org/wiki.pl?Internationalization" "Mozilla/5.0 (compatible; Konqueror/3.4; Linux) KHTML/3.4.0 (like Gecko)"
80.61.239.101 - - [20/Jun/2005:09:07:15 +0200] "GET /wximages/wxwidgets02-small.png HTTP/1.1" 200 12468 "http://wiki.wxwidgets.org/wiki.pl?Internationalization" "Mozilla/5.0 (compatible; Konqueror/3.4; Linux) KHTML/3.4.0 (like Gecko)"
61.233.18.67 - - [20/Jun/2005:09:07:15 +0200] "GET /wximages/wxwidgets02-small.png HTTP/1.1" 200 12468 "http://blog.vckbase.com/bastet/archive/2005/06/09/6274.html" "Mozilla/4.0 (compatible; MSIE 6.0; Windows NT 5.0)"
141.38.50.133 - - [20/Jun/2005:09:07:22 +0200] "GET /wiki.pl?WxWidgets_For_MFC_Programmers HTTP/1.0" 200 12551 "http://wiki.wxwidgets.org/wiki.pl?Table_Of_Contents" "Mozilla/5.0 (Windows; U; Windows NT 5.1; de-DE; rv:1.7.8) Gecko/20050511 Firefox/1.0.4"
141.38.50.133 - - [20/Jun/2005:09:07:55 +0200] "GET /wiki.pl?Writing_Your_First_Application HTTP/1.0" 200 3097 "http://wiki.wxwidgets.org/wiki.pl?Table_Of_Contents" "Mozilla/5.0 (Windows; U; Windows NT 5.1; de-DE; rv:1.7.8) Gecko/20050511 Firefox/1.0.4"
194.224.199.52 - - [20/Jun/2005:09:08:00 +0200] "GET /wiki.pl?WxTextEntryDialog HTTP/1.1" 200 2104 "http://wiki.wxwidgets.org/wiki.pl?Table_Of_Contents" "noxtrumbot/1.0 (crawler@noxtrum.com)"
220.213.36.111 - - [20/Jun/2005:09:08:39 +0200] "GET /wiki.pl?MSVC_.NET_Setup_Guide HTTP/1.1" 200 12582 "http://www.google.co.jp/search?hl=ja&q=VC%2B%2B+Express+Beta2+Path+Include+Lib&btnG=Google+%E6%A4%9C%E7%B4%A2&lr=" "Mozilla/5.0 (Windows; U; Windows NT 5.0; ja-JP; rv:1.7.8) Gecko/20050511 Firefox/1.0.4"
220.213.36.111 - - [20/Jun/2005:09:08:39 +0200] "GET /wxwiki.css HTTP/1.1" 200 1540 "http://wiki.wxwidgets.org/wiki.pl?MSVC_.NET_Setup_Guide" "Mozilla/5.0 (Windows; U; Windows NT 5.0; ja-JP; rv:1.7.8) Gecko/20050511 Firefox/1.0.4"
219.128.170.193 - - [20/Jun/2005:09:08:39 +0200] "GET /wximages/wxwidgets02-small.png HTTP/1.1" 200 12468 "http://blog.vckbase.com/bastet/" "Mozilla/4.0 (compatible; MSIE 6.0; Windows NT 5.1; Maxthon)"
220.213.36.111 - - [20/Jun/2005:09:08:40 +0200] "GET /wximages/wxwidgets02-small.png HTTP/1.1" 200 12468 "http://wiki.wxwidgets.org/wiki.pl?MSVC_.NET_Setup_Guide" "Mozilla/5.0 (Windows; U; Windows NT 5.0; ja-JP; rv:1.7.8) Gecko/20050511 Firefox/1.0.4"
220.213.36.111 - - [20/Jun/2005:09:08:41 +0200] "GET /favicon.ico HTTP/1.1" 200 3262 "-" "Mozilla/5.0 (Windows; U; Windows NT 5.0; ja-JP; rv:1.7.8) Gecko/20050511 Firefox/1.0.4"
194.224.199.52 - - [20/Jun/2005:09:09:00 +0200] "GET /wiki.pl?WxTextUrlEvent HTTP/1.1" 200 3395 "http://wiki.wxwidgets.org/wiki.pl?Table_Of_Contents" "noxtrumbot/1.0 (crawler@noxtrum.com)"
194.224.199.52 - - [20/Jun/2005:09:10:00 +0200] "GET /wiki.pl?WxTFTP HTTP/1.1" 200 9209 "http://wiki.wxwidgets.org/wiki.pl?Table_Of_Contents" "noxtrumbot/1.0 (crawler@noxtrum.com)"
62.153.115.146 - - [20/Jun/2005:09:10:24 +0200] "GET /docs.cgi?q=focus&target=wiki HTTP/1.1" 200 253 "http://wiki.wxwidgets.org/" "Mozilla/5.0 (Macintosh; U; PPC Mac OS X Mach-O; de-DE; rv:1.7.8) Gecko/20050511 Firefox/1.0.4"
62.153.115.146 - - [20/Jun/2005:09:10:24 +0200] "GET /topfram2.html HTTP/1.1" 200 1251 "http://wiki.wxwidgets.org/docs.cgi?q=focus&target=wiki" "Mozilla/5.0 (Macintosh; U; PPC Mac OS X Mach-O; de-DE; rv:1.7.8) Gecko/20050511 Firefox/1.0.4"
62.153.115.146 - - [20/Jun/2005:09:10:24 +0200] "GET /man.cgi?q=focus&target=wiki HTTP/1.1" 200 140 "http://wiki.wxwidgets.org/docs.cgi?q=focus&target=wiki" "Mozilla/5.0 (Macintosh; U; PPC Mac OS X Mach-O; de-DE; rv:1.7.8) Gecko/20050511 Firefox/1.0.4"
62.153.115.146 - - [20/Jun/2005:09:10:25 +0200] "GET /wiki.pl?search=focus&dosearch=1 HTTP/1.1" 200 2772 "-" "Mozilla/5.0 (Macintosh; U; PPC Mac OS X Mach-O; de-DE; rv:1.7.8) Gecko/20050511 Firefox/1.0.4"
62.153.115.146 - - [20/Jun/2005:09:10:34 +0200] "GET /wiki.pl?FAQ HTTP/1.1" 200 8675 "http://wiki.wxwidgets.org/wiki.pl?search=focus&dosearch=1" "Mozilla/5.0 (Macintosh; U; PPC Mac OS X Mach-O; de-DE; rv:1.7.8) Gecko/20050511 Firefox/1.0.4"
62.160.74.99 - - [20/Jun/2005:09:10:35 +0200] "GET /wiki.pl?Cross-Compiling_Under_Linux HTTP/1.1" 200 8213 "http://www.google.fr/linux?hl=fr&q=cross+compiling&btnG=Rechercher&meta=" "Mozilla/5.0 (X11; U; Linux i686; fr-FR; rv:1.7.5) Gecko/20041221"
62.160.74.99 - - [20/Jun/2005:09:10:35 +0200] "GET /wxwiki.css HTTP/1.1" 200 1540 "http://wiki.wxwidgets.org/wiki.pl?Cross-Compiling_Under_Linux" "Mozilla/5.0 (X11; U; Linux i686; fr-FR; rv:1.7.5) Gecko/20041221"
62.160.74.99 - - [20/Jun/2005:09:10:35 +0200] "GET /wximages/wxwidgets02-small.png HTTP/1.1" 200 12468 "http://wiki.wxwidgets.org/wiki.pl?Cross-Compiling_Under_Linux" "Mozilla/5.0 (X11; U; Linux i686; fr-FR; rv:1.7.5) Gecko/20041221"
141.38.50.133 - - [20/Jun/2005:09:10:40 +0200] "GET /wiki.pl?Hello_World HTTP/1.0" 200 5406 "http://wiki.wxwidgets.org/wiki.pl?Writing_Your_First_Application" "Mozilla/5.0 (Windows; U; Windows NT 5.1; de-DE; rv:1.7.8) Gecko/20050511 Firefox/1.0.4"
194.224.199.52 - - [20/Jun/2005:09:11:01 +0200] "GET /wiki.pl?WxThread HTTP/1.1" 200 3723 "http://wiki.wxwidgets.org/wiki.pl?Table_Of_Contents" "noxtrumbot/1.0 (crawler@noxtrum.com)"
65.214.44.47 - - [20/Jun/2005:09:11:02 +0200] "GET /wiki.pl?LEDClass HTTP/1.0" 200 2142 "-" "Mozilla/2.0 (compatible; Ask Jeeves/Teoma; +http://sp.ask.com/docs/about/tech_crawling.html)"
221.137.128.90 - - [20/Jun/2005:09:11:29 +0200] "GET /wximages/wxwidgets02-small.png HTTP/1.1" 200 12468 "http://blog.vckbase.com/bastet/" "Mozilla/4.0 (compatible; MSIE 6.0; Windows NT 5.0)"
196.3.50.254 - - [20/Jun/2005:09:11:33 +0200] "GET /wiki.pl?WxWidgets_Vacancies HTTP/1.1" 200 3602 "http://www.wxwidgets.org/toolbar.htm" "Mozilla/5.0 (Windows; U; Windows NT 5.1; en-US; rv:1.7.8) Gecko/20050511 Firefox/1.0.4"
196.3.50.254 - - [20/Jun/2005:09:11:33 +0200] "GET /wxwiki.css HTTP/1.1" 200 1540 "http://wiki.wxwidgets.org/wiki.pl?WxWidgets_Vacancies" "Mozilla/5.0 (Windows; U; Windows NT 5.1; en-US; rv:1.7.8) Gecko/20050511 Firefox/1.0.4"
196.3.50.254 - - [20/Jun/2005:09:11:33 +0200] "GET /wximages/wxwidgets02-small.png HTTP/1.1" 200 12468 "http://wiki.wxwidgets.org/wiki.pl?WxWidgets_Vacancies" "Mozilla/5.0 (Windows; U; Windows NT 5.1; en-US; rv:1.7.8) Gecko/20050511 Firefox/1.0.4"
194.224.199.52 - - [20/Jun/2005:09:12:01 +0200] "GET /wiki.pl?WxUsleep HTTP/1.1" 200 2202 "http://wiki.wxwidgets.org/wiki.pl?Table_Of_Contents" "noxtrumbot/1.0 (crawler@noxtrum.com)"
141.38.50.133 - - [20/Jun/2005:09:12:10 +0200] "GET /wiki.pl?Avoiding_Memory_Leaks HTTP/1.0" 200 7431 "http://wiki.wxwidgets.org/wiki.pl?Hello_World" "Mozilla/5.0 (Windows; U; Windows NT 5.1; de-DE; rv:1.7.8) Gecko/20050511 Firefox/1.0.4"
213.164.102.170 - - [20/Jun/2005:09:12:45 +0200] "GET /wxwiki.css HTTP/1.1" 304 - "http://wiki.wxwidgets.org/wiki.pl?Cross-Compiling_Under_Linux" "Opera/7.54 (X11; Linux i686; U) [en]"
213.164.102.170 - - [20/Jun/2005:09:12:47 +0200] "GET /wximages/wxwidgets02-small.png HTTP/1.1" 304 - "http://wiki.wxwidgets.org/wiki.pl?Cross-Compiling_Under_Linux" "Opera/7.54 (X11; Linux i686; U) [en]"
141.38.50.133 - - [20/Jun/2005:09:12:49 +0200] "GET /wiki.pl?Writing_Your_First_Application/Introduction HTTP/1.0" 200 7784 "http://wiki.wxwidgets.org/wiki.pl?Writing_Your_First_Application" "Mozilla/5.0 (Windows; U; Windows NT 5.1; de-DE; rv:1.7.8) Gecko/20050511 Firefox/1.0.4"
194.224.199.52 - - [20/Jun/2005:09:13:01 +0200] "GET /wiki.pl?WxURL HTTP/1.1" 200 2658 "http://wiki.wxwidgets.org/wiki.pl?Table_Of_Contents" "noxtrumbot/1.0 (crawler@noxtrum.com)"
218.63.168.39 - - [20/Jun/2005:09:13:28 +0200] "GET /wximages/wxwidgets02-small.png HTTP/1.1" 200 12468 "http://blog.vckbase.com/bastet/" "Mozilla/4.0 (compatible; MSIE 6.0; Windows NT 5.1; SV1)"
194.224.199.52 - - [20/Jun/2005:09:14:01 +0200] "GET /wiki.pl?WxValidator HTTP/1.1" 200 3688 "http://wiki.wxwidgets.org/wiki.pl?Table_Of_Contents" "noxtrumbot/1.0 (crawler@noxtrum.com)"
194.224.199.52 - - [20/Jun/2005:09:15:01 +0200] "GET /wiki.pl?WxWizard HTTP/1.1" 200 6163 "http://wiki.wxwidgets.org/wiki.pl?Table_Of_Contents" "noxtrumbot/1.0 (crawler@noxtrum.com)"
141.38.50.133 - - [20/Jun/2005:09:15:21 +0200] "GET /wiki.pl?Writing_Your_First_Application/Adding_A_Button HTTP/1.0" 200 8355 "http://wiki.wxwidgets.org/wiki.pl?Writing_Your_First_Application" "Mozilla/5.0 (Windows; U; Windows NT 5.1; de-DE; rv:1.7.8) Gecko/20050511 Firefox/1.0.4"
194.224.199.52 - - [20/Jun/2005:09:16:01 +0200] "GET /wiki.pl?WxZlibOutputStream HTTP/1.1" 200 3026 "http://wiki.wxwidgets.org/wiki.pl?Table_Of_Contents" "noxtrumbot/1.0 (crawler@noxtrum.com)"
194.224.199.52 - - [20/Jun/2005:09:17:01 +0200] "GET /wiki.pl?WxActiveX HTTP/1.1" 200 2179 "http://wiki.wxwidgets.org/wiki.pl?Table_Of_Contents" "noxtrumbot/1.0 (crawler@noxtrum.com)"
202.54.38.221 - - [20/Jun/2005:09:17:02 +0200] "GET /wiki.pl?Table_Of_Contents HTTP/1.1" 200 0 "-" "Mozilla/4.0 (compatible; MSIE 6.0; Windows NT 5.1; SV1; .NET CLR 1.1.4322)"
81.10.188.70 - - [20/Jun/2005:09:17:29 +0200] "GET /wiki.pl?WxTreeListCtrl HTTP/1.1" 200 1991 "http://www.google.at/search?q=wxtreelistctrl&sourceid=mozilla-search&start=0&start=0&ie=utf-8&oe=utf-8&client=firefox-a&rls=org.mozilla:en-US:official" "Mozilla/5.0 (Windows; U; Windows NT 5.1; en-US; rv:1.7.7) Gecko/20050414 Firefox/1.0.3"
81.10.188.70 - - [20/Jun/2005:09:17:30 +0200] "GET /wxwiki.css HTTP/1.1" 200 1540 "http://wiki.wxwidgets.org/wiki.pl?WxTreeListCtrl" "Mozilla/5.0 (Windows; U; Windows NT 5.1; en-US; rv:1.7.7) Gecko/20050414 Firefox/1.0.3"
81.10.188.70 - - [20/Jun/2005:09:17:30 +0200] "GET /wximages/wxwidgets02-small.png HTTP/1.1" 200 12468 "http://wiki.wxwidgets.org/wiki.pl?WxTreeListCtrl" "Mozilla/5.0 (Windows; U; Windows NT 5.1; en-US; rv:1.7.7) Gecko/20050414 Firefox/1.0.3"
81.10.188.70 - - [20/Jun/2005:09:17:30 +0200] "GET /favicon.ico HTTP/1.1" 200 3262 "-" "Mozilla/5.0 (Windows; U; Windows NT 5.1; en-US; rv:1.7.7) Gecko/20050414 Firefox/1.0.3"
194.224.199.52 - - [20/Jun/2005:09:18:01 +0200] "GET /wiki.pl?WxArt2d HTTP/1.1" 200 4104 "http://wiki.wxwidgets.org/wiki.pl?Table_Of_Contents" "noxtrumbot/1.0 (crawler@noxtrum.com)"
141.38.50.133 - - [20/Jun/2005:09:18:36 +0200] "GET /wiki.pl?Writing_Your_First_Application/Using_The_WxTextCtrl HTTP/1.0" 200 9483 "http://wiki.wxwidgets.org/wiki.pl?Writing_Your_First_Application" "Mozilla/5.0 (Windows; U; Windows NT 5.1; de-DE; rv:1.7.8) Gecko/20050511 Firefox/1.0.4"
