69.55.238.178 - - [20/Jun/2005:02:21:28 +0200] "POST /pypaste/cvsannounce.cgi HTTP/1.0" 200 1 "-" "Python-urllib/1.15"
69.55.238.178 - - [20/Jun/2005:02:21:42 +0200] "POST /pypaste/cvsannounce.cgi HTTP/1.0" 200 1 "-" "Python-urllib/1.15"
69.55.238.178 - - [20/Jun/2005:02:22:26 +0200] "POST /pypaste/cvsannounce.cgi HTTP/1.0" 200 1 "-" "Python-urllib/1.15"
61.191.27.34 - - [20/Jun/2005:02:25:22 +0200] "GET /wximages/wxwidgets02-small.png HTTP/1.1" 304 - "http://blog.vckbase.com/BastEt" "Mozilla/4.0 (compatible; MSIE 6.0; Windows NT 5.0; Maxthon; Hotbar 4.6.1)"
82.225.0.2 - - [20/Jun/2005:02:25:42 +0200] "GET /wiki.pl?Developers_Notebook/LZ77 HTTP/1.1" 200 2931 "http://www.google.fr/search?q=lzss+c&hl=fr&rls=GGLD%2CGGLD%3A2004-14%2CGGLD%3Aen" "Mozilla/4.0 (compatible; MSIE 6.0; Windows NT 5.2; .NET CLR 1.1.4322)"
82.225.0.2 - - [20/Jun/2005:02:25:42 +0200] "GET /wxwiki.css HTTP/1.1" 200 1540 "http://wiki.wxwidgets.org/wiki.pl?Developers_Notebook/LZ77" "Mozilla/4.0 (compatible; MSIE 6.0; Windows NT 5.2; .NET CLR 1.1.4322)"
82.225.0.2 - - [20/Jun/2005:02:25:42 +0200] "GET /wximages/wxwidgets02-small.png HTTP/1.1" 200 12468 "http://wiki.wxwidgets.org/wiki.pl?Developers_Notebook/LZ77" "Mozilla/4.0 (compatible; MSIE 6.0; Windows NT 5.2; .NET CLR 1.1.4322)"
221.233.206.141 - - [20/Jun/2005:02:27:28 +0200] "GET /wximages/wxwidgets02-small.png HTTP/1.1" 200 12468 "http://blog.vckbase.com/bastet/" "Mozilla/4.0 (compatible; MSIE 6.0; Windows NT 5.1; SV1; TencentTraveler )"
203.166.96.238 - - [20/Jun/2005:02:29:12 +0200] "GET /wiki.pl?MSVC HTTP/1.1" 200 1940 "-" "Mozilla/4.0 (compatible; MSIE 6.0; Windows NT 5.0; .NET CLR 1.1.4322)"
203.166.96.239 - - [20/Jun/2005:02:29:15 +0200] "GET /wxwiki.css HTTP/1.1" 200 1540 "http://wiki.wxwidgets.org/wiki.pl?MSVC" "Mozilla/4.0 (compatible; MSIE 6.0; Windows NT 5.0; .NET CLR 1.1.4322)"
203.166.96.239 - - [20/Jun/2005:02:29:16 +0200] "GET /wximages/wxwidgets02-small.png HTTP/1.1" 200 12468 "http://wiki.wxwidgets.org/wiki.pl?MSVC" "Mozilla/4.0 (compatible; MSIE 6.0; Windows NT 5.0; .NET CLR 1.1.4322)"
65.97.0.77 - - [20/Jun/2005:02:29:42 +0200] "GET /wiki.pl?MacOS_X_ProjectBuilder_Setup_Guide HTTP/1.1" 200 5958 "http://www.google.com/search?num=30&hs=l0T&hl=en&lr=lang_en&safe=off&c2coff=1&client=firefox-a&rls=org.mozilla%3Aen-US%3Aofficial&biw=1002&q=linker+path+mac+os+x&btnG=Search" "Mozilla/5.0 (Macintosh; U; PPC Mac OS X Mach-O; en-US; rv:1.7.8) Gecko/20050511 Firefox/1.0.4"
65.97.0.77 - - [20/Jun/2005:02:29:44 +0200] "GET /wxwiki.css HTTP/1.1" 200 1540 "http://wiki.wxwidgets.org/wiki.pl?MacOS_X_ProjectBuilder_Setup_Guide" "Mozilla/5.0 (Macintosh; U; PPC Mac OS X Mach-O; en-US; rv:1.7.8) Gecko/20050511 Firefox/1.0.4"
65.97.0.77 - - [20/Jun/2005:02:29:44 +0200] "GET /wximages/wxwidgets02-small.png HTTP/1.1" 200 12468 "http://wiki.wxwidgets.org/wiki.pl?MacOS_X_ProjectBuilder_Setup_Guide" "Mozilla/5.0 (Macintosh; U; PPC Mac OS X Mach-O; en-US; rv:1.7.8) Gecko/20050511 Firefox/1.0.4"
65.97.0.77 - - [20/Jun/2005:02:29:54 +0200] "GET /favicon.ico HTTP/1.1" 200 3262 "-" "Mozilla/5.0 (Macintosh; U; PPC Mac OS X Mach-O; en-US; rv:1.7.8) Gecko/20050511 Firefox/1.0.4"
65.54.188.139 - - [20/Jun/2005:02:30:10 +0200] "GET /wiki.pl?IDEs HTTP/1.0" 200 10185 "-" "msnbot/1.0 (+http://search.msn.com/msnbot.htm)"
222.138.16.33 - - [20/Jun/2005:02:32:28 +0200] "GET /wximages/wxwidgets02-small.png HTTP/1.1" 200 12468 "http://blog.vckbase.com/bastet/" "Mozilla/4.0 (compatible; MSIE 6.0; Windows NT 5.1; SV1)"
219.142.141.168 - - [20/Jun/2005:02:32:53 +0200] "GET /wiki.pl?WxWidgets_Vacancies HTTP/1.1" 200 3602 "http://www.wxwidgets.org/toolbar.htm" "Mozilla/4.0 (compatible; MSIE 6.0; Windows NT 5.1; SV1; .NET CLR 1.1.4322)"
203.17.154.70 - - [20/Jun/2005:02:32:55 +0200] "GET /wiki.pl?LEDClass HTTP/1.0" 200 2142 "http://wiki.wxwidgets.org/wiki.pl?Table_Of_Contents" "Mozilla/5.0 (Windows; U; Windows NT 5.1; en-GB; rv:1.7.8) Gecko/20050511 Firefox/1.0.4"
219.142.141.168 - - [20/Jun/2005:02:32:55 +0200] "GET /wxwiki.css HTTP/1.1" 200 1540 "http://wiki.wxwidgets.org/wiki.pl?WxWidgets_Vacancies" "Mozilla/4.0 (compatible; MSIE 6.0; Windows NT 5.1; SV1; .NET CLR 1.1.4322)"
219.142.141.168 - - [20/Jun/2005:02:32:56 +0200] "GET /wximages/wxwidgets02-small.png HTTP/1.1" 200 12468 "http://wiki.wxwidgets.org/wiki.pl?WxWidgets_Vacancies" "Mozilla/4.0 (compatible; MSIE 6.0; Windows NT 5.1; SV1; .NET CLR 1.1.4322)"
80.58.50.107 - - [20/Jun/2005:02:33:48 +0200] "GET /wiki.pl?MSVC HTTP/1.0" 200 1928 "-" "Mozilla/5.0 (Windows; U; Windows NT 5.1; en-US; rv:1.7) Gecko/20040707 Firefox/0.9.2"
80.58.50.107 - - [20/Jun/2005:02:33:48 +0200] "GET /wxwiki.css HTTP/1.1" 200 1540 "http://wiki.wxwidgets.org/wiki.pl?MSVC" "Mozilla/5.0 (Windows; U; Windows NT 5.1; en-US; rv:1.7) Gecko/20040707 Firefox/0.9.2"
80.58.50.107 - - [20/Jun/2005:02:33:48 +0200] "GET /favicon.ico HTTP/1.1" 200 3262 "-" "Mozilla/5.0 (Windows; U; Windows NT 5.1; en-US; rv:1.7) Gecko/20040707 Firefox/0.9.2"
80.58.50.107 - - [20/Jun/2005:02:33:49 +0200] "GET /wximages/wxwidgets02-small.png HTTP/1.1" 200 12468 "http://wiki.wxwidgets.org/wiki.pl?MSVC" "Mozilla/5.0 (Windows; U; Windows NT 5.1; en-US; rv:1.7) Gecko/20040707 Firefox/0.9.2"
80.58.50.107 - - [20/Jun/2005:02:33:52 +0200] "GET /wiki.pl?WxWiki HTTP/1.1" 200 3381 "http://wiki.wxwidgets.org/wiki.pl?MSVC" "Mozilla/5.0 (Windows; U; Windows NT 5.1; en-US; rv:1.7) Gecko/20040707 Firefox/0.9.2"
65.54.188.139 - - [20/Jun/2005:02:34:35 +0200] "GET /wiki.pl?CRC/Byte_CRC HTTP/1.0" 200 3227 "-" "msnbot/1.0 (+http://search.msn.com/msnbot.htm)"
65.54.188.139 - - [20/Jun/2005:02:34:57 +0200] "GET /wiki.pl?Developers_Notebook/ZipStream HTTP/1.0" 200 2432 "-" "msnbot/1.0 (+http://search.msn.com/msnbot.htm)"
201.14.79.14 - - [20/Jun/2005:02:35:26 +0200] "GET /wiki.pl?Reducing_Executable_Size HTTP/1.1" 200 5549 "http://www.google.com.br/search?hl=pt-BR&q=size+executable+wxwidgets&meta=" "Mozilla/4.0 (compatible; MSIE 6.0; Windows 98; Win 9x 4.90; MyIE2)"
201.14.79.14 - - [20/Jun/2005:02:35:26 +0200] "GET /wxwiki.css HTTP/1.1" 200 1540 "http://wiki.wxwidgets.org/wiki.pl?Reducing_Executable_Size" "Mozilla/4.0 (compatible; MSIE 6.0; Windows 98; Win 9x 4.90; MyIE2)"
201.14.79.14 - - [20/Jun/2005:02:35:26 +0200] "GET /wximages/wxwidgets02-small.png HTTP/1.1" 200 12468 "http://wiki.wxwidgets.org/wiki.pl?Reducing_Executable_Size" "Mozilla/4.0 (compatible; MSIE 6.0; Windows 98; Win 9x 4.90; MyIE2)"
201.14.79.14 - - [20/Jun/2005:02:35:27 +0200] "GET /favicon.ico HTTP/1.1" 200 3262 "-" "Mozilla/4.0 (compatible; MSIE 6.0; Windows 98; Win 9x 4.90; MyIE2)"
201.14.79.14 - - [20/Jun/2005:02:35:28 +0200] "GET /wxwiki.css HTTP/1.1" 304 - "http://wiki.wxwidgets.org/wiki.pl?back=Reducing+Executable+Size" "Mozilla/4.0 (compatible; MSIE 6.0; Windows 98; Win 9x 4.90; MyIE2)"
201.14.79.14 - - [20/Jun/2005:02:35:28 +0200] "GET /wximages/wxwidgets02-small.png HTTP/1.1" 304 - "http://wiki.wxwidgets.org/wiki.pl?back=Reducing+Executable+Size" "Mozilla/4.0 (compatible; MSIE 6.0; Windows 98; Win 9x 4.90; MyIE2)"
201.14.79.14 - - [20/Jun/2005:02:35:29 +0200] "GET /wiki.pl?back=Reducing+Executable+Size HTTP/1.1" 200 1775 "http://www.google.com.br/search?hl=pt-BR&q=size+executable+wxwidgets&meta=" "Mozilla/4.0 (compatible; MSIE 6.0; Windows 98; Win 9x 4.90; MyIE2)"
201.14.79.14 - - [20/Jun/2005:02:35:37 +0200] "GET /wiki.pl?Reducing_Executable_Size HTTP/1.1" 200 5549 "http://wiki.wxwidgets.org/wiki.pl?back=Reducing+Executable+Size" "Mozilla/4.0 (compatible; MSIE 6.0; Windows 98; Win 9x 4.90; MyIE2)"
201.14.79.14 - - [20/Jun/2005:02:35:37 +0200] "GET /wxwiki.css HTTP/1.1" 304 - "http://wiki.wxwidgets.org/wiki.pl?Reducing_Executable_Size" "Mozilla/4.0 (compatible; MSIE 6.0; Windows 98; Win 9x 4.90; MyIE2)"
24.250.100.129 - - [20/Jun/2005:02:35:56 +0200] "GET /man.cgi?q=listitem HTTP/1.1" 200 159 "-" "Mozilla/5.0 (X11; U; Linux ppc; en-US; rv:1.7.8) Gecko/20050517 Firefox/1.0.4 (Debian package 1.0.4-2)"
24.250.100.129 - - [20/Jun/2005:02:35:57 +0200] "GET /favicon.ico HTTP/1.1" 200 3262 "-" "Mozilla/5.0 (X11; U; Linux ppc; en-US; rv:1.7.8) Gecko/20050517 Firefox/1.0.4 (Debian package 1.0.4-2)"
65.54.188.139 - - [20/Jun/2005:02:39:20 +0200] "GET /wiki.pl?DYNAMIC_CLASS_Macros HTTP/1.0" 200 4149 "-" "msnbot/1.0 (+http://search.msn.com/msnbot.htm)"
203.166.96.239 - - [20/Jun/2005:02:39:46 +0200] "GET /wiki.pl?MSVC_Setup_Guide HTTP/1.1" 200 18691 "http://wiki.wxwidgets.org/wiki.pl?MSVC" "Mozilla/4.0 (compatible; MSIE 6.0; Windows NT 5.0; .NET CLR 1.1.4322)"
81.172.175.7 - - [20/Jun/2005:02:41:12 +0200] "GET /wiki.pl?WxWidgets_For_MFC_Programmers HTTP/1.1" 200 12586 "http://www.google.com/search?q=wxhashmap&hl=sv&lr=&start=10&sa=N" "Mozilla/5.0 (X11; U; Linux i686; sv-SE; rv:1.7.6) Gecko/20050324 Debian/1.7.6-1"
81.172.175.7 - - [20/Jun/2005:02:41:12 +0200] "GET /wxwiki.css HTTP/1.1" 200 1540 "http://wiki.wxwidgets.org/wiki.pl?WxWidgets_For_MFC_Programmers" "Mozilla/5.0 (X11; U; Linux i686; sv-SE; rv:1.7.6) Gecko/20050324 Debian/1.7.6-1"
81.172.175.7 - - [20/Jun/2005:02:41:12 +0200] "GET /wximages/wxwidgets02-small.png HTTP/1.1" 200 12468 "http://wiki.wxwidgets.org/wiki.pl?WxWidgets_For_MFC_Programmers" "Mozilla/5.0 (X11; U; Linux i686; sv-SE; rv:1.7.6) Gecko/20050324 Debian/1.7.6-1"
61.153.212.179 - - [20/Jun/2005:02:42:04 +0200] "GET /wximages/wxwidgets02-small.png HTTP/1.1" 200 12468 "http://blog.vckbase.com/bastet/" "Mozilla/4.0 (compatible; MSIE 6.0; Windows NT 5.1; SV1)"
61.55.141.157 - - [20/Jun/2005:02:42:14 +0200] "GET /wximages/wxwidgets02-small.png HTTP/1.1" 200 12468 "http://blog.vckbase.com/bastet/" "Mozilla/4.0 (compatible; MSIE 5.0; Windows 98; DigExt)"
65.54.188.139 - - [20/Jun/2005:02:43:13 +0200] "GET /wiki.pl?back=Abernitz HTTP/1.0" 200 1520 "-" "msnbot/1.0 (+http://search.msn.com/msnbot.htm)"
202.165.98.141 - - [20/Jun/2005:02:44:26 +0200] "GET /robots.txt HTTP/1.0" 200 138 "-" "Mozilla/5.0 (compatible; Yahoo! Slurp; http://help.yahoo.com/help/us/ysearch/slurp)"
202.165.98.144 - - [20/Jun/2005:02:44:28 +0200] "GET / HTTP/1.0" 200 3369 "-" "Mozilla/5.0 (compatible; Yahoo! Slurp; http://help.yahoo.com/help/us/ysearch/slurp)"
71.208.53.81 - - [20/Jun/2005:02:47:18 +0200] "GET /wiki.pl?WxWidgets_Vacancies HTTP/1.1" 200 3602 "http://www.wxwidgets.org/toolbar.htm" "Mozilla/5.0 (X11; U; Linux i686; en-US; rv:1.7.8) Gecko/20050524 Fedora/1.0.4-4 Firefox/1.0.4"
71.208.53.81 - - [20/Jun/2005:02:47:19 +0200] "GET /wxwiki.css HTTP/1.1" 200 1540 "http://wiki.wxwidgets.org/wiki.pl?WxWidgets_Vacancies" "Mozilla/5.0 (X11; U; Linux i686; en-US; rv:1.7.8) Gecko/20050524 Fedora/1.0.4-4 Firefox/1.0.4"
71.208.53.81 - - [20/Jun/2005:02:47:19 +0200] "GET /wximages/wxwidgets02-small.png HTTP/1.1" 200 12468 "http://wiki.wxwidgets.org/wiki.pl?WxWidgets_Vacancies" "Mozilla/5.0 (X11; U; Linux i686; en-US; rv:1.7.8) Gecko/20050524 Fedora/1.0.4-4 Firefox/1.0.4"
71.208.53.81 - - [20/Jun/2005:02:47:19 +0200] "GET /favicon.ico HTTP/1.1" 200 3262 "-" "Mozilla/5.0 (X11; U; Linux i686; en-US; rv:1.7.8) Gecko/20050524 Fedora/1.0.4-4 Firefox/1.0.4"
65.54.188.139 - - [20/Jun/2005:02:47:46 +0200] "GET /wiki.pl?Help_Wanted HTTP/1.0" 200 2851 "-" "msnbot/1.0 (+http://search.msn.com/msnbot.htm)"
133.111.200.2 - - [20/Jun/2005:02:51:04 +0200] "GET /wiki.pl?Installing_WxWin_MinGW HTTP/1.0" 200 6200 "-" "Mozilla/4.0 (compatible; MSIE 6.0; Windows NT 5.1; SV1; .NET CLR 1.0.3705; .NET CLR 1.1.4322; .NET CLR 2.0.50215)"
133.111.200.2 - - [20/Jun/2005:02:51:05 +0200] "GET /wximages/wxwidgets02-small.png HTTP/1.0" 304 - "http://wiki.wxwidgets.org/wiki.pl?Installing_WxWin_MinGW" "Mozilla/4.0 (compatible; MSIE 6.0; Windows NT 5.1; SV1; .NET CLR 1.0.3705; .NET CLR 1.1.4322; .NET CLR 2.0.50215)"
133.111.200.2 - - [20/Jun/2005:02:51:05 +0200] "GET /wxwiki.css HTTP/1.0" 304 - "http://wiki.wxwidgets.org/wiki.pl?Installing_WxWin_MinGW" "Mozilla/4.0 (compatible; MSIE 6.0; Windows NT 5.1; SV1; .NET CLR 1.0.3705; .NET CLR 1.1.4322; .NET CLR 2.0.50215)"
133.111.200.2 - - [20/Jun/2005:02:51:10 +0200] "GET /wiki.pl?Table_Of_Contents HTTP/1.0" 200 26183 "-" "Mozilla/4.0 (compatible; MSIE 6.0; Windows NT 5.1; SV1; .NET CLR 1.0.3705; .NET CLR 1.1.4322; .NET CLR 2.0.50215)"
133.111.200.2 - - [20/Jun/2005:02:51:11 +0200] "GET /wxwiki.css HTTP/1.0" 304 - "http://wiki.wxwidgets.org/wiki.pl?Table_Of_Contents" "Mozilla/4.0 (compatible; MSIE 6.0; Windows NT 5.1; SV1; .NET CLR 1.0.3705; .NET CLR 1.1.4322; .NET CLR 2.0.50215)"
133.111.200.2 - - [20/Jun/2005:02:51:11 +0200] "GET /wximages/wxwidgets02-small.png HTTP/1.0" 304 - "http://wiki.wxwidgets.org/wiki.pl?Table_Of_Contents" "Mozilla/4.0 (compatible; MSIE 6.0; Windows NT 5.1; SV1; .NET CLR 1.0.3705; .NET CLR 1.1.4322; .NET CLR 2.0.50215)"
133.111.200.2 - - [20/Jun/2005:02:51:17 +0200] "GET /wiki.pl?Mac_OS_X_And_Xcode_1.5_Project_Setup_Guide HTTP/1.0" 200 3977 "http://wiki.wxwidgets.org/wiki.pl?Table_Of_Contents" "Mozilla/4.0 (compatible; MSIE 6.0; Windows NT 5.1; SV1; .NET CLR 1.0.3705; .NET CLR 1.1.4322; .NET CLR 2.0.50215)"
133.111.200.2 - - [20/Jun/2005:02:51:53 +0200] "GET /wiki.pl?back=Mac+OS+X+And+Xcode+1.5+Project+Setup+Guide HTTP/1.0" 200 1800 "http://wiki.wxwidgets.org/wiki.pl?Mac_OS_X_And_Xcode_1.5_Project_Setup_Guide" "Mozilla/4.0 (compatible; MSIE 6.0; Windows NT 5.1; SV1; .NET CLR 1.0.3705; .NET CLR 1.1.4322; .NET CLR 2.0.50215)"
133.111.200.2 - - [20/Jun/2005:02:51:54 +0200] "GET /wximages/wxwidgets02-small.png HTTP/1.0" 304 - "http://wiki.wxwidgets.org/wiki.pl?back=Mac+OS+X+And+Xcode+1.5+Project+Setup+Guide" "Mozilla/4.0 (compatible; MSIE 6.0; Windows NT 5.1; SV1; .NET CLR 1.0.3705; .NET CLR 1.1.4322; .NET CLR 2.0.50215)"
133.111.200.2 - - [20/Jun/2005:02:51:54 +0200] "GET /wxwiki.css HTTP/1.0" 304 - "http://wiki.wxwidgets.org/wiki.pl?back=Mac+OS+X+And+Xcode+1.5+Project+Setup+Guide" "Mozilla/4.0 (compatible; MSIE 6.0; Windows NT 5.1; SV1; .NET CLR 1.0.3705; .NET CLR 1.1.4322; .NET CLR 2.0.50215)"
133.111.200.2 - - [20/Jun/2005:02:51:57 +0200] "GET /wiki.pl?Mac_OS_X_And_Xcode_1.5_Project_Setup_Guide HTTP/1.0" 200 3977 "http://wiki.wxwidgets.org/wiki.pl?Table_Of_Contents" "Mozilla/4.0 (compatible; MSIE 6.0; Windows NT 5.1; SV1; .NET CLR 1.0.3705; .NET CLR 1.1.4322; .NET CLR 2.0.50215)"
133.111.200.2 - - [20/Jun/2005:02:52:08 +0200] "GET /wiki.pl?Table_Of_Contents HTTP/1.0" 200 26183 "-" "Mozilla/4.0 (compatible; MSIE 6.0; Windows NT 5.1; SV1; .NET CLR 1.0.3705; .NET CLR 1.1.4322; .NET CLR 2.0.50215)"
133.111.200.2 - - [20/Jun/2005:02:52:11 +0200] "GET /wiki.pl?Mac_OS_X_And_Xcode_For_Beginners HTTP/1.0" 200 31927 "http://wiki.wxwidgets.org/wiki.pl?Table_Of_Contents" "Mozilla/4.0 (compatible; MSIE 6.0; Windows NT 5.1; SV1; .NET CLR 1.0.3705; .NET CLR 1.1.4322; .NET CLR 2.0.50215)"
69.3.144.39 - - [20/Jun/2005:02:52:42 +0200] "GET /wiki.pl?WxWidgets_Vacancies HTTP/1.1" 200 3602 "http://www.wxwidgets.org/toolbar.htm" "Mozilla/5.0 (X11; U; Linux i686; en-US; rv:1.7.6) Gecko/20050317 Firefox/1.0.2"
69.3.144.39 - - [20/Jun/2005:02:52:42 +0200] "GET /wxwiki.css HTTP/1.1" 200 1540 "http://wiki.wxwidgets.org/wiki.pl?WxWidgets_Vacancies" "Mozilla/5.0 (X11; U; Linux i686; en-US; rv:1.7.6) Gecko/20050317 Firefox/1.0.2"
69.3.144.39 - - [20/Jun/2005:02:52:43 +0200] "GET /wximages/wxwidgets02-small.png HTTP/1.1" 200 12468 "http://wiki.wxwidgets.org/wiki.pl?WxWidgets_Vacancies" "Mozilla/5.0 (X11; U; Linux i686; en-US; rv:1.7.6) Gecko/20050317 Firefox/1.0.2"
69.3.144.39 - - [20/Jun/2005:02:52:43 +0200] "GET /favicon.ico HTTP/1.1" 200 3262 "-" "Mozilla/5.0 (X11; U; Linux i686; en-US; rv:1.7.6) Gecko/20050317 Firefox/1.0.2"
59.35.135.113 - - [20/Jun/2005:02:57:51 +0200] "GET /wximages/wxwidgets02-small.png HTTP/1.1" 200 12468 "http://blog.vckbase.com/bastet/" "Mozilla/4.0 (compatible; MSIE 6.0; Windows NT 5.1; SV1)"
218.24.57.85 - - [20/Jun/2005:02:59:24 +0200] "GET /wximages/wxwidgets02-small.png HTTP/1.1" 200 12468 "http://blog.vckbase.com/bastet/" "Mozilla/4.0 (compatible; MSIE 6.0; Windows NT 5.1)"
149.169.178.204 - - [20/Jun/2005:03:00:37 +0200] "GET / HTTP/1.1" 200 3381 "http://wxwidgets.org/develop2.htm" "Mozilla/5.0 (Windows; U; Windows NT 5.1; en-US; rv:1.7.8) Gecko/20050511 Firefox/1.0.4"
149.169.178.204 - - [20/Jun/2005:03:00:38 +0200] "GET /wxwiki.css HTTP/1.1" 200 1540 "http://wiki.wxwidgets.org/" "Mozilla/5.0 (Windows; U; Windows NT 5.1; en-US; rv:1.7.8) Gecko/20050511 Firefox/1.0.4"
149.169.178.204 - - [20/Jun/2005:03:00:38 +0200] "GET /wximages/wxwidgets02-small.png HTTP/1.1" 200 12468 "http://wiki.wxwidgets.org/" "Mozilla/5.0 (Windows; U; Windows NT 5.1; en-US; rv:1.7.8) Gecko/20050511 Firefox/1.0.4"
149.169.178.204 - - [20/Jun/2005:03:00:38 +0200] "GET /favicon.ico HTTP/1.1" 200 3262 "-" "Mozilla/5.0 (Windows; U; Windows NT 5.1; en-US; rv:1.7.8) Gecko/20050511 Firefox/1.0.4"
149.169.178.204 - - [20/Jun/2005:03:00:53 +0200] "GET /wiki.pl?WikiSpam_Hall_Of_Shame HTTP/1.1" 200 3693 "http://wiki.wxwidgets.org/" "Mozilla/5.0 (Windows; U; Windows NT 5.1; en-US; rv:1.7.8) Gecko/20050511 Firefox/1.0.4"
210.22.146.175 - - [20/Jun/2005:03:01:09 +0200] "GET /wximages/wxwidgets02-small.png HTTP/1.0" 304 - "http://blog.vckbase.com/BastEt" "Mozilla/5.0 (Windows; U; Windows NT 5.0; zh-CN; rv:1.7.5) Gecko/20041107 Firefox/1.0"
149.169.178.204 - - [20/Jun/2005:03:01:15 +0200] "GET /wiki.pl?Table_Of_Contents HTTP/1.1" 200 26242 "http://wiki.wxwidgets.org/" "Mozilla/5.0 (Windows; U; Windows NT 5.1; en-US; rv:1.7.8) Gecko/20050511 Firefox/1.0.4"
205.143.222.10 - - [20/Jun/2005:03:01:27 +0200] "GET /wiki.pl?WxWidgets_Bounties HTTP/1.0" 200 8846 "http://www.wxwidgets.org/toolbar.htm" "Mozilla/5.0 (X11; U; Linux i686; en-US; rv:1.7.8) Gecko/20050514 Firefox/1.0.4"
205.143.222.10 - - [20/Jun/2005:03:01:27 +0200] "GET /wxwiki.css HTTP/1.0" 200 1540 "http://wiki.wxwidgets.org/wiki.pl?WxWidgets_Bounties" "Mozilla/5.0 (X11; U; Linux i686; en-US; rv:1.7.8) Gecko/20050514 Firefox/1.0.4"
205.143.222.10 - - [20/Jun/2005:03:01:28 +0200] "GET /wximages/wxwidgets02-small.png HTTP/1.0" 200 12468 "http://wiki.wxwidgets.org/wiki.pl?WxWidgets_Bounties" "Mozilla/5.0 (X11; U; Linux i686; en-US; rv:1.7.8) Gecko/20050514 Firefox/1.0.4"
205.143.222.10 - - [20/Jun/2005:03:01:28 +0200] "GET /favicon.ico HTTP/1.0" 200 3262 "-" "Mozilla/5.0 (X11; U; Linux i686; en-US; rv:1.7.8) Gecko/20050514 Firefox/1.0.4"
149.169.178.204 - - [20/Jun/2005:03:01:56 +0200] "GET /wiki.pl?Mac_OS_X_And_Xcode_For_Beginners HTTP/1.1" 200 31994 "http://wiki.wxwidgets.org/wiki.pl?Table_Of_Contents" "Mozilla/5.0 (Windows; U; Windows NT 5.1; en-US; rv:1.7.8) Gecko/20050511 Firefox/1.0.4"
205.143.222.10 - - [20/Jun/2005:03:03:47 +0200] "GET / HTTP/1.0" 200 3369 "http://www.wxwidgets.org/docs.htm" "Mozilla/5.0 (X11; U; Linux i686; en-US; rv:1.7.8) Gecko/20050514 Firefox/1.0.4"
205.143.222.10 - - [20/Jun/2005:03:03:55 +0200] "GET /wiki.pl?Table_Of_Contents HTTP/1.0" 200 26183 "http://wiki.wxwidgets.org/" "Mozilla/5.0 (X11; U; Linux i686; en-US; rv:1.7.8) Gecko/20050514 Firefox/1.0.4"
70.59.39.17 - - [20/Jun/2005:03:04:12 +0200] "GET /favicon.ico HTTP/1.1" 200 3262 "-" "Mozilla/5.0 (Windows; U; Windows NT 5.1; en-US; rv:1.7.8) Gecko/20050511 Firefox/1.0.4"
205.143.222.10 - - [20/Jun/2005:03:04:27 +0200] "GET /wiki.pl?Distributing_WxWidgets_Applications HTTP/1.0" 200 5119 "http://wiki.wxwidgets.org/wiki.pl?Table_Of_Contents" "Mozilla/5.0 (X11; U; Linux i686; en-US; rv:1.7.8) Gecko/20050514 Firefox/1.0.4"
205.143.222.10 - - [20/Jun/2005:03:05:36 +0200] "GET /wiki.pl?Reducing_Executable_Size HTTP/1.0" 200 5530 "http://wiki.wxwidgets.org/wiki.pl?Table_Of_Contents" "Mozilla/5.0 (X11; U; Linux i686; en-US; rv:1.7.8) Gecko/20050514 Firefox/1.0.4"
222.64.162.221 - - [20/Jun/2005:03:05:40 +0200] "GET /wximages/wxwidgets02-small.png HTTP/1.1" 200 12468 "http://blog.vckbase.com/bastet" "Mozilla/4.0 (compatible; MSIE 6.0; Windows NT 5.0; Maxthon; Poco 0.31; .NET CLR 1.1.4322)"
65.54.188.139 - - [20/Jun/2005:03:06:27 +0200] "GET /robots.txt HTTP/1.0" 200 138 "-" "msnbot/1.0 (+http://search.msn.com/msnbot.htm)"
65.54.188.139 - - [20/Jun/2005:03:06:28 +0200] "GET /wiki.pl?back=WxWiki+WxCaret HTTP/1.0" 200 1770 "-" "msnbot/1.0 (+http://search.msn.com/msnbot.htm)"
149.169.178.204 - - [20/Jun/2005:03:07:20 +0200] "GET /wiki.pl?MSVC_.NET_Setup_Guide HTTP/1.1" 200 12582 "http://wiki.wxwidgets.org/wiki.pl?Table_Of_Contents" "Mozilla/5.0 (Windows; U; Windows NT 5.1; en-US; rv:1.7.8) Gecko/20050511 Firefox/1.0.4"
205.143.222.10 - - [20/Jun/2005:03:08:08 +0200] "GET /wiki.pl?UPX HTTP/1.0" 200 2076 "http://wiki.wxwidgets.org/wiki.pl?Table_Of_Contents" "Mozilla/5.0 (X11; U; Linux i686; en-US; rv:1.7.8) Gecko/20050514 Firefox/1.0.4"
205.143.222.10 - - [20/Jun/2005:03:08:18 +0200] "GET /wiki.pl?Making_Installers HTTP/1.0" 200 2176 "http://wiki.wxwidgets.org/wiki.pl?Table_Of_Contents" "Mozilla/5.0 (X11; U; Linux i686; en-US; rv:1.7.8) Gecko/20050514 Firefox/1.0.4"
205.143.222.10 - - [20/Jun/2005:03:08:24 +0200] "GET /wiki.pl?Windows HTTP/1.0" 200 3564 "http://wiki.wxwidgets.org/wiki.pl?Making_Installers" "Mozilla/5.0 (X11; U; Linux i686; en-US; rv:1.7.8) Gecko/20050514 Firefox/1.0.4"
70.59.39.17 - - [20/Jun/2005:03:08:49 +0200] "GET /wiki.pl?MSVC_.NET_Setup_Guide HTTP/1.1" 200 12582 "http://www.google.com/search?q=visual+C%2B%2B+.net+2002+wxwidgets&start=0&start=0&ie=utf-8&oe=utf-8&client=firefox-a&rls=org.mozilla:en-US:official" "Mozilla/5.0 (Windows; U; Windows NT 5.1; en-US; rv:1.7.8) Gecko/20050511 Firefox/1.0.4"
70.59.39.17 - - [20/Jun/2005:03:08:50 +0200] "GET /wxwiki.css HTTP/1.1" 200 1540 "http://wiki.wxwidgets.org/wiki.pl?MSVC_.NET_Setup_Guide" "Mozilla/5.0 (Windows; U; Windows NT 5.1; en-US; rv:1.7.8) Gecko/20050511 Firefox/1.0.4"
70.59.39.17 - - [20/Jun/2005:03:08:51 +0200] "GET /wximages/wxwidgets02-small.png HTTP/1.1" 200 12468 "http://wiki.wxwidgets.org/wiki.pl?MSVC_.NET_Setup_Guide" "Mozilla/5.0 (Windows; U; Windows NT 5.1; en-US; rv:1.7.8) Gecko/20050511 Firefox/1.0.4"
202.95.81.226 - - [20/Jun/2005:03:10:21 +0200] "GET /favicon.ico HTTP/1.0" 200 3262 "-" "Avant Browser (http://www.avantbrowser.com)"
202.95.81.226 - - [20/Jun/2005:03:10:21 +0200] "GET /wxwiki.css HTTP/1.0" 200 1540 "http://wiki.wxwidgets.org/wiki.pl?WxWidgets_Compared_To_Other_Toolkits" "Mozilla/4.0 (compatible; MSIE 6.0; Windows NT 5.1; .NET CLR 1.1.4322)"
202.95.81.226 - - [20/Jun/2005:03:10:22 +0200] "GET /wximages/wxwidgets02-small.png HTTP/1.0" 200 12468 "http://wiki.wxwidgets.org/wiki.pl?WxWidgets_Compared_To_Other_Toolkits" "Mozilla/4.0 (compatible; MSIE 6.0; Windows NT 5.1; .NET CLR 1.1.4322)"
202.95.81.226 - - [20/Jun/2005:03:10:22 +0200] "GET /wiki.pl?WxWidgets_Compared_To_Other_Toolkits HTTP/1.0" 200 19433 "http://groups-beta.google.com/group/comp.lang.c++.moderated/browse_thread/thread/75abf19b33a2cd72/7c7cbce517163d68?hl=en" "Mozilla/4.0 (compatible; MSIE 6.0; Windows NT 5.1; .NET CLR 1.1.4322)"
218.2.81.229 - - [20/Jun/2005:03:11:33 +0200] "GET /wximages/wxwidgets02-small.png HTTP/1.1" 200 12468 "http://blog.vckbase.com/bastet/" "Mozilla/4.0 (compatible; MSIE 6.0; Windows NT 5.1; SV1; mxie; Maxthon)"
65.54.188.139 - - [20/Jun/2005:03:13:40 +0200] "GET /wiki.pl?back=RTTI HTTP/1.0" 200 2446 "-" "msnbot/1.0 (+http://search.msn.com/msnbot.htm)"
65.54.188.139 - - [20/Jun/2005:03:15:08 +0200] "GET /wiki.pl?back=WxArt2d HTTP/1.0" 200 1889 "-" "msnbot/1.0 (+http://search.msn.com/msnbot.htm)"
211.219.43.137 - - [20/Jun/2005:03:15:54 +0200] "GET /wiki.pl?WxWidgets_Bounties HTTP/1.1" 200 8873 "http://www.wxwidgets.org/toolbar.htm" "Mozilla/5.0 (Windows; U; Windows NT 5.1; ko-KR; rv:1.7.8) Gecko/20050511 Firefox/1.0.4"
211.219.43.137 - - [20/Jun/2005:03:15:54 +0200] "GET /wxwiki.css HTTP/1.1" 200 1540 "http://wiki.wxwidgets.org/wiki.pl?WxWidgets_Bounties" "Mozilla/5.0 (Windows; U; Windows NT 5.1; ko-KR; rv:1.7.8) Gecko/20050511 Firefox/1.0.4"
211.219.43.137 - - [20/Jun/2005:03:15:55 +0200] "GET /favicon.ico HTTP/1.1" 200 3262 "-" "-"
211.219.43.137 - - [20/Jun/2005:03:15:55 +0200] "GET /wximages/wxwidgets02-small.png HTTP/1.1" 200 12468 "http://wiki.wxwidgets.org/wiki.pl?WxWidgets_Bounties" "Mozilla/5.0 (Windows; U; Windows NT 5.1; ko-KR; rv:1.7.8) Gecko/20050511 Firefox/1.0.4"
211.219.43.137 - - [20/Jun/2005:03:15:56 +0200] "GET /favicon.ico HTTP/1.1" 200 3262 "-" "Mozilla/5.0 (Windows; U; Windows NT 5.1; ko-KR; rv:1.7.8) Gecko/20050511 Firefox/1.0.4"
211.219.43.137 - - [20/Jun/2005:03:16:02 +0200] "GET /wiki.pl?WxWidgets_Vacancies HTTP/1.1" 200 3602 "http://www.wxwidgets.org/toolbar.htm" "Mozilla/5.0 (Windows; U; Windows NT 5.1; ko-KR; rv:1.7.8) Gecko/20050511 Firefox/1.0.4"
203.134.183.73 - - [20/Jun/2005:03:16:32 +0200] "GET /wiki.pl?WxWidgets_Compared_To_Other_Toolkits HTTP/1.1" 200 19476 "-" "Mozilla/5.0 (Windows; U; Windows NT 5.1; en-US; rv:1.7.5) Gecko/20041107 Firefox/1.0"
203.134.183.73 - - [20/Jun/2005:03:16:32 +0200] "GET /wxwiki.css HTTP/1.1" 200 1540 "http://wiki.wxwidgets.org/wiki.pl?WxWidgets_Compared_To_Other_Toolkits" "Mozilla/5.0 (Windows; U; Windows NT 5.1; en-US; rv:1.7.5) Gecko/20041107 Firefox/1.0"
203.134.183.73 - - [20/Jun/2005:03:16:32 +0200] "GET /wximages/wxwidgets02-small.png HTTP/1.1" 200 12468 "http://wiki.wxwidgets.org/wiki.pl?WxWidgets_Compared_To_Other_Toolkits" "Mozilla/5.0 (Windows; U; Windows NT 5.1; en-US; rv:1.7.5) Gecko/20041107 Firefox/1.0"
203.134.183.73 - - [20/Jun/2005:03:16:33 +0200] "GET /favicon.ico HTTP/1.1" 200 3262 "-" "Mozilla/5.0 (Windows; U; Windows NT 5.1; en-US; rv:1.7.5) Gecko/20041107 Firefox/1.0"
219.138.145.68 - - [20/Jun/2005:03:17:29 +0200] "GET /wximages/wxwidgets02-small.png HTTP/1.1" 200 12468 "http://blog.vckbase.com/bastet/" "Mozilla/4.0 (compatible; MSIE 5.5; Windows 98)"
203.134.183.73 - - [20/Jun/2005:03:19:50 +0200] "GET /wiki.pl?WxWidgets_Compared_To_Other_Toolkits HTTP/1.1" 200 19476 "-" "Mozilla/5.0 (Windows; U; Windows NT 5.1; en-US; rv:1.7.5) Gecko/20041107 Firefox/1.0"
211.147.234.204 - - [20/Jun/2005:03:19:57 +0200] "GET /wximages/wxwidgets02-small.png HTTP/1.1" 200 12468 "http://blog.vckbase.com/bastet/" "Mozilla/4.0 (compatible; MSIE 6.0; Windows 98; TencentTraveler )"
218.23.25.252 - - [20/Jun/2005:03:20:37 +0200] "GET /wximages/wxwidgets02-small.png HTTP/1.1" 200 12468 "http://blog.vckbase.com/bastet/" "Mozilla/4.0 (compatible; MSIE 6.0; Windows NT 5.1; SV1; Maxthon)"
68.142.250.23 - - [20/Jun/2005:03:25:23 +0200] "GET /robots.txt HTTP/1.0" 200 138 "-" "Mozilla/5.0 (compatible; Yahoo! Slurp; http://help.yahoo.com/help/us/ysearch/slurp)"
68.142.250.40 - - [20/Jun/2005:03:25:24 +0200] "GET /wiki.pl?WxVTK HTTP/1.0" 200 2568 "-" "Mozilla/5.0 (compatible; Yahoo! Slurp; http://help.yahoo.com/help/us/ysearch/slurp)"
203.155.80.3 - - [20/Jun/2005:03:25:51 +0200] "GET / HTTP/1.0" 200 3369 "http://www.wxwidgets.org/docs.htm" "Mozilla/4.0 (compatible; MSIE 6.0; Windows NT 5.0; .NET CLR 1.1.4322)"
203.155.80.3 - - [20/Jun/2005:03:25:54 +0200] "GET /wxwiki.css HTTP/1.0" 304 - "http://wiki.wxwidgets.org/" "Mozilla/4.0 (compatible; MSIE 6.0; Windows NT 5.0; .NET CLR 1.1.4322)"
203.155.80.3 - - [20/Jun/2005:03:25:54 +0200] "GET /wximages/wxwidgets02-small.png HTTP/1.0" 304 - "http://wiki.wxwidgets.org/" "Mozilla/4.0 (compatible; MSIE 6.0; Windows NT 5.0; .NET CLR 1.1.4322)"
64.4.8.94 - - [20/Jun/2005:03:26:02 +0200] "GET / HTTP/1.0" 200 3369 "-" "msnbot/1.0 (+http://search.msn.com/msnbot.htm)"
203.155.80.3 - - [20/Jun/2005:03:26:03 +0200] "GET /wiki.pl?Table_Of_Contents HTTP/1.0" 200 26183 "http://wiki.wxwidgets.org/" "Mozilla/4.0 (compatible; MSIE 6.0; Windows NT 5.0; .NET CLR 1.1.4322)"
203.155.80.3 - - [20/Jun/2005:03:26:50 +0200] "GET /wiki.pl?MS_Free_Tools_And_WxWidgets HTTP/1.0" 200 16085 "http://wiki.wxwidgets.org/wiki.pl?Table_Of_Contents" "Mozilla/4.0 (compatible; MSIE 6.0; Windows NT 5.0; .NET CLR 1.1.4322)"
218.50.250.75 - - [20/Jun/2005:03:28:25 +0200] "GET /wximages/wxwidgets02-small.png HTTP/1.1" 200 12468 "http://wiki.wxwidgets.org/wiki.pl?Mac_OS_X_And_Xcode_For_Beginners" "Mozilla/4.0 (compatible; MSIE 6.0; Windows NT 5.0)"
218.50.250.75 - - [20/Jun/2005:03:28:25 +0200] "GET /wxwiki.css HTTP/1.1" 200 1540 "http://wiki.wxwidgets.org/wiki.pl?Mac_OS_X_And_Xcode_For_Beginners" "Mozilla/4.0 (compatible; MSIE 6.0; Windows NT 5.0)"
218.50.250.75 - - [20/Jun/2005:03:28:25 +0200] "GET /wiki.pl?Mac_OS_X_And_Xcode_For_Beginners HTTP/1.1" 200 31994 "http://www.google.co.kr/search?q=cvs+version+xcode+1.5&hl=ko&lr=&newwindow=1&start=20&sa=N" "Mozilla/4.0 (compatible; MSIE 6.0; Windows NT 5.0)"
68.142.250.184 - - [20/Jun/2005:03:29:51 +0200] "GET /wiki.pl?Windows_CE_Port HTTP/1.0" 200 2054 "-" "Mozilla/5.0 (compatible; Yahoo! Slurp; http://help.yahoo.com/help/us/ysearch/slurp)"
202.103.247.70 - - [20/Jun/2005:03:31:26 +0200] "GET /wximages/wxwidgets02-small.png HTTP/1.1" 200 12468 "http://blog.vckbase.com/bastet/" "Mozilla/4.0 (compatible; MSIE 6.0; Windows NT 5.2; .NET CLR 1.1.4322; .NET CLR 2.0.50215)"
80.145.223.220 - - [20/Jun/2005:03:34:14 +0200] "GET /wiki.pl?WxWidgets_Bounties HTTP/1.1" 200 8873 "http://www.wxwidgets.org/toolbar.htm" "Mozilla/4.0 (compatible; MSIE 6.0; Windows NT 5.0; en) Opera 8.0"
80.145.223.220 - - [20/Jun/2005:03:34:15 +0200] "GET /wxwiki.css HTTP/1.1" 200 1540 "http://wiki.wxwidgets.org/wiki.pl?WxWidgets_Bounties" "Mozilla/4.0 (compatible; MSIE 6.0; Windows NT 5.0; en) Opera 8.0"
80.145.223.220 - - [20/Jun/2005:03:34:15 +0200] "GET /wximages/wxwidgets02-small.png HTTP/1.1" 200 12468 "http://wiki.wxwidgets.org/wiki.pl?WxWidgets_Bounties" "Mozilla/4.0 (compatible; MSIE 6.0; Windows NT 5.0; en) Opera 8.0"
218.249.22.90 - - [20/Jun/2005:03:35:00 +0200] "GET /wximages/wxwidgets02-small.png HTTP/1.0" 200 12468 "http://blog.vckbase.com/bastet/" "Mozilla/4.0 (compatible; MSIE 6.0; Windows NT 5.0; (R1 1.1))"
218.22.233.218 - - [20/Jun/2005:03:37:02 +0200] "GET /wximages/wxwidgets02-small.png HTTP/1.1" 200 12468 "http://blog.vckbase.com/bastet/" "Mozilla/4.0 (compatible; MSIE 6.0; Windows NT 5.0)"
222.38.230.61 - - [20/Jun/2005:03:40:25 +0200] "GET /wximages/wxwidgets02-small.png HTTP/1.1" 200 12468 "http://blog.vckbase.com/bastet/" "Mozilla/4.0 (compatible; MSIE 6.0; Windows NT 5.1; SV1)"
202.103.247.70 - - [20/Jun/2005:03:41:26 +0200] "GET /wiki.pl?back=WxWidgets+Compared+To+Other+Toolkits HTTP/1.1" 200 2093 "http://blog.vckbase.com/bastet/" "Mozilla/4.0 (compatible; MSIE 6.0; Windows NT 5.2; .NET CLR 1.1.4322; .NET CLR 2.0.50215)"
202.103.247.70 - - [20/Jun/2005:03:41:32 +0200] "GET /wxwiki.css HTTP/1.1" 200 1540 "http://wiki.wxwidgets.org/wiki.pl?back=WxWidgets+Compared+To+Other+Toolkits" "Mozilla/4.0 (compatible; MSIE 6.0; Windows NT 5.2; .NET CLR 1.1.4322; .NET CLR 2.0.50215)"
202.103.247.70 - - [20/Jun/2005:03:42:36 +0200] "GET /wximages/wxwidgets02-small.png HTTP/1.1" 200 12468 "http://blog.vckbase.com/bastet/" "Mozilla/4.0 (compatible; MSIE 6.0; Windows NT 5.2; .NET CLR 1.1.4322; .NET CLR 2.0.50215)"
71.108.212.23 - - [20/Jun/2005:03:44:45 +0200] "GET /wximages/wxwidgets02-small.png HTTP/1.1" 200 12468 "http://blog.vckbase.com/bastet/" "Mozilla/4.0 (compatible; MSIE 6.0; Windows NT 5.1; SV1)"
222.32.93.37 - - [20/Jun/2005:03:45:36 +0200] "GET /wximages/wxwidgets02-small.png HTTP/1.1" 200 12468 "http://blog.vckbase.com/bastet/" "Mozilla/4.0 (compatible; MSIE 5.0; Windows 98; DigExt)"
217.30.132.100 - - [20/Jun/2005:03:45:58 +0200] "GET /wiki.pl?WxTreeMultiCtrl HTTP/1.1" 200 2719 "http://www.google.com/search?q=wxTreeMultiCtrl&sourceid=mozilla-search&start=0&start=0&ie=utf-8&oe=utf-8&client=firefox-a&rls=org.mozilla:en-US:official" "Mozilla/5.0 (Windows; U; Windows NT 5.1; en-US; rv:1.7.8) Gecko/20050511 Firefox/1.0.4"
217.30.132.100 - - [20/Jun/2005:03:45:59 +0200] "GET /wxwiki.css HTTP/1.1" 200 1540 "http://wiki.wxwidgets.org/wiki.pl?WxTreeMultiCtrl" "Mozilla/5.0 (Windows; U; Windows NT 5.1; en-US; rv:1.7.8) Gecko/20050511 Firefox/1.0.4"
217.30.132.100 - - [20/Jun/2005:03:45:59 +0200] "GET /wximages/wxwidgets02-small.png HTTP/1.1" 200 12468 "http://wiki.wxwidgets.org/wiki.pl?WxTreeMultiCtrl" "Mozilla/5.0 (Windows; U; Windows NT 5.1; en-US; rv:1.7.8) Gecko/20050511 Firefox/1.0.4"
217.30.132.100 - - [20/Jun/2005:03:46:01 +0200] "GET /favicon.ico HTTP/1.1" 200 3262 "-" "Mozilla/5.0 (Windows; U; Windows NT 5.1; en-US; rv:1.7.8) Gecko/20050511 Firefox/1.0.4"
68.40.56.82 - - [20/Jun/2005:03:46:21 +0200] "GET /wiki.pl?Mac_OS_X_And_Xcode_For_Beginners HTTP/1.1" 200 31994 "-" "Mozilla/5.0 (Macintosh; U; PPC Mac OS X Mach-O; en-US; rv:1.7.8) Gecko/20050511 Firefox/1.0.4"
210.5.9.197 - - [20/Jun/2005:03:46:52 +0200] "GET / HTTP/1.1" 200 3381 "-" "Mozilla/4.0 (compatible; MSIE 6.0; Windows NT 5.0; MyIE2; .NET CLR 1.1.4322)"
202.103.247.70 - - [20/Jun/2005:03:46:58 +0200] "GET /wiki.pl?back=WxWidgets+Compared+To+Other+Toolkits HTTP/1.1" 200 2093 "http://blog.vckbase.com/bastet/" "Mozilla/4.0 (compatible; MSIE 6.0; Windows NT 5.2; .NET CLR 1.1.4322; .NET CLR 2.0.50215)"
202.103.247.70 - - [20/Jun/2005:03:47:01 +0200] "GET /wximages/wxwidgets02-small.png HTTP/1.1" 206 4547 "http://wiki.wxwidgets.org/wiki.pl?back=WxWidgets+Compared+To+Other+Toolkits" "Mozilla/4.0 (compatible; MSIE 6.0; Windows NT 5.2; .NET CLR 1.1.4322; .NET CLR 2.0.50215)"
222.88.240.56 - - [20/Jun/2005:03:48:00 +0200] "GET /wximages/wxwidgets02-small.png HTTP/1.1" 200 12468 "http://blog.vckbase.com/bastet/" "Mozilla/4.0 (compatible; MSIE 6.0; Windows 98; Win 9x 4.90)"
202.103.247.70 - - [20/Jun/2005:03:48:04 +0200] "GET /wiki.pl?Table_Of_Contents HTTP/1.1" 200 13514 "http://wiki.wxwidgets.org/wiki.pl?back=WxWidgets+Compared+To+Other+Toolkits" "Mozilla/4.0 (compatible; MSIE 6.0; Windows NT 5.2; .NET CLR 1.1.4322; .NET CLR 2.0.50215)"
210.254.79.57 - - [20/Jun/2005:03:48:25 +0200] "GET /wxwiki.css HTTP/1.1" 304 - "http://wiki.wxwidgets.org/wiki.pl?WxFrameLayout" "Mozilla/4.0 (compatible; MSIE 6.0; Windows NT 5.1) Opera 7.21 [en]"
210.254.79.57 - - [20/Jun/2005:03:48:57 +0200] "GET /wximages/wxwidgets02-small.png HTTP/1.1" 304 - "http://wiki.wxwidgets.org/wiki.pl?WxFrameLayout" "Mozilla/4.0 (compatible; MSIE 6.0; Windows NT 5.1) Opera 7.21 [en]"
210.22.159.182 - - [20/Jun/2005:03:50:05 +0200] "GET /wximages/wxwidgets02-small.png HTTP/1.1" 200 12468 "http://blog.vckbase.com/bastet/" "Mozilla/4.0 (compatible; MSIE 6.0; Windows NT 5.0; Maxthon)"
65.54.188.139 - - [20/Jun/2005:03:50:36 +0200] "GET /wiki.pl?back=Example+Of+Using+Connect+For+Events HTTP/1.0" 200 1750 "-" "msnbot/1.0 (+http://search.msn.com/msnbot.htm)"
65.39.240.87 - - [20/Jun/2005:03:50:45 +0200] "GET /wiki.pl?WxWidgets_Bounties HTTP/1.1" 200 8873 "http://www.wxwidgets.org/toolbar.htm" "Mozilla/5.0 (X11; U; Linux i686; en-US; rv:1.7.6) Gecko/20050325 Firefox/1.0.2 (Debian package 1.0.2-1)"
65.39.240.87 - - [20/Jun/2005:03:50:45 +0200] "GET /wxwiki.css HTTP/1.1" 200 1540 "http://wiki.wxwidgets.org/wiki.pl?WxWidgets_Bounties" "Mozilla/5.0 (X11; U; Linux i686; en-US; rv:1.7.6) Gecko/20050325 Firefox/1.0.2 (Debian package 1.0.2-1)"
65.39.240.87 - - [20/Jun/2005:03:50:45 +0200] "GET /wximages/wxwidgets02-small.png HTTP/1.1" 200 12468 "http://wiki.wxwidgets.org/wiki.pl?WxWidgets_Bounties" "Mozilla/5.0 (X11; U; Linux i686; en-US; rv:1.7.6) Gecko/20050325 Firefox/1.0.2 (Debian package 1.0.2-1)"
65.39.240.87 - - [20/Jun/2005:03:50:46 +0200] "GET /favicon.ico HTTP/1.1" 200 3262 "-" "Mozilla/5.0 (X11; U; Linux i686; en-US; rv:1.7.6) Gecko/20050325 Firefox/1.0.2 (Debian package 1.0.2-1)"
66.196.91.13 - - [20/Jun/2005:03:51:28 +0200] "GET /robots.txt HTTP/1.0" 200 138 "-" "Mozilla/5.0 (compatible; Yahoo! Slurp; http://help.yahoo.com/help/us/ysearch/slurp)"
66.196.90.14 - - [20/Jun/2005:03:51:29 +0200] "GET /wiki.pl?WxWidgets_Bounties HTTP/1.0" 200 8846 "-" "Mozilla/5.0 (compatible; Yahoo! Slurp; http://help.yahoo.com/help/us/ysearch/slurp)"
202.103.247.70 - - [20/Jun/2005:03:55:27 +0200] "GET /wiki.pl?WxWidgets_Compared_To_Other_Toolkits HTTP/1.1" 200 13514 "http://www.google.com/search?hl=zh-CN&q=WxWidgets+Compared+To+Other+Toolkits&btnG=Google+%E6%90%9C%E7%B4%A2&lr=" "Mozilla/4.0 (compatible; MSIE 6.0; Windows NT 5.2; .NET CLR 1.1.4322; .NET CLR 2.0.50215)"
202.103.247.70 - - [20/Jun/2005:03:57:19 +0200] "GET /wiki.pl?back=WxWidgets+Compared+To+Other+Toolkits HTTP/1.1" 200 2093 "-" "Mozilla/4.0 (compatible; MSIE 6.0; Windows NT 5.2; .NET CLR 1.1.4322; .NET CLR 2.0.50215)"
202.103.247.70 - - [20/Jun/2005:03:57:30 +0200] "GET /wiki.pl?WxWidgets_Compared_To_Other_Toolkits HTTP/1.1" 200 19476 "-" "Mozilla/4.0 (compatible; MSIE 6.0; Windows NT 5.2; .NET CLR 1.1.4322; .NET CLR 2.0.50215)"
202.103.247.70 - - [20/Jun/2005:03:57:31 +0200] "GET /wxwiki.css HTTP/1.1" 304 - "http://wiki.wxwidgets.org/wiki.pl?back=WxWidgets+Compared+To+Other+Toolkits" "Mozilla/4.0 (compatible; MSIE 6.0; Windows NT 5.2; .NET CLR 1.1.4322; .NET CLR 2.0.50215)"
202.103.247.70 - - [20/Jun/2005:03:57:34 +0200] "GET /wximages/wxwidgets02-small.png HTTP/1.1" 304 - "http://wiki.wxwidgets.org/wiki.pl?back=WxWidgets+Compared+To+Other+Toolkits" "Mozilla/4.0 (compatible; MSIE 6.0; Windows NT 5.2; .NET CLR 1.1.4322; .NET CLR 2.0.50215)"
61.234.97.126 - - [20/Jun/2005:03:57:43 +0200] "GET /wximages/wxwidgets02-small.png HTTP/1.1" 200 12468 "http://blog.vckbase.com/bastet/" "Mozilla/4.0 (compatible; MSIE 6.0; Windows NT 5.1; SV1; TencentTraveler )"
202.103.247.70 - - [20/Jun/2005:03:58:01 +0200] "GET /wxwiki.css HTTP/1.1" 304 - "http://wiki.wxwidgets.org/wiki.pl?WxWidgets_Compared_To_Other_Toolkits" "Mozilla/4.0 (compatible; MSIE 6.0; Windows NT 5.2; .NET CLR 1.1.4322; .NET CLR 2.0.50215)"
201.19.3.180 - - [20/Jun/2005:03:58:02 +0200] "GET / HTTP/1.1" 200 3381 "http://wxwidgets.org/docs.htm" "Mozilla/5.0 (Windows; U; Windows NT 5.1; pt-BR; rv:1.7.8) Gecko/20050511 Firefox/1.0.4"
201.19.3.180 - - [20/Jun/2005:03:58:04 +0200] "GET /wxwiki.css HTTP/1.1" 200 1540 "http://wiki.wxwidgets.org/" "Mozilla/5.0 (Windows; U; Windows NT 5.1; pt-BR; rv:1.7.8) Gecko/20050511 Firefox/1.0.4"
202.103.247.70 - - [20/Jun/2005:03:58:04 +0200] "GET /wximages/wxwidgets02-small.png HTTP/1.1" 304 - "http://wiki.wxwidgets.org/wiki.pl?WxWidgets_Compared_To_Other_Toolkits" "Mozilla/4.0 (compatible; MSIE 6.0; Windows NT 5.2; .NET CLR 1.1.4322; .NET CLR 2.0.50215)"
201.19.3.180 - - [20/Jun/2005:03:58:04 +0200] "GET /wximages/wxwidgets02-small.png HTTP/1.1" 200 12468 "http://wiki.wxwidgets.org/" "Mozilla/5.0 (Windows; U; Windows NT 5.1; pt-BR; rv:1.7.8) Gecko/20050511 Firefox/1.0.4"
201.19.3.180 - - [20/Jun/2005:03:58:07 +0200] "GET /favicon.ico HTTP/1.1" 200 3262 "-" "Mozilla/5.0 (Windows; U; Windows NT 5.1; pt-BR; rv:1.7.8) Gecko/20050511 Firefox/1.0.4"
203.155.80.3 - - [20/Jun/2005:03:58:25 +0200] "GET /wiki.pl?Resources HTTP/1.0" 200 5863 "http://wiki.wxwidgets.org/wiki.pl?Table_Of_Contents" "Mozilla/4.0 (compatible; MSIE 6.0; Windows NT 5.0; .NET CLR 1.1.4322)"
66.82.9.22 - - [20/Jun/2005:03:58:55 +0200] "GET /wiki.pl?WxWiki HTTP/1.0" 200 3369 "-" "Mozilla/4.0 (compatible; MSIE 6.0; Windows NT 5.1; SV1; .NET CLR 1.1.4322; .NET CLR 1.0.3705)"
66.82.9.22 - - [20/Jun/2005:03:58:55 +0200] "GET /wxwiki.css HTTP/1.0" 200 1540 "http://wiki.wxwidgets.org/wiki.pl?WxWiki" "Mozilla/4.0 (compatible; MSIE 6.0; Windows NT 5.1; SV1; .NET CLR 1.1.4322; .NET CLR 1.0.3705)"
66.82.9.22 - - [20/Jun/2005:03:58:55 +0200] "GET /wximages/wxwidgets02-small.png HTTP/1.0" 200 12468 "http://wiki.wxwidgets.org/wiki.pl?WxWiki" "Mozilla/4.0 (compatible; MSIE 6.0; Windows NT 5.1; SV1; .NET CLR 1.1.4322; .NET CLR 1.0.3705)"
221.212.30.98 - - [20/Jun/2005:03:58:58 +0200] "GET /wximages/wxwidgets02-small.png HTTP/1.0" 200 12468 "http://blog.vckbase.com/bastet/" "Mozilla/4.0 (compatible; MSIE 6.0; Windows NT 5.1)"
66.82.9.22 - - [20/Jun/2005:03:59:20 +0200] "GET /docs.cgi?q=Tips%26Tricks+&target=wiki HTTP/1.0" 200 250 "http://wiki.wxwidgets.org/wiki.pl?WxWiki" "Mozilla/4.0 (compatible; MSIE 6.0; Windows NT 5.1; SV1; .NET CLR 1.1.4322; .NET CLR 1.0.3705)"
66.82.9.22 - - [20/Jun/2005:03:59:20 +0200] "GET /topfram2.html HTTP/1.0" 200 1251 "http://wiki.wxwidgets.org/docs.cgi?q=Tips%26Tricks+&target=wiki" "Mozilla/4.0 (compatible; MSIE 6.0; Windows NT 5.1; SV1; .NET CLR 1.1.4322; .NET CLR 1.0.3705)"
66.82.9.22 - - [20/Jun/2005:03:59:21 +0200] "GET /man.cgi?q=tips%26tricks+&target=wiki HTTP/1.0" 200 137 "http://wiki.wxwidgets.org/docs.cgi?q=Tips%26Tricks+&target=wiki" "Mozilla/4.0 (compatible; MSIE 6.0; Windows NT 5.1; SV1; .NET CLR 1.1.4322; .NET CLR 1.0.3705)"
66.82.9.22 - - [20/Jun/2005:03:59:21 +0200] "GET /wiki.pl?search=tips%26tricks+&dosearch=1 HTTP/1.0" 200 1623 "http://wiki.wxwidgets.org/docs.cgi?q=Tips%26Tricks+&target=wiki" "Mozilla/4.0 (compatible; MSIE 6.0; Windows NT 5.1; SV1; .NET CLR 1.1.4322; .NET CLR 1.0.3705)"
66.82.9.22 - - [20/Jun/2005:03:59:22 +0200] "GET /wxwiki.css HTTP/1.0" 200 1540 "http://wiki.wxwidgets.org/docs.cgi?q=Tips%26Tricks+&target=wiki" "Mozilla/4.0 (compatible; MSIE 6.0; Windows NT 5.1; SV1; .NET CLR 1.1.4322; .NET CLR 1.0.3705)"
66.82.9.22 - - [20/Jun/2005:03:59:25 +0200] "GET /wiki.pl?MSVC_.NET_Setup_Guide HTTP/1.0" 200 12547 "http://wiki.wxwidgets.org/wiki.pl?search=tips%26tricks+&dosearch=1" "Mozilla/4.0 (compatible; MSIE 6.0; Windows NT 5.1; SV1; .NET CLR 1.1.4322; .NET CLR 1.0.3705)"
66.82.9.22 - - [20/Jun/2005:03:59:26 +0200] "GET /wxwiki.css HTTP/1.0" 200 1540 "http://wiki.wxwidgets.org/wiki.pl?MSVC_.NET_Setup_Guide" "Mozilla/4.0 (compatible; MSIE 6.0; Windows NT 5.1; SV1; .NET CLR 1.1.4322; .NET CLR 1.0.3705)"
220.160.107.18 - - [20/Jun/2005:03:59:35 +0200] "GET /wximages/wxwidgets02-small.png HTTP/1.1" 200 12468 "http://blog.vckbase.com/bastet/archive/2005/06/09/6274.html" "Mozilla/4.0 (compatible; MSIE 6.0; Windows NT 5.0; .NET CLR 1.1.4322)"
66.82.9.22 - - [20/Jun/2005:03:59:38 +0200] "GET /wiki.pl?WxWiki HTTP/1.0" 200 3369 "http://wiki.wxwidgets.org/wiki.pl?search=tips%26tricks+&dosearch=1" "Mozilla/4.0 (compatible; MSIE 6.0; Windows NT 5.1; SV1; .NET CLR 1.1.4322; .NET CLR 1.0.3705)"
66.82.9.22 - - [20/Jun/2005:03:59:38 +0200] "GET /wxwiki.css HTTP/1.0" 200 1540 "http://wiki.wxwidgets.org/wiki.pl?WxWiki" "Mozilla/4.0 (compatible; MSIE 6.0; Windows NT 5.1; SV1; .NET CLR 1.1.4322; .NET CLR 1.0.3705)"
66.82.9.22 - - [20/Jun/2005:03:59:50 +0200] "GET /wiki.pl?How_To_Use_This_Wiki HTTP/1.0" 200 4977 "http://wiki.wxwidgets.org/wiki.pl?WxWiki" "Mozilla/4.0 (compatible; MSIE 6.0; Windows NT 5.1; SV1; .NET CLR 1.1.4322; .NET CLR 1.0.3705)"
66.82.9.22 - - [20/Jun/2005:03:59:50 +0200] "GET /wxwiki.css HTTP/1.0" 200 1540 "http://wiki.wxwidgets.org/wiki.pl?How_To_Use_This_Wiki" "Mozilla/4.0 (compatible; MSIE 6.0; Windows NT 5.1; SV1; .NET CLR 1.1.4322; .NET CLR 1.0.3705)"
66.82.9.22 - - [20/Jun/2005:03:59:59 +0200] "GET /wiki.pl?Table_Of_Contents HTTP/1.0" 200 26183 "http://wiki.wxwidgets.org/wiki.pl?WxWiki" "Mozilla/4.0 (compatible; MSIE 6.0; Windows NT 5.1; SV1; .NET CLR 1.1.4322; .NET CLR 1.0.3705)"
66.82.9.22 - - [20/Jun/2005:04:00:00 +0200] "GET /wxwiki.css HTTP/1.0" 200 1540 "http://wiki.wxwidgets.org/wiki.pl?Table_Of_Contents" "Mozilla/4.0 (compatible; MSIE 6.0; Windows NT 5.1; SV1; .NET CLR 1.1.4322; .NET CLR 1.0.3705)"
66.82.9.22 - - [20/Jun/2005:04:00:06 +0200] "GET /wiki.pl?WxWidgets_Compared_To_Other_Toolkits HTTP/1.0" 200 19433 "http://wiki.wxwidgets.org/wiki.pl?Table_Of_Contents" "Mozilla/4.0 (compatible; MSIE 6.0; Windows NT 5.1; SV1; .NET CLR 1.1.4322; .NET CLR 1.0.3705)"
66.82.9.22 - - [20/Jun/2005:04:00:07 +0200] "GET /wxwiki.css HTTP/1.0" 200 1540 "http://wiki.wxwidgets.org/wiki.pl?WxWidgets_Compared_To_Other_Toolkits" "Mozilla/4.0 (compatible; MSIE 6.0; Windows NT 5.1; SV1; .NET CLR 1.1.4322; .NET CLR 1.0.3705)"
66.82.9.22 - - [20/Jun/2005:04:00:30 +0200] "GET /wiki.pl?Distributing_WxWidgets_Applications HTTP/1.0" 200 5119 "http://wiki.wxwidgets.org/wiki.pl?Table_Of_Contents" "Mozilla/4.0 (compatible; MSIE 6.0; Windows NT 5.1; SV1; .NET CLR 1.1.4322; .NET CLR 1.0.3705)"
66.82.9.22 - - [20/Jun/2005:04:00:31 +0200] "GET /wxwiki.css HTTP/1.0" 200 1540 "http://wiki.wxwidgets.org/wiki.pl?Distributing_WxWidgets_Applications" "Mozilla/4.0 (compatible; MSIE 6.0; Windows NT 5.1; SV1; .NET CLR 1.1.4322; .NET CLR 1.0.3705)"
65.54.188.139 - - [20/Jun/2005:04:00:32 +0200] "GET /wiki.pl?back=Help+Wanted HTTP/1.0" 200 1676 "-" "msnbot/1.0 (+http://search.msn.com/msnbot.htm)"
66.82.9.22 - - [20/Jun/2005:04:00:44 +0200] "GET /wiki.pl?Prerequisites HTTP/1.0" 200 5249 "http://wiki.wxwidgets.org/wiki.pl?Table_Of_Contents" "Mozilla/4.0 (compatible; MSIE 6.0; Windows NT 5.1; SV1; .NET CLR 1.1.4322; .NET CLR 1.0.3705)"
66.82.9.22 - - [20/Jun/2005:04:00:44 +0200] "GET /wxwiki.css HTTP/1.0" 200 1540 "http://wiki.wxwidgets.org/wiki.pl?Prerequisites" "Mozilla/4.0 (compatible; MSIE 6.0; Windows NT 5.1; SV1; .NET CLR 1.1.4322; .NET CLR 1.0.3705)"
66.82.9.22 - - [20/Jun/2005:04:01:16 +0200] "GET /wiki.pl?MSVC_Setup_Guide HTTP/1.0" 200 18648 "http://wiki.wxwidgets.org/wiki.pl?Table_Of_Contents" "Mozilla/4.0 (compatible; MSIE 6.0; Windows NT 5.1; SV1; .NET CLR 1.1.4322; .NET CLR 1.0.3705)"
66.82.9.22 - - [20/Jun/2005:04:01:16 +0200] "GET /wxwiki.css HTTP/1.0" 200 1540 "http://wiki.wxwidgets.org/wiki.pl?MSVC_Setup_Guide" "Mozilla/4.0 (compatible; MSIE 6.0; Windows NT 5.1; SV1; .NET CLR 1.1.4322; .NET CLR 1.0.3705)"
202.103.247.70 - - [20/Jun/2005:04:01:37 +0200] "GET /wiki.pl?back=WxWidgets+Compared+To+Other+Toolkits HTTP/1.1" 200 2093 "-" "Mozilla/4.0 (compatible; MSIE 6.0; Windows NT 5.2; .NET CLR 1.1.4322; .NET CLR 2.0.50215)"
202.103.247.70 - - [20/Jun/2005:04:01:58 +0200] "GET /wxwiki.css HTTP/1.1" 304 - "http://wiki.wxwidgets.org/wiki.pl?back=WxWidgets+Compared+To+Other+Toolkits" "Mozilla/4.0 (compatible; MSIE 6.0; Windows NT 5.2; .NET CLR 1.1.4322; .NET CLR 2.0.50215)"
218.64.54.180 - - [20/Jun/2005:04:02:04 +0200] "GET /wximages/wxwidgets02-small.png HTTP/1.1" 200 12468 "http://blog.vckbase.com/bastet/" "Mozilla/4.0 (compatible; MSIE 5.5; Windows 98)"
66.82.9.22 - - [20/Jun/2005:04:02:05 +0200] "GET /wiki.pl?MSVC_.NET_Setup_Guide HTTP/1.0" 200 12547 "http://wiki.wxwidgets.org/wiki.pl?Table_Of_Contents" "Mozilla/4.0 (compatible; MSIE 6.0; Windows NT 5.1; SV1; .NET CLR 1.1.4322; .NET CLR 1.0.3705)"
66.82.9.22 - - [20/Jun/2005:04:02:05 +0200] "GET /wxwiki.css HTTP/1.0" 200 1540 "http://wiki.wxwidgets.org/wiki.pl?MSVC_.NET_Setup_Guide" "Mozilla/4.0 (compatible; MSIE 6.0; Windows NT 5.1; SV1; .NET CLR 1.1.4322; .NET CLR 1.0.3705)"
218.90.109.22 - - [20/Jun/2005:04:04:16 +0200] "GET /wximages/wxwidgets02-small.png HTTP/1.1" 200 12468 "http://blog.vckbase.com/bastet/" "Mozilla/4.0 (compatible; MSIE 6.0; Windows NT 5.1; SV1; TencentTraveler )"
218.17.221.34 - - [20/Jun/2005:04:05:01 +0200] "GET /wximages/wxwidgets02-small.png HTTP/1.1" 200 12468 "http://blog.vckbase.com/bastet/" "Mozilla/4.0 (compatible; MSIE 6.0; Windows NT 5.1; MyIE2; Maxthon)"
65.54.188.139 - - [20/Jun/2005:04:06:05 +0200] "GET /wiki.pl?back=How+To+Use+TinyXML+With+WxWidgets HTTP/1.0" 200 1778 "-" "msnbot/1.0 (+http://search.msn.com/msnbot.htm)"
202.103.247.70 - - [20/Jun/2005:04:07:53 +0200] "GET /favicon.ico HTTP/1.1" 200 3262 "-" "Mozilla/4.0 (compatible; MSIE 6.0; Windows NT 5.2; .NET CLR 1.1.4322; .NET CLR 2.0.50215)"
85.96.161.209 - - [20/Jun/2005:04:08:05 +0200] "GET /wxwiki.css HTTP/1.1" 304 - "http://wiki.wxwidgets.org/wiki.pl?MS_Free_Tools_And_WxWidgets" "Mozilla/4.0 (compatible; MSIE 6.0; Windows NT 5.0) Opera 7.54 [en]"
85.96.161.209 - - [20/Jun/2005:04:08:05 +0200] "GET /wximages/wxwidgets02-small.png HTTP/1.1" 304 - "http://wiki.wxwidgets.org/wiki.pl?MS_Free_Tools_And_WxWidgets" "Mozilla/4.0 (compatible; MSIE 6.0; Windows NT 5.0) Opera 7.54 [en]"
24.34.50.53 - - [20/Jun/2005:04:09:35 +0200] "GET /wiki.pl?WxWidgets_Vacancies HTTP/1.1" 200 3602 "http://www.wxwidgets.org/toolbar.htm" "Mozilla/5.0 (Windows; U; Windows NT 5.1; en-US; rv:1.7.8) Gecko/20050511 Firefox/1.0.4"
24.34.50.53 - - [20/Jun/2005:04:09:36 +0200] "GET /wxwiki.css HTTP/1.1" 200 1540 "http://wiki.wxwidgets.org/wiki.pl?WxWidgets_Vacancies" "Mozilla/5.0 (Windows; U; Windows NT 5.1; en-US; rv:1.7.8) Gecko/20050511 Firefox/1.0.4"
24.34.50.53 - - [20/Jun/2005:04:09:36 +0200] "GET /wximages/wxwidgets02-small.png HTTP/1.1" 200 12468 "http://wiki.wxwidgets.org/wiki.pl?WxWidgets_Vacancies" "Mozilla/5.0 (Windows; U; Windows NT 5.1; en-US; rv:1.7.8) Gecko/20050511 Firefox/1.0.4"
24.34.50.53 - - [20/Jun/2005:04:09:36 +0200] "GET /favicon.ico HTTP/1.1" 200 3262 "-" "Mozilla/5.0 (Windows; U; Windows NT 5.1; en-US; rv:1.7.8) Gecko/20050511 Firefox/1.0.4"
68.40.56.82 - - [20/Jun/2005:04:11:38 +0200] "GET /wiki.pl?Installing_WxMac HTTP/1.1" 200 44393 "-" "Mozilla/5.0 (Macintosh; U; PPC Mac OS X Mach-O; en-US; rv:1.7.8) Gecko/20050511 Firefox/1.0.4"
65.214.44.47 - - [20/Jun/2005:04:13:27 +0200] "GET /robots.txt HTTP/1.0" 200 138 "-" "Mozilla/2.0 (compatible; Ask Jeeves/Teoma; +http://sp.ask.com/docs/about/tech_crawling.html)"
65.214.44.47 - - [20/Jun/2005:04:13:32 +0200] "GET / HTTP/1.0" 200 3369 "-" "Mozilla/2.0 (compatible; Ask Jeeves/Teoma; +http://sp.ask.com/docs/about/tech_crawling.html)"
68.40.56.82 - - [20/Jun/2005:04:14:05 +0200] "GET /wiki.pl?MacOS_X_ProjectBuilder_Setup_Guide HTTP/1.1" 200 5958 "-" "Mozilla/5.0 (Macintosh; U; PPC Mac OS X Mach-O; en-US; rv:1.7.8) Gecko/20050511 Firefox/1.0.4"
219.139.14.150 - - [20/Jun/2005:04:14:06 +0200] "GET /wximages/wxwidgets02-small.png HTTP/1.1" 200 12468 "http://blog.vckbase.com/bastet/" "Mozilla/4.0 (compatible; MSIE 6.0; Windows NT 5.2; .NET CLR 1.1.4322)"
68.40.56.82 - - [20/Jun/2005:04:14:48 +0200] "GET / HTTP/1.1" 200 3381 "-" "Mozilla/5.0 (Macintosh; U; PPC Mac OS X Mach-O; en-US; rv:1.7.8) Gecko/20050511 Firefox/1.0.4"
66.249.71.50 - - [20/Jun/2005:04:17:40 +0200] "GET / HTTP/1.0" 200 3369 "-" "Googlebot/2.1 (+http://www.google.com/bot.html)"
65.33.205.235 - - [20/Jun/2005:04:20:54 +0200] "GET /wiki.pl?Developers_Notebook/WxWinCE HTTP/1.1" 200 7602 "http://www.wxwidgets.org/embedded.htm" "Mozilla/5.0 (Windows; U; Windows NT 5.1; en-US; rv:1.7.8) Gecko/20050511 Firefox/1.0.4"
65.33.205.235 - - [20/Jun/2005:04:20:54 +0200] "GET /wxwiki.css HTTP/1.1" 200 1540 "http://wiki.wxwidgets.org/wiki.pl?Developers_Notebook/WxWinCE" "Mozilla/5.0 (Windows; U; Windows NT 5.1; en-US; rv:1.7.8) Gecko/20050511 Firefox/1.0.4"
