141.38.50.133 - - [20/Jun/2005:09:18:51 +0200] "GET /wiki.pl?Writing_Your_First_Application/Common_Dialogs HTTP/1.0" 200 10130 "http://wiki.wxwidgets.org/wiki.pl?Writing_Your_First_Application" "Mozilla/5.0 (Windows; U; Windows NT 5.1; de-DE; rv:1.7.8) Gecko/20050511 Firefox/1.0.4"
194.224.199.52 - - [20/Jun/2005:09:19:01 +0200] "GET /wiki.pl?WxDockIt HTTP/1.1" 200 7489 "http://wiki.wxwidgets.org/wiki.pl?Table_Of_Contents" "noxtrumbot/1.0 (crawler@noxtrum.com)"
218.88.43.210 - - [20/Jun/2005:09:19:13 +0200] "GET /wximages/wxwidgets02-small.png HTTP/1.1" 200 12468 "http://blog.vckbase.com/bastet/" "Mozilla/4.0 (compatible; MSIE 6.0; Windows NT 5.1; SV1; Maxthon)"
81.10.188.70 - - [20/Jun/2005:09:19:44 +0200] "GET /wiki.pl?Table_Of_Contents HTTP/1.1" 200 26242 "http://www.google.at/search?hs=hCv&hl=de&client=firefox-a&rls=org.mozilla%3Aen-US%3Aofficial&q=wxtreelistctrl+doc&btnG=Suche&meta=" "Mozilla/5.0 (Windows; U; Windows NT 5.1; en-US; rv:1.7.7) Gecko/20050414 Firefox/1.0.3"
194.224.199.52 - - [20/Jun/2005:09:20:02 +0200] "GET /wiki.pl?WxFrameLayout HTTP/1.1" 200 7406 "http://wiki.wxwidgets.org/wiki.pl?Table_Of_Contents" "noxtrumbot/1.0 (crawler@noxtrum.com)"
218.93.194.198 - - [20/Jun/2005:09:20:14 +0200] "GET /wximages/wxwidgets02-small.png HTTP/1.1" 200 12468 "http://blog.vckbase.com/bastet/" "Mozilla/4.0 (compatible; MSIE 6.0; Windows NT 5.0)"
81.10.188.70 - - [20/Jun/2005:09:20:26 +0200] "GET /wiki.pl?WxTreeListCtrl HTTP/1.1" 200 1991 "http://wiki.wxwidgets.org/wiki.pl?Table_Of_Contents" "Mozilla/5.0 (Windows; U; Windows NT 5.1; en-US; rv:1.7.7) Gecko/20050414 Firefox/1.0.3"
69.230.193.204 - - [20/Jun/2005:09:20:34 +0200] "GET / HTTP/1.1" 200 3381 "http://www.wxwidgets.org/docs.htm" "Mozilla/5.0 (Windows; U; Windows NT 5.1; en-US; rv:1.7.8) Gecko/20050511 Firefox/1.0.4"
69.230.193.204 - - [20/Jun/2005:09:20:43 +0200] "GET /wiki.pl?Table_Of_Contents HTTP/1.1" 200 26242 "http://wiki.wxwidgets.org/" "Mozilla/5.0 (Windows; U; Windows NT 5.1; en-US; rv:1.7.8) Gecko/20050511 Firefox/1.0.4"
194.224.199.52 - - [20/Jun/2005:09:21:02 +0200] "GET /wiki.pl?WxGhostscript HTTP/1.1" 200 3103 "http://wiki.wxwidgets.org/wiki.pl?Table_Of_Contents" "noxtrumbot/1.0 (crawler@noxtrum.com)"
69.230.193.204 - - [20/Jun/2005:09:21:40 +0200] "GET /wiki.pl?WxWidgets_Vacancies HTTP/1.1" 200 3602 "http://wiki.wxwidgets.org/wiki.pl?Table_Of_Contents" "Mozilla/5.0 (Windows; U; Windows NT 5.1; en-US; rv:1.7.8) Gecko/20050511 Firefox/1.0.4"
220.173.123.39 - - [20/Jun/2005:09:21:41 +0200] "GET /wximages/wxwidgets02-small.png HTTP/1.1" 200 12468 "http://blog.vckbase.com/bastet/" "Mozilla/4.0 (compatible; MSIE 6.0; Windows NT 5.1; SV1; TencentTraveler )"
194.224.199.52 - - [20/Jun/2005:09:22:02 +0200] "GET /wiki.pl?WxImageFilter HTTP/1.1" 200 2038 "http://wiki.wxwidgets.org/wiki.pl?Table_Of_Contents" "noxtrumbot/1.0 (crawler@noxtrum.com)"
202.250.125.16 - - [20/Jun/2005:09:22:04 +0200] "GET /wiki.pl?MSVC_.NET_Setup_Guide HTTP/1.1" 200 12582 "http://ktm11.eng.shizuoka.ac.jp/cgi-bin/wiki/wiki.cgi?page=wxWidgets%2Finstall" "Mozilla/4.0 (compatible; MSIE 6.0; Windows NT 5.1; SV1; .NET CLR 1.1.4322)"
202.250.125.16 - - [20/Jun/2005:09:22:04 +0200] "GET /wximages/wxwidgets02-small.png HTTP/1.1" 200 12468 "http://wiki.wxwidgets.org/wiki.pl?MSVC_.NET_Setup_Guide" "Mozilla/4.0 (compatible; MSIE 6.0; Windows NT 5.1; SV1; .NET CLR 1.1.4322)"
202.250.125.16 - - [20/Jun/2005:09:22:05 +0200] "GET /wxwiki.css HTTP/1.1" 200 1540 "http://wiki.wxwidgets.org/wiki.pl?MSVC_.NET_Setup_Guide" "Mozilla/4.0 (compatible; MSIE 6.0; Windows NT 5.1; SV1; .NET CLR 1.1.4322)"
198.161.21.102 - - [20/Jun/2005:09:22:27 +0200] "GET /wiki.pl?WxWidgets_Bounties HTTP/1.1" 200 8873 "http://www.wxwidgets.org/toolbar.htm" "Mozilla/5.0 (X11; U; Linux i686; en-US; rv:1.7.8) Gecko/20050524 Fedora/1.0.4-4 Firefox/1.0.4"
198.161.21.102 - - [20/Jun/2005:09:22:27 +0200] "GET /wxwiki.css HTTP/1.1" 200 1540 "http://wiki.wxwidgets.org/wiki.pl?WxWidgets_Bounties" "Mozilla/5.0 (X11; U; Linux i686; en-US; rv:1.7.8) Gecko/20050524 Fedora/1.0.4-4 Firefox/1.0.4"
198.161.21.102 - - [20/Jun/2005:09:22:27 +0200] "GET /wximages/wxwidgets02-small.png HTTP/1.1" 200 12468 "http://wiki.wxwidgets.org/wiki.pl?WxWidgets_Bounties" "Mozilla/5.0 (X11; U; Linux i686; en-US; rv:1.7.8) Gecko/20050524 Fedora/1.0.4-4 Firefox/1.0.4"
198.161.21.102 - - [20/Jun/2005:09:22:28 +0200] "GET /favicon.ico HTTP/1.1" 200 3262 "-" "Mozilla/5.0 (X11; U; Linux i686; en-US; rv:1.7.8) Gecko/20050524 Fedora/1.0.4-4 Firefox/1.0.4"
194.224.199.52 - - [20/Jun/2005:09:23:02 +0200] "GET /wiki.pl?WxIRC HTTP/1.1" 200 2245 "http://wiki.wxwidgets.org/wiki.pl?Table_Of_Contents" "noxtrumbot/1.0 (crawler@noxtrum.com)"
219.133.86.8 - - [20/Jun/2005:09:23:06 +0200] "GET /wximages/wxwidgets02-small.png HTTP/1.1" 200 12468 "http://blog.vckbase.com/bastet/" "Mozilla/4.0 (compatible; MSIE 6.0; Windows NT 5.1; SV1; TencentTraveler )"
194.224.199.52 - - [20/Jun/2005:09:24:02 +0200] "GET /wiki.pl?WxMozilla HTTP/1.1" 200 2239 "http://wiki.wxwidgets.org/wiki.pl?Table_Of_Contents" "noxtrumbot/1.0 (crawler@noxtrum.com)"
194.224.199.52 - - [20/Jun/2005:09:25:02 +0200] "GET /wiki.pl?WxOTL HTTP/1.1" 200 3378 "http://wiki.wxwidgets.org/wiki.pl?Table_Of_Contents" "noxtrumbot/1.0 (crawler@noxtrum.com)"
194.224.199.52 - - [20/Jun/2005:09:26:02 +0200] "GET /wiki.pl?WxOTLGrid HTTP/1.1" 200 2060 "http://wiki.wxwidgets.org/wiki.pl?Table_Of_Contents" "noxtrumbot/1.0 (crawler@noxtrum.com)"
65.54.188.139 - - [20/Jun/2005:09:26:24 +0200] "GET /wiki.pl?TeX-Based_Documentation_Format HTTP/1.0" 200 4668 "-" "msnbot/1.0 (+http://search.msn.com/msnbot.htm)"
194.224.199.52 - - [20/Jun/2005:09:27:02 +0200] "GET /wiki.pl?WxPlotWindow HTTP/1.1" 200 2377 "http://wiki.wxwidgets.org/wiki.pl?Table_Of_Contents" "noxtrumbot/1.0 (crawler@noxtrum.com)"
193.147.86.254 - - [20/Jun/2005:09:27:36 +0200] "GET / HTTP/1.0" 200 3369 "http://visualwx.altervista.org/download2.htm" "Mozilla/4.0 (compatible; MSIE 6.0; Windows NT 5.0)"
193.147.86.254 - - [20/Jun/2005:09:27:36 +0200] "GET /wxwiki.css HTTP/1.0" 200 1540 "http://wiki.wxwidgets.org/" "Mozilla/4.0 (compatible; MSIE 6.0; Windows NT 5.0)"
193.147.86.254 - - [20/Jun/2005:09:27:36 +0200] "GET /wximages/wxwidgets02-small.png HTTP/1.0" 200 12468 "http://wiki.wxwidgets.org/" "Mozilla/4.0 (compatible; MSIE 6.0; Windows NT 5.0)"
194.224.199.52 - - [20/Jun/2005:09:28:02 +0200] "GET /wiki.pl?WxReportWriter HTTP/1.1" 200 2153 "http://wiki.wxwidgets.org/wiki.pl?Table_Of_Contents" "noxtrumbot/1.0 (crawler@noxtrum.com)"
222.35.43.88 - - [20/Jun/2005:09:28:15 +0200] "GET /wximages/wxwidgets02-small.png HTTP/1.1" 200 12468 "http://blog.vckbase.com/bastet/" "Mozilla/4.0 (compatible; MSIE 6.0; Windows NT 5.1; SV1)"
194.224.199.52 - - [20/Jun/2005:09:29:02 +0200] "GET /wiki.pl?WxSMTP HTTP/1.1" 200 5544 "http://wiki.wxwidgets.org/wiki.pl?Table_Of_Contents" "noxtrumbot/1.0 (crawler@noxtrum.com)"
61.181.250.190 - - [20/Jun/2005:09:29:18 +0200] "GET / HTTP/1.1" 200 3381 "http://www.wxwidgets.org/docs.htm" "Mozilla/5.0 (Windows; U; Windows NT 5.1; zh-CN; rv:1.7.8) Gecko/20050511 Firefox/1.0.4"
61.181.250.190 - - [20/Jun/2005:09:29:19 +0200] "GET /wxwiki.css HTTP/1.1" 200 1540 "http://wiki.wxwidgets.org/" "Mozilla/5.0 (Windows; U; Windows NT 5.1; zh-CN; rv:1.7.8) Gecko/20050511 Firefox/1.0.4"
61.181.250.190 - - [20/Jun/2005:09:29:19 +0200] "GET /wximages/wxwidgets02-small.png HTTP/1.1" 200 12468 "http://wiki.wxwidgets.org/" "Mozilla/5.0 (Windows; U; Windows NT 5.1; zh-CN; rv:1.7.8) Gecko/20050511 Firefox/1.0.4"
61.181.250.190 - - [20/Jun/2005:09:29:21 +0200] "GET /favicon.ico HTTP/1.1" 200 3262 "-" "Mozilla/5.0 (Windows; U; Windows NT 5.1; zh-CN; rv:1.7.8) Gecko/20050511 Firefox/1.0.4"
65.214.44.47 - - [20/Jun/2005:09:29:34 +0200] "GET /wiki.pl?DinAo HTTP/1.0" 200 1859 "-" "Mozilla/2.0 (compatible; Ask Jeeves/Teoma; +http://sp.ask.com/docs/about/tech_crawling.html)"
129.185.75.10 - - [20/Jun/2005:09:29:44 +0200] "GET / HTTP/1.1" 200 3381 "http://www.wxwidgets.org/docs.htm" "Mozilla/5.0 (X11; U; Linux i686; en-US; rv:1.7.3) Gecko/20040922"
129.185.75.10 - - [20/Jun/2005:09:29:44 +0200] "GET /wxwiki.css HTTP/1.1" 200 1540 "http://wiki.wxwidgets.org/" "Mozilla/5.0 (X11; U; Linux i686; en-US; rv:1.7.3) Gecko/20040922"
129.185.75.10 - - [20/Jun/2005:09:29:46 +0200] "GET /wximages/wxwidgets02-small.png HTTP/1.1" 200 12468 "http://wiki.wxwidgets.org/" "Mozilla/5.0 (X11; U; Linux i686; en-US; rv:1.7.3) Gecko/20040922"
129.185.75.10 - - [20/Jun/2005:09:29:51 +0200] "GET /wiki.pl?Table_Of_Contents HTTP/1.1" 200 26242 "http://wiki.wxwidgets.org/" "Mozilla/5.0 (X11; U; Linux i686; en-US; rv:1.7.3) Gecko/20040922"
194.224.199.52 - - [20/Jun/2005:09:30:02 +0200] "GET /wiki.pl?WxStyledTextCtrl HTTP/1.1" 200 10351 "http://wiki.wxwidgets.org/wiki.pl?Table_Of_Contents" "noxtrumbot/1.0 (crawler@noxtrum.com)"
80.97.12.10 - - [20/Jun/2005:09:30:26 +0200] "GET /wiki.pl?WxDockIt HTTP/1.1" 200 7489 "http://www.google.ro/search?q=wxdockit&sourceid=mozilla-search&start=0&start=0&ie=utf-8&oe=utf-8&client=firefox-a&rls=org.mozilla:en-US:official" "Mozilla/5.0 (Windows; U; Windows NT 5.0; en-US; rv:1.7.8) Gecko/20050511 Firefox/1.0.4"
80.97.12.10 - - [20/Jun/2005:09:30:27 +0200] "GET /wxwiki.css HTTP/1.1" 200 1540 "http://wiki.wxwidgets.org/wiki.pl?WxDockIt" "Mozilla/5.0 (Windows; U; Windows NT 5.0; en-US; rv:1.7.8) Gecko/20050511 Firefox/1.0.4"
80.97.12.10 - - [20/Jun/2005:09:30:27 +0200] "GET /wximages/wxwidgets02-small.png HTTP/1.1" 200 12468 "http://wiki.wxwidgets.org/wiki.pl?WxDockIt" "Mozilla/5.0 (Windows; U; Windows NT 5.0; en-US; rv:1.7.8) Gecko/20050511 Firefox/1.0.4"
67.101.171.164 - - [20/Jun/2005:09:30:27 +0200] "GET /wiki.pl?WxWidgets_Bounties HTTP/1.1" 200 8873 "http://www.wxwidgets.org/toolbar.htm" "Mozilla/4.0 (compatible; MSIE 6.0; Windows NT 5.1; SV1; .NET CLR 1.0.3705)"
80.97.12.10 - - [20/Jun/2005:09:30:27 +0200] "GET /favicon.ico HTTP/1.1" 200 3262 "-" "Mozilla/5.0 (Windows; U; Windows NT 5.0; en-US; rv:1.7.8) Gecko/20050511 Firefox/1.0.4"
67.101.171.164 - - [20/Jun/2005:09:30:28 +0200] "GET /wximages/wxwidgets02-small.png HTTP/1.1" 200 12468 "http://wiki.wxwidgets.org/wiki.pl?WxWidgets_Bounties" "Mozilla/4.0 (compatible; MSIE 6.0; Windows NT 5.1; SV1; .NET CLR 1.0.3705)"
67.101.171.164 - - [20/Jun/2005:09:30:28 +0200] "GET /wxwiki.css HTTP/1.1" 200 1540 "http://wiki.wxwidgets.org/wiki.pl?WxWidgets_Bounties" "Mozilla/4.0 (compatible; MSIE 6.0; Windows NT 5.1; SV1; .NET CLR 1.0.3705)"
194.224.199.52 - - [20/Jun/2005:09:31:02 +0200] "GET /wiki.pl?WxSQLite HTTP/1.1" 200 6064 "http://wiki.wxwidgets.org/wiki.pl?Table_Of_Contents" "noxtrumbot/1.0 (crawler@noxtrum.com)"
202.75.200.9 - - [20/Jun/2005:09:31:05 +0200] "GET /wiki.pl?Launching_The_Default_Browser HTTP/1.1" 200 3950 "http://www.google.com/search?hl=en&lr=&q=open+browser+wxwidgets" "Mozilla/4.0 (compatible; MSIE 6.0; Windows NT 5.1; SV1)"
202.75.200.9 - - [20/Jun/2005:09:31:06 +0200] "GET /wxwiki.css HTTP/1.1" 304 - "http://wiki.wxwidgets.org/wiki.pl?Launching_The_Default_Browser" "Mozilla/4.0 (compatible; MSIE 6.0; Windows NT 5.1; SV1)"
194.218.229.29 - - [20/Jun/2005:09:31:31 +0200] "GET /wiki.pl?IDEs HTTP/1.1" 200 10212 "http://www.google.se/search?client=firefox-a&rls=org.mozilla%3Aen-US%3Aofficial_s&hl=sv&q=opencascade+%22macos+x%22&meta=&btnG=Google-s%C3%B6kning" "Mozilla/5.0 (X11; U; Linux i686; en-US; rv:1.7.7) Gecko/20050414 Firefox/1.0.3"
194.218.229.29 - - [20/Jun/2005:09:31:31 +0200] "GET /wxwiki.css HTTP/1.1" 200 1540 "http://wiki.wxwidgets.org/wiki.pl?IDEs" "Mozilla/5.0 (X11; U; Linux i686; en-US; rv:1.7.7) Gecko/20050414 Firefox/1.0.3"
194.218.229.29 - - [20/Jun/2005:09:31:31 +0200] "GET /wximages/wxwidgets02-small.png HTTP/1.1" 200 12468 "http://wiki.wxwidgets.org/wiki.pl?IDEs" "Mozilla/5.0 (X11; U; Linux i686; en-US; rv:1.7.7) Gecko/20050414 Firefox/1.0.3"
194.218.229.29 - - [20/Jun/2005:09:31:31 +0200] "GET /favicon.ico HTTP/1.1" 200 3262 "-" "Mozilla/5.0 (X11; U; Linux i686; en-US; rv:1.7.7) Gecko/20050414 Firefox/1.0.3"
65.54.188.139 - - [20/Jun/2005:09:31:34 +0200] "GET /wiki.pl?Unicode HTTP/1.0" 200 3250 "-" "msnbot/1.0 (+http://search.msn.com/msnbot.htm)"
194.224.199.52 - - [20/Jun/2005:09:32:02 +0200] "GET /wiki.pl?WxTreeListCtrl HTTP/1.1" 200 1991 "http://wiki.wxwidgets.org/wiki.pl?Table_Of_Contents" "noxtrumbot/1.0 (crawler@noxtrum.com)"
80.124.167.36 - - [20/Jun/2005:09:32:27 +0200] "GET /wiki.pl?WxSQLite HTTP/1.1" 200 6064 "-" "Mozilla/4.0 (compatible; MSIE 6.0; Windows NT 5.1; SV1)"
80.124.167.36 - - [20/Jun/2005:09:32:28 +0200] "GET /wxwiki.css HTTP/1.1" 304 - "http://wiki.wxwidgets.org/wiki.pl?WxSQLite" "Mozilla/4.0 (compatible; MSIE 6.0; Windows NT 5.1; SV1)"
80.124.167.36 - - [20/Jun/2005:09:32:28 +0200] "GET /wximages/wxwidgets02-small.png HTTP/1.1" 304 - "http://wiki.wxwidgets.org/wiki.pl?WxSQLite" "Mozilla/4.0 (compatible; MSIE 6.0; Windows NT 5.1; SV1)"
194.224.199.52 - - [20/Jun/2005:09:33:02 +0200] "GET /wiki.pl?WxTreeMultiCtrl HTTP/1.1" 200 2719 "http://wiki.wxwidgets.org/wiki.pl?Table_Of_Contents" "noxtrumbot/1.0 (crawler@noxtrum.com)"
61.165.117.133 - - [20/Jun/2005:09:33:13 +0200] "GET /wximages/wxwidgets02-small.png HTTP/1.1" 200 12468 "http://blog.vckbase.com/bastet/" "Mozilla/4.0 (compatible; MSIE 6.0; Windows NT 5.1; SV1)"
193.147.86.254 - - [20/Jun/2005:09:33:46 +0200] "GET /wiki.pl?Resources HTTP/1.0" 200 5863 "http://wiki.wxwidgets.org/" "Mozilla/4.0 (compatible; MSIE 6.0; Windows NT 5.0)"
194.224.199.52 - - [20/Jun/2005:09:34:02 +0200] "GET /wiki.pl?WxVTK HTTP/1.1" 200 2580 "http://wiki.wxwidgets.org/wiki.pl?Table_Of_Contents" "noxtrumbot/1.0 (crawler@noxtrum.com)"
69.109.220.209 - - [20/Jun/2005:09:34:17 +0200] "GET /wiki.pl?WxWidgets_Compared_To_Other_Toolkits HTTP/1.1" 200 19476 "http://trug.stok.co.uk/wiki/index.php/WxRuby" "Mozilla/5.0 (Windows; U; Windows NT 5.1; en-US; rv:1.7.8) Gecko/20050511 Firefox/1.0.4"
69.109.220.209 - - [20/Jun/2005:09:34:17 +0200] "GET /wxwiki.css HTTP/1.1" 200 1540 "http://wiki.wxwidgets.org/wiki.pl?WxWidgets_Compared_To_Other_Toolkits" "Mozilla/5.0 (Windows; U; Windows NT 5.1; en-US; rv:1.7.8) Gecko/20050511 Firefox/1.0.4"
69.109.220.209 - - [20/Jun/2005:09:34:17 +0200] "GET /wximages/wxwidgets02-small.png HTTP/1.1" 200 12468 "http://wiki.wxwidgets.org/wiki.pl?WxWidgets_Compared_To_Other_Toolkits" "Mozilla/5.0 (Windows; U; Windows NT 5.1; en-US; rv:1.7.8) Gecko/20050511 Firefox/1.0.4"
69.109.220.209 - - [20/Jun/2005:09:34:18 +0200] "GET /favicon.ico HTTP/1.1" 200 3262 "-" "Mozilla/5.0 (Windows; U; Windows NT 5.1; en-US; rv:1.7.8) Gecko/20050511 Firefox/1.0.4"
80.223.41.93 - - [20/Jun/2005:09:34:46 +0200] "GET /wiki.pl?ODBC HTTP/1.1" 200 8717 "http://www.google.fi/search?q=wxdbtable+mysql&btnG=Hae&hl=fi" "Mozilla/5.0 (X11; U; Linux i686; en-US; rv:1.7.6) Gecko/20050524 Firefox/1.0 (Ubuntu package 1.0.2 MFSA2005-44)"
80.223.41.93 - - [20/Jun/2005:09:34:46 +0200] "GET /wxwiki.css HTTP/1.1" 200 1540 "http://wiki.wxwidgets.org/wiki.pl?ODBC" "Mozilla/5.0 (X11; U; Linux i686; en-US; rv:1.7.6) Gecko/20050524 Firefox/1.0 (Ubuntu package 1.0.2 MFSA2005-44)"
80.223.41.93 - - [20/Jun/2005:09:34:47 +0200] "GET /wximages/wxwidgets02-small.png HTTP/1.1" 200 12468 "http://wiki.wxwidgets.org/wiki.pl?ODBC" "Mozilla/5.0 (X11; U; Linux i686; en-US; rv:1.7.6) Gecko/20050524 Firefox/1.0 (Ubuntu package 1.0.2 MFSA2005-44)"
80.223.41.93 - - [20/Jun/2005:09:34:47 +0200] "GET /favicon.ico HTTP/1.1" 200 3262 "-" "Mozilla/5.0 (X11; U; Linux i686; en-US; rv:1.7.6) Gecko/20050524 Firefox/1.0 (Ubuntu package 1.0.2 MFSA2005-44)"
194.224.199.52 - - [20/Jun/2005:09:35:02 +0200] "GET /wiki.pl?MyTimerCtrl HTTP/1.1" 200 2447 "http://wiki.wxwidgets.org/wiki.pl?Table_Of_Contents" "noxtrumbot/1.0 (crawler@noxtrum.com)"
194.224.199.52 - - [20/Jun/2005:09:36:02 +0200] "GET /wiki.pl?LEDClass HTTP/1.1" 200 2154 "http://wiki.wxwidgets.org/wiki.pl?Table_Of_Contents" "noxtrumbot/1.0 (crawler@noxtrum.com)"
194.158.213.97 - - [20/Jun/2005:09:36:31 +0200] "GET /wiki.pl?WxWidgets_Vacancies HTTP/1.0" 200 3590 "http://www.wxwidgets.org/toolbar.htm" "Opera/8.0 (X11; Linux i686; U; en)"
194.158.213.97 - - [20/Jun/2005:09:36:38 +0200] "GET /wxwiki.css HTTP/1.0" 200 1540 "http://wiki.wxwidgets.org/wiki.pl?WxWidgets_Vacancies" "Opera/8.0 (X11; Linux i686; U; en)"
194.158.213.97 - - [20/Jun/2005:09:36:38 +0200] "GET /wximages/wxwidgets02-small.png HTTP/1.0" 200 12468 "http://wiki.wxwidgets.org/wiki.pl?WxWidgets_Vacancies" "Opera/8.0 (X11; Linux i686; U; en)"
65.54.188.139 - - [20/Jun/2005:09:36:59 +0200] "GET /wiki.pl?back=Dev-Cpp+Instructions HTTP/1.0" 200 1631 "-" "msnbot/1.0 (+http://search.msn.com/msnbot.htm)"
194.224.199.52 - - [20/Jun/2005:09:37:02 +0200] "GET /wiki.pl?IniFileClass HTTP/1.1" 200 2347 "http://wiki.wxwidgets.org/wiki.pl?Table_Of_Contents" "noxtrumbot/1.0 (crawler@noxtrum.com)"
194.224.199.52 - - [20/Jun/2005:09:38:02 +0200] "GET /wiki.pl?WxVirtualDirTreeCtrl HTTP/1.1" 200 5217 "http://wiki.wxwidgets.org/wiki.pl?Table_Of_Contents" "noxtrumbot/1.0 (crawler@noxtrum.com)"
219.130.32.185 - - [20/Jun/2005:09:38:03 +0200] "GET /wximages/wxwidgets02-small.png HTTP/1.1" 200 12468 "http://blog.vckbase.com/bastet/" "Mozilla/4.0 (compatible; MSIE 6.0; Windows NT 5.1; Maxthon; Poco 0.31; .NET CLR 1.1.4322)"
194.224.199.52 - - [20/Jun/2005:09:39:02 +0200] "GET /wiki.pl?WxGoldParser HTTP/1.1" 200 2698 "http://wiki.wxwidgets.org/wiki.pl?Table_Of_Contents" "noxtrumbot/1.0 (crawler@noxtrum.com)"
194.224.199.52 - - [20/Jun/2005:09:40:02 +0200] "GET /wiki.pl?MSDN_Library_And_WxWidgets_Help_File HTTP/1.1" 200 6064 "http://wiki.wxwidgets.org/wiki.pl?Table_Of_Contents" "noxtrumbot/1.0 (crawler@noxtrum.com)"
82.113.4.67 - - [20/Jun/2005:09:40:19 +0200] "GET / HTTP/1.1" 200 3381 "-" "Mozilla/5.0 (Windows; U; Windows NT 5.1; fr-FR; rv:1.7.8) Gecko/20050511 Firefox/1.0.4"
82.113.4.67 - - [20/Jun/2005:09:40:19 +0200] "GET /wxwiki.css HTTP/1.1" 200 1540 "http://wiki.wxwidgets.org/" "Mozilla/5.0 (Windows; U; Windows NT 5.1; fr-FR; rv:1.7.8) Gecko/20050511 Firefox/1.0.4"
82.113.4.67 - - [20/Jun/2005:09:40:19 +0200] "GET /wximages/wxwidgets02-small.png HTTP/1.1" 200 12468 "http://wiki.wxwidgets.org/" "Mozilla/5.0 (Windows; U; Windows NT 5.1; fr-FR; rv:1.7.8) Gecko/20050511 Firefox/1.0.4"
82.113.4.67 - - [20/Jun/2005:09:40:20 +0200] "GET /favicon.ico HTTP/1.1" 200 3262 "-" "Mozilla/5.0 (Windows; U; Windows NT 5.1; fr-FR; rv:1.7.8) Gecko/20050511 Firefox/1.0.4"
82.113.4.67 - - [20/Jun/2005:09:40:23 +0200] "GET /wiki.pl?Table_Of_Contents HTTP/1.1" 200 26242 "http://wiki.wxwidgets.org/" "Mozilla/5.0 (Windows; U; Windows NT 5.1; fr-FR; rv:1.7.8) Gecko/20050511 Firefox/1.0.4"
82.113.4.67 - - [20/Jun/2005:09:40:25 +0200] "GET /wiki.pl?RecentChanges HTTP/1.1" 200 11692 "http://wiki.wxwidgets.org/wiki.pl?Table_Of_Contents" "Mozilla/5.0 (Windows; U; Windows NT 5.1; fr-FR; rv:1.7.8) Gecko/20050511 Firefox/1.0.4"
218.6.160.130 - - [20/Jun/2005:09:40:26 +0200] "GET /wximages/wxwidgets02-small.png HTTP/1.1" 200 12468 "http://blog.vckbase.com/bastet/" "Mozilla/4.0 (compatible; MSIE 6.0; Windows NT 5.1; SV1; Maxthon)"
82.113.4.67 - - [20/Jun/2005:09:40:51 +0200] "GET /wiki.pl?Mac_OS_X_And_Xcode_For_Beginners HTTP/1.1" 200 31994 "http://wiki.wxwidgets.org/wiki.pl?RecentChanges" "Mozilla/5.0 (Windows; U; Windows NT 5.1; fr-FR; rv:1.7.8) Gecko/20050511 Firefox/1.0.4"
194.224.199.52 - - [20/Jun/2005:09:41:02 +0200] "GET /wiki.pl?Developers_Notebook HTTP/1.1" 200 3273 "http://wiki.wxwidgets.org/wiki.pl?Table_Of_Contents" "noxtrumbot/1.0 (crawler@noxtrum.com)"
61.181.250.190 - - [20/Jun/2005:09:41:52 +0200] "GET /wiki.pl?WxWidgets_Vacancies HTTP/1.1" 200 3602 "http://www.wxwidgets.org/toolbar.htm" "Mozilla/5.0 (Windows; U; Windows NT 5.1; zh-CN; rv:1.7.8) Gecko/20050511 Firefox/1.0.4"
61.181.250.190 - - [20/Jun/2005:09:41:55 +0200] "GET /wiki.pl?WxWidgets_Bounties HTTP/1.1" 200 8873 "http://www.wxwidgets.org/toolbar.htm" "Mozilla/5.0 (Windows; U; Windows NT 5.1; zh-CN; rv:1.7.8) Gecko/20050511 Firefox/1.0.4"
194.224.199.52 - - [20/Jun/2005:09:42:02 +0200] "GET /wiki.pl?Documentation_Generators HTTP/1.1" 200 2170 "http://wiki.wxwidgets.org/wiki.pl?Table_Of_Contents" "noxtrumbot/1.0 (crawler@noxtrum.com)"
194.224.199.52 - - [20/Jun/2005:09:43:02 +0200] "GET /wiki.pl?Debuggers HTTP/1.1" 200 2105 "http://wiki.wxwidgets.org/wiki.pl?Table_Of_Contents" "noxtrumbot/1.0 (crawler@noxtrum.com)"
194.224.199.52 - - [20/Jun/2005:09:44:02 +0200] "GET /wiki.pl?Program_Analysis HTTP/1.1" 200 4508 "http://wiki.wxwidgets.org/wiki.pl?Table_Of_Contents" "noxtrumbot/1.0 (crawler@noxtrum.com)"
194.224.199.52 - - [20/Jun/2005:09:45:02 +0200] "GET /wiki.pl?UPX HTTP/1.1" 200 2088 "http://wiki.wxwidgets.org/wiki.pl?Table_Of_Contents" "noxtrumbot/1.0 (crawler@noxtrum.com)"
219.136.44.214 - - [20/Jun/2005:09:45:44 +0200] "GET /wximages/wxwidgets02-small.png HTTP/1.1" 200 12468 "http://blog.vckbase.com/bastet/" "Mozilla/4.0 (compatible; MSIE 6.0; Windows NT 5.1; SV1)"
194.224.199.52 - - [20/Jun/2005:09:46:02 +0200] "GET /wiki.pl?Making_Installers HTTP/1.1" 200 2188 "http://wiki.wxwidgets.org/wiki.pl?Table_Of_Contents" "noxtrumbot/1.0 (crawler@noxtrum.com)"
194.224.199.52 - - [20/Jun/2005:09:47:02 +0200] "GET /wiki.pl?Cvs HTTP/1.1" 200 8343 "http://wiki.wxwidgets.org/wiki.pl?Table_Of_Contents" "noxtrumbot/1.0 (crawler@noxtrum.com)"
194.224.199.52 - - [20/Jun/2005:09:48:02 +0200] "GET /wiki.pl?Development_Tools HTTP/1.1" 200 2620 "http://wiki.wxwidgets.org/wiki.pl?Table_Of_Contents" "noxtrumbot/1.0 (crawler@noxtrum.com)"
65.214.44.47 - - [20/Jun/2005:09:48:08 +0200] "GET /wiki.pl?Sjzdfxh HTTP/1.0" 200 1869 "-" "Mozilla/2.0 (compatible; Ask Jeeves/Teoma; +http://sp.ask.com/docs/about/tech_crawling.html)"
80.55.229.170 - - [20/Jun/2005:09:48:39 +0200] "GET /wiki.pl?IDEs HTTP/1.1" 200 10212 "http://www.google.pl/search?hl=pl&q=xrc+borland&btnG=Szukaj&lr=" "Opera/8.0 (Windows NT 5.1; U; pl)"
80.55.229.170 - - [20/Jun/2005:09:48:40 +0200] "GET /wxwiki.css HTTP/1.1" 200 1540 "http://wiki.wxwidgets.org/wiki.pl?IDEs" "Opera/8.0 (Windows NT 5.1; U; pl)"
80.55.229.170 - - [20/Jun/2005:09:48:40 +0200] "GET /wximages/wxwidgets02-small.png HTTP/1.1" 200 12468 "http://wiki.wxwidgets.org/wiki.pl?IDEs" "Opera/8.0 (Windows NT 5.1; U; pl)"
80.55.229.170 - - [20/Jun/2005:09:48:41 +0200] "GET /favicon.ico HTTP/1.1" 200 3262 "http://wiki.wxwidgets.org/wiki.pl?IDEs" "Opera/8.0 (Windows NT 5.1; U; pl)"
194.224.199.52 - - [20/Jun/2005:09:49:02 +0200] "GET /wiki.pl?Project_Suggestions HTTP/1.1" 200 2645 "http://wiki.wxwidgets.org/wiki.pl?Table_Of_Contents" "noxtrumbot/1.0 (crawler@noxtrum.com)"
65.54.188.139 - - [20/Jun/2005:09:49:54 +0200] "GET /wiki.pl?BrianHV HTTP/1.0" 200 1754 "-" "msnbot/1.0 (+http://search.msn.com/msnbot.htm)"
194.224.199.52 - - [20/Jun/2005:09:50:03 +0200] "GET /wiki.pl?Project_List HTTP/1.1" 200 7463 "http://wiki.wxwidgets.org/wiki.pl?Table_Of_Contents" "noxtrumbot/1.0 (crawler@noxtrum.com)"
194.224.199.52 - - [20/Jun/2005:09:51:02 +0200] "GET /wiki.pl?Graphics HTTP/1.1" 200 2834 "http://wiki.wxwidgets.org/wiki.pl?Table_Of_Contents" "noxtrumbot/1.0 (crawler@noxtrum.com)"
218.28.14.138 - - [20/Jun/2005:09:51:04 +0200] "GET /wximages/wxwidgets02-small.png HTTP/1.1" 200 12468 "http://blog.vckbase.com/bastet/" "Mozilla/4.0 (compatible; MSIE 5.5; Windows 98; Win 9x 4.90)"
222.38.74.31 - - [20/Jun/2005:09:51:04 +0200] "GET /wximages/wxwidgets02-small.png HTTP/1.1" 200 12468 "http://blog.vckbase.com/bastet/" "Mozilla/4.0 (compatible; MSIE 6.0; Windows NT 5.1; SV1)"
219.133.230.177 - - [20/Jun/2005:09:51:17 +0200] "GET /wximages/wxwidgets02-small.png HTTP/1.1" 200 12468 "http://blog.vckbase.com/bastet/" "Mozilla/4.0 (compatible; MSIE 6.0; Windows NT 5.1; SV1; TencentTraveler )"
64.4.8.94 - - [20/Jun/2005:09:51:21 +0200] "GET /robots.txt HTTP/1.0" 200 138 "-" "msnbot/1.0 (+http://search.msn.com/msnbot.htm)"
64.4.8.94 - - [20/Jun/2005:09:51:22 +0200] "GET /wiki.pl?Resources HTTP/1.0" 200 5863 "-" "msnbot/1.0 (+http://search.msn.com/msnbot.htm)"
194.224.199.52 - - [20/Jun/2005:09:52:02 +0200] "GET /wiki.pl?IRC_Etiquette HTTP/1.1" 200 2865 "http://wiki.wxwidgets.org/wiki.pl?Table_Of_Contents" "noxtrumbot/1.0 (crawler@noxtrum.com)"
193.141.53.1 - - [20/Jun/2005:09:52:20 +0200] "GET /wiki.pl?WxWidgets_Vacancies HTTP/1.1" 200 3602 "http://www.wxwidgets.org/toolbar.htm" "Mozilla/4.0 (compatible; MSIE 6.0; Windows NT 5.1; ru) Opera 7.60"
65.54.188.139 - - [20/Jun/2005:09:52:22 +0200] "GET /wiki.pl?XML-Based_Documentation_Format HTTP/1.0" 200 4986 "-" "msnbot/1.0 (+http://search.msn.com/msnbot.htm)"
194.224.199.52 - - [20/Jun/2005:09:53:02 +0200] "GET /wiki.pl?WxWidgets_Vacancies HTTP/1.1" 200 3602 "http://wiki.wxwidgets.org/wiki.pl?Table_Of_Contents" "noxtrumbot/1.0 (crawler@noxtrum.com)"
195.167.125.132 - - [20/Jun/2005:09:53:07 +0200] "GET /wiki.pl?WxDialog HTTP/1.1" 200 4372 "http://www.google.com.gr/search?q=wxCLOSE_BOX&hl=el&lr=&start=10&sa=N" "Mozilla/5.0 (Windows; U; Windows NT 5.0; en-US; rv:1.7) Gecko/20040707 Firefox/0.9.2"
195.167.125.132 - - [20/Jun/2005:09:53:08 +0200] "GET /wxwiki.css HTTP/1.1" 200 1540 "http://wiki.wxwidgets.org/wiki.pl?WxDialog" "Mozilla/5.0 (Windows; U; Windows NT 5.0; en-US; rv:1.7) Gecko/20040707 Firefox/0.9.2"
195.167.125.132 - - [20/Jun/2005:09:53:09 +0200] "GET /favicon.ico HTTP/1.1" 200 3262 "-" "Mozilla/5.0 (Windows; U; Windows NT 5.0; en-US; rv:1.7) Gecko/20040707 Firefox/0.9.2"
195.167.125.132 - - [20/Jun/2005:09:53:09 +0200] "GET /wximages/wxwidgets02-small.png HTTP/1.1" 200 12468 "http://wiki.wxwidgets.org/wiki.pl?WxDialog" "Mozilla/5.0 (Windows; U; Windows NT 5.0; en-US; rv:1.7) Gecko/20040707 Firefox/0.9.2"
202.100.210.131 - - [20/Jun/2005:09:53:16 +0200] "GET /wximages/wxwidgets02-small.png HTTP/1.1" 200 12468 "http://blog.vckbase.com/bastet/archive/2005/06/09/6274.html" "Mozilla/5.0 (Windows; U; Windows NT 5.0; zh-CN; rv:1.7.5) Gecko/20041124 Firefox/1.0 (ax)"
194.224.199.52 - - [20/Jun/2005:09:54:03 +0200] "GET /wiki.pl?back=Resources HTTP/1.1" 200 4722 "http://wiki.wxwidgets.org/wiki.pl?Resources" "noxtrumbot/1.0 (crawler@noxtrum.com)"
65.54.188.139 - - [20/Jun/2005:09:54:26 +0200] "GET /wiki.pl?back=/WxGTK HTTP/1.0" 200 1968 "-" "msnbot/1.0 (+http://search.msn.com/msnbot.htm)"
194.224.199.52 - - [20/Jun/2005:09:55:02 +0200] "GET /wiki.pl?action=history&id=Resources HTTP/1.1" 200 4252 "http://wiki.wxwidgets.org/wiki.pl?Resources" "noxtrumbot/1.0 (crawler@noxtrum.com)"
218.19.143.101 - - [20/Jun/2005:09:55:16 +0200] "GET /wximages/wxwidgets02-small.png HTTP/1.1" 200 12468 "http://blog.vckbase.com/bastet/" "Mozilla/4.0 (compatible; MSIE 6.0; Windows NT 5.1; SV1; MyIE2)"
207.46.98.84 - - [20/Jun/2005:09:55:44 +0200] "GET /robots.txt HTTP/1.0" 200 138 "-" "msnbot/1.0 (+http://search.msn.com/msnbot.htm)"
207.46.98.84 - - [20/Jun/2005:09:55:45 +0200] "GET /wiki.pl?Feedback HTTP/1.0" 200 7808 "-" "msnbot/1.0 (+http://search.msn.com/msnbot.htm)"
194.224.199.52 - - [20/Jun/2005:09:56:03 +0200] "GET /wiki.pl?back=How+To+Use+This+Wiki HTTP/1.1" 200 1737 "http://wiki.wxwidgets.org/wiki.pl?How_To_Use_This_Wiki" "noxtrumbot/1.0 (crawler@noxtrum.com)"
194.224.199.52 - - [20/Jun/2005:09:57:02 +0200] "GET /wiki.pl?Sandbox HTTP/1.1" 200 6704 "http://wiki.wxwidgets.org/wiki.pl?How_To_Use_This_Wiki" "noxtrumbot/1.0 (crawler@noxtrum.com)"
134.214.114.10 - - [20/Jun/2005:09:57:18 +0200] "GET /awstats.pl?lang=fr HTTP/1.1" 403 295 "http://www.google.fr/search?hl=fr&q=+wxStyledTextCtrl+&btnG=Rechercher&meta=lr%3Dlang_fr" "Mozilla/5.0 (Windows; U; Windows NT 5.1; fr; rv:1.7) Gecko/20040803 Firefox/0.9.3"
134.214.114.10 - - [20/Jun/2005:09:57:18 +0200] "GET /favicon.ico HTTP/1.1" 200 3262 "-" "Mozilla/5.0 (Windows; U; Windows NT 5.1; fr; rv:1.7) Gecko/20040803 Firefox/0.9.3"
194.224.199.52 - - [20/Jun/2005:09:58:02 +0200] "GET /wiki.pl?action=history&id=How_To_Use_This_Wiki HTTP/1.1" 200 8758 "http://wiki.wxwidgets.org/wiki.pl?How_To_Use_This_Wiki" "noxtrumbot/1.0 (crawler@noxtrum.com)"
84.164.174.133 - - [20/Jun/2005:09:58:24 +0200] "GET / HTTP/1.0" 200 3369 "http://www.wxwidgets.org/docs.htm" "Mozilla/5.0 (X11; U; Linux i686; en-US; rv:1.7.8) Gecko/20050511"
84.164.174.133 - - [20/Jun/2005:09:58:24 +0200] "GET /wxwiki.css HTTP/1.0" 200 1540 "http://wiki.wxwidgets.org/" "Mozilla/5.0 (X11; U; Linux i686; en-US; rv:1.7.8) Gecko/20050511"
84.164.174.133 - - [20/Jun/2005:09:58:24 +0200] "GET /wximages/wxwidgets02-small.png HTTP/1.0" 200 12468 "http://wiki.wxwidgets.org/" "Mozilla/5.0 (X11; U; Linux i686; en-US; rv:1.7.8) Gecko/20050511"
221.196.156.89 - - [20/Jun/2005:09:58:27 +0200] "GET /wximages/wxwidgets02-small.png HTTP/1.1" 200 12468 "http://blog.vckbase.com/bastet/" "Mozilla/4.0 (compatible; MSIE 6.0; Windows NT 5.1; SV1)"
84.164.174.133 - - [20/Jun/2005:09:58:31 +0200] "GET /wiki.pl?Table_Of_Contents HTTP/1.0" 200 26183 "http://wiki.wxwidgets.org/" "Mozilla/5.0 (X11; U; Linux i686; en-US; rv:1.7.8) Gecko/20050511"
194.224.199.52 - - [20/Jun/2005:09:59:02 +0200] "GET /wiki.pl?WxGuru HTTP/1.1" 200 1917 "http://wiki.wxwidgets.org/wiki.pl?How_To_Use_This_Wiki" "noxtrumbot/1.0 (crawler@noxtrum.com)"
202.113.1.141 - - [20/Jun/2005:09:59:23 +0200] "GET /wiki.pl?WxWidgets_Vacancies HTTP/1.1" 200 3602 "http://www.wxwidgets.org/toolbar.htm" "Mozilla/4.0 (compatible; MSIE 6.0; Windows NT 5.1; MyIE2; SV1; .NET CLR 1.1.4322)"
202.113.1.141 - - [20/Jun/2005:09:59:24 +0200] "GET /wxwiki.css HTTP/1.1" 304 - "http://wiki.wxwidgets.org/wiki.pl?WxWidgets_Vacancies" "Mozilla/4.0 (compatible; MSIE 6.0; Windows NT 5.1; MyIE2; SV1; .NET CLR 1.1.4322)"
202.113.1.141 - - [20/Jun/2005:09:59:25 +0200] "GET /wximages/wxwidgets02-small.png HTTP/1.1" 304 - "http://wiki.wxwidgets.org/wiki.pl?WxWidgets_Vacancies" "Mozilla/4.0 (compatible; MSIE 6.0; Windows NT 5.1; MyIE2; SV1; .NET CLR 1.1.4322)"
84.164.174.133 - - [20/Jun/2005:09:59:29 +0200] "GET /wiki.pl?Writing_Your_First_Application HTTP/1.0" 200 3097 "http://wiki.wxwidgets.org/wiki.pl?Table_Of_Contents" "Mozilla/5.0 (X11; U; Linux i686; en-US; rv:1.7.8) Gecko/20050511"
84.164.174.133 - - [20/Jun/2005:09:59:33 +0200] "GET /wiki.pl?Hello_World HTTP/1.0" 200 5406 "http://wiki.wxwidgets.org/wiki.pl?Writing_Your_First_Application" "Mozilla/5.0 (X11; U; Linux i686; en-US; rv:1.7.8) Gecko/20050511"
84.164.174.133 - - [20/Jun/2005:09:59:43 +0200] "GET /wiki.pl?Writing_Your_First_Application/Adding_A_Button HTTP/1.0" 200 8355 "http://wiki.wxwidgets.org/wiki.pl?Writing_Your_First_Application" "Mozilla/5.0 (X11; U; Linux i686; en-US; rv:1.7.8) Gecko/20050511"
194.224.199.52 - - [20/Jun/2005:10:00:03 +0200] "GET /wiki.pl?action=browse&diff=1&id=How_To_Use_This_Wiki HTTP/1.1" 200 5385 "http://wiki.wxwidgets.org/wiki.pl?How_To_Use_This_Wiki" "noxtrumbot/1.0 (crawler@noxtrum.com)"
192.176.33.6 - - [20/Jun/2005:10:00:08 +0200] "GET / HTTP/1.1" 200 3381 "http://www.wxwidgets.org/docs.htm" "Mozilla/4.0 (compatible; MSIE 6.0; Windows NT 5.0)"
192.176.33.6 - - [20/Jun/2005:10:00:08 +0200] "GET /wximages/wxwidgets02-small.png HTTP/1.1" 200 12468 "http://wiki.wxwidgets.org/" "Mozilla/4.0 (compatible; MSIE 6.0; Windows NT 5.0)"
192.176.33.6 - - [20/Jun/2005:10:00:08 +0200] "GET /wxwiki.css HTTP/1.1" 200 1540 "http://wiki.wxwidgets.org/" "Mozilla/4.0 (compatible; MSIE 6.0; Windows NT 5.0)"
192.176.33.6 - - [20/Jun/2005:10:00:17 +0200] "GET /wiki.pl?Table_Of_Contents HTTP/1.1" 200 26242 "http://wiki.wxwidgets.org/" "Mozilla/4.0 (compatible; MSIE 6.0; Windows NT 5.0)"
192.176.33.6 - - [20/Jun/2005:10:00:25 +0200] "GET /wiki.pl?WxWidgets_Compared_To_Other_Toolkits HTTP/1.1" 200 19476 "http://wiki.wxwidgets.org/wiki.pl?Table_Of_Contents" "Mozilla/4.0 (compatible; MSIE 6.0; Windows NT 5.0)"
192.176.33.6 - - [20/Jun/2005:10:00:25 +0200] "GET /wxwiki.css HTTP/1.1" 304 - "http://wiki.wxwidgets.org/wiki.pl?WxWidgets_Compared_To_Other_Toolkits" "Mozilla/4.0 (compatible; MSIE 6.0; Windows NT 5.0)"
192.176.33.6 - - [20/Jun/2005:10:00:25 +0200] "GET /wximages/wxwidgets02-small.png HTTP/1.1" 304 - "http://wiki.wxwidgets.org/wiki.pl?WxWidgets_Compared_To_Other_Toolkits" "Mozilla/4.0 (compatible; MSIE 6.0; Windows NT 5.0)"
192.176.33.6 - - [20/Jun/2005:10:00:34 +0200] "GET /wxwiki.css HTTP/1.1" 304 - "http://wiki.wxwidgets.org/wiki.pl?Mac_OS_X_And_Xcode_For_Beginners" "Mozilla/4.0 (compatible; MSIE 6.0; Windows NT 5.0)"
192.176.33.6 - - [20/Jun/2005:10:00:34 +0200] "GET /wximages/wxwidgets02-small.png HTTP/1.1" 304 - "http://wiki.wxwidgets.org/wiki.pl?Mac_OS_X_And_Xcode_For_Beginners" "Mozilla/4.0 (compatible; MSIE 6.0; Windows NT 5.0)"
192.176.33.6 - - [20/Jun/2005:10:00:34 +0200] "GET /wiki.pl?Mac_OS_X_And_Xcode_For_Beginners HTTP/1.1" 200 31994 "http://wiki.wxwidgets.org/wiki.pl?Table_Of_Contents" "Mozilla/4.0 (compatible; MSIE 6.0; Windows NT 5.0)"
66.171.49.130 - - [20/Jun/2005:10:00:39 +0200] "GET /wiki.pl?Dev-CPP_Setup_Guide HTTP/1.1" 200 10495 "http://www.google.com/search?q=dev-cpp+library&sourceid=mozilla-search&start=0&start=0&ie=utf-8&oe=utf-8&client=firefox-a&rls=org.mozilla:en-US:official" "Mozilla/5.0 (Windows; U; Windows NT 5.1; en-US; rv:1.7.6) Gecko/20050317 Firefox/1.0.2"
66.171.49.130 - - [20/Jun/2005:10:00:40 +0200] "GET /wxwiki.css HTTP/1.1" 200 1540 "http://wiki.wxwidgets.org/wiki.pl?Dev-CPP_Setup_Guide" "Mozilla/5.0 (Windows; U; Windows NT 5.1; en-US; rv:1.7.6) Gecko/20050317 Firefox/1.0.2"
66.171.49.130 - - [20/Jun/2005:10:00:41 +0200] "GET /wximages/wxwidgets02-small.png HTTP/1.1" 200 12468 "http://wiki.wxwidgets.org/wiki.pl?Dev-CPP_Setup_Guide" "Mozilla/5.0 (Windows; U; Windows NT 5.1; en-US; rv:1.7.6) Gecko/20050317 Firefox/1.0.2"
66.171.49.130 - - [20/Jun/2005:10:00:41 +0200] "GET /favicon.ico HTTP/1.1" 200 3262 "-" "Mozilla/5.0 (Windows; U; Windows NT 5.1; en-US; rv:1.7.6) Gecko/20050317 Firefox/1.0.2"
163.28.4.1 - - [20/Jun/2005:10:00:46 +0200] "GET /wiki.pl?Dev-Cpp_Instructions HTTP/1.1" 200 2056 "http://www.wxwidgets.org/devcpp.htm" "Mozilla/5.0 (Windows; U; Windows NT 5.1; zh-TW; rv:1.7.8) Gecko/20050511 Firefox/1.0.4"
163.28.4.1 - - [20/Jun/2005:10:00:47 +0200] "GET /wxwiki.css HTTP/1.1" 200 1540 "http://wiki.wxwidgets.org/wiki.pl?Dev-Cpp_Instructions" "Mozilla/5.0 (Windows; U; Windows NT 5.1; zh-TW; rv:1.7.8) Gecko/20050511 Firefox/1.0.4"
163.28.4.1 - - [20/Jun/2005:10:00:47 +0200] "GET /wximages/wxwidgets02-small.png HTTP/1.1" 200 12468 "http://wiki.wxwidgets.org/wiki.pl?Dev-Cpp_Instructions" "Mozilla/5.0 (Windows; U; Windows NT 5.1; zh-TW; rv:1.7.8) Gecko/20050511 Firefox/1.0.4"
163.28.4.1 - - [20/Jun/2005:10:00:48 +0200] "GET /favicon.ico HTTP/1.1" 200 3262 "-" "Mozilla/5.0 (Windows; U; Windows NT 5.1; zh-TW; rv:1.7.8) Gecko/20050511 Firefox/1.0.4"
194.224.199.52 - - [20/Jun/2005:10:01:03 +0200] "GET /wiki.pl?back=Feedback HTTP/1.1" 200 2245 "http://wiki.wxwidgets.org/wiki.pl?Feedback" "noxtrumbot/1.0 (crawler@noxtrum.com)"
194.224.199.52 - - [20/Jun/2005:10:02:02 +0200] "GET /wiki.pl?RN HTTP/1.1" 200 2207 "http://wiki.wxwidgets.org/wiki.pl?Feedback" "noxtrumbot/1.0 (crawler@noxtrum.com)"
84.164.174.133 - - [20/Jun/2005:10:02:57 +0200] "GET / HTTP/1.0" 200 3369 "http://www.wxwidgets.org/docs.htm" "Mozilla/5.0 (X11; U; Linux i686; en-US; rv:1.7.8) Gecko/20050511"
84.164.174.133 - - [20/Jun/2005:10:03:01 +0200] "GET /wiki.pl?Table_Of_Contents HTTP/1.0" 200 26183 "http://wiki.wxwidgets.org/" "Mozilla/5.0 (X11; U; Linux i686; en-US; rv:1.7.8) Gecko/20050511"
194.224.199.52 - - [20/Jun/2005:10:03:02 +0200] "GET /wiki.pl?TODO HTTP/1.1" 200 1869 "http://wiki.wxwidgets.org/wiki.pl?Feedback" "noxtrumbot/1.0 (crawler@noxtrum.com)"
207.46.98.84 - - [20/Jun/2005:10:03:59 +0200] "GET /wiki.pl?back=WxWidgets+Bounties HTTP/1.0" 200 1773 "-" "msnbot/1.0 (+http://search.msn.com/msnbot.htm)"
194.224.199.52 - - [20/Jun/2005:10:04:02 +0200] "GET /foo HTTP/1.1" 404 284 "http://wiki.wxwidgets.org/wiki.pl?Feedback" "noxtrumbot/1.0 (crawler@noxtrum.com)"
194.224.199.52 - - [20/Jun/2005:10:05:03 +0200] "GET /wiki.pl?action=edit&id=UseModWiki HTTP/1.1" 200 1870 "http://wiki.wxwidgets.org/wiki.pl?Feedback" "noxtrumbot/1.0 (crawler@noxtrum.com)"
194.224.199.52 - - [20/Jun/2005:10:06:03 +0200] "GET /wiki.pl?action=history&id=Feedback HTTP/1.1" 200 4283 "http://wiki.wxwidgets.org/wiki.pl?Feedback" "noxtrumbot/1.0 (crawler@noxtrum.com)"
130.240.198.89 - - [20/Jun/2005:10:06:06 +0200] "GET /wiki.pl?WxWidgets_For_MFC_Programmers HTTP/1.1" 200 12586 "http://www.google.se/search?q=mfc+to+wxwidgets&sourceid=mozilla-search&start=0&start=0&ie=utf-8&oe=utf-8&client=firefox&rls=org.mozilla:en-US:unofficial" "Mozilla/5.0 (X11; U; Linux i686; en-US; rv:1.7.8) Gecko/20050608 Firefox/1.0.4 (Ubuntu package 1.0.4)"
130.240.198.89 - - [20/Jun/2005:10:06:06 +0200] "GET /wxwiki.css HTTP/1.1" 200 1540 "http://wiki.wxwidgets.org/wiki.pl?WxWidgets_For_MFC_Programmers" "Mozilla/5.0 (X11; U; Linux i686; en-US; rv:1.7.8) Gecko/20050608 Firefox/1.0.4 (Ubuntu package 1.0.4)"
130.240.198.89 - - [20/Jun/2005:10:06:06 +0200] "GET /wximages/wxwidgets02-small.png HTTP/1.1" 200 12468 "http://wiki.wxwidgets.org/wiki.pl?WxWidgets_For_MFC_Programmers" "Mozilla/5.0 (X11; U; Linux i686; en-US; rv:1.7.8) Gecko/20050608 Firefox/1.0.4 (Ubuntu package 1.0.4)"
130.240.198.89 - - [20/Jun/2005:10:06:06 +0200] "GET /favicon.ico HTTP/1.1" 200 3262 "-" "Mozilla/5.0 (X11; U; Linux i686; en-US; rv:1.7.8) Gecko/20050608 Firefox/1.0.4 (Ubuntu package 1.0.4)"
80.124.167.36 - - [20/Jun/2005:10:06:08 +0200] "GET /wiki.pl?WxSQLite HTTP/1.1" 200 6064 "-" "Mozilla/4.0 (compatible; MSIE 6.0; Windows NT 5.1; SV1)"
80.124.167.36 - - [20/Jun/2005:10:06:08 +0200] "GET /wxwiki.css HTTP/1.1" 304 - "http://wiki.wxwidgets.org/wiki.pl?WxSQLite" "Mozilla/4.0 (compatible; MSIE 6.0; Windows NT 5.1; SV1)"
80.124.167.36 - - [20/Jun/2005:10:06:08 +0200] "GET /wximages/wxwidgets02-small.png HTTP/1.1" 304 - "http://wiki.wxwidgets.org/wiki.pl?WxSQLite" "Mozilla/4.0 (compatible; MSIE 6.0; Windows NT 5.1; SV1)"
65.214.44.47 - - [20/Jun/2005:10:06:44 +0200] "GET /wiki.pl?China HTTP/1.0" 200 1875 "-" "Mozilla/2.0 (compatible; Ask Jeeves/Teoma; +http://sp.ask.com/docs/about/tech_crawling.html)"
194.224.199.52 - - [20/Jun/2005:10:07:03 +0200] "GET /wiki.pl?action=browse&diff=1&id=Feedback HTTP/1.1" 200 8266 "http://wiki.wxwidgets.org/wiki.pl?Feedback" "noxtrumbot/1.0 (crawler@noxtrum.com)"
192.176.33.6 - - [20/Jun/2005:10:07:39 +0200] "GET /wiki.pl?WxButton HTTP/1.1" 200 1947 "http://wiki.wxwidgets.org/wiki.pl?Table_Of_Contents" "Mozilla/4.0 (compatible; MSIE 6.0; Windows NT 5.0)"
192.176.33.6 - - [20/Jun/2005:10:07:39 +0200] "GET /wximages/wxwidgets02-small.png HTTP/1.1" 304 - "http://wiki.wxwidgets.org/wiki.pl?WxButton" "Mozilla/4.0 (compatible; MSIE 6.0; Windows NT 5.0)"
192.176.33.6 - - [20/Jun/2005:10:07:39 +0200] "GET /wxwiki.css HTTP/1.1" 304 - "http://wiki.wxwidgets.org/wiki.pl?WxButton" "Mozilla/4.0 (compatible; MSIE 6.0; Windows NT 5.0)"
192.176.33.6 - - [20/Jun/2005:10:07:52 +0200] "GET /wiki.pl?WxBitmapButton HTTP/1.1" 200 4086 "http://wiki.wxwidgets.org/wiki.pl?Table_Of_Contents" "Mozilla/4.0 (compatible; MSIE 6.0; Windows NT 5.0)"
192.176.33.6 - - [20/Jun/2005:10:07:59 +0200] "GET /wiki.pl?Table_Of_Contents HTTP/1.1" 200 26242 "http://wiki.wxwidgets.org/" "Mozilla/4.0 (compatible; MSIE 6.0; Windows NT 5.0)"
194.224.199.52 - - [20/Jun/2005:10:08:03 +0200] "GET /wiki.pl?back=WikiSpam+Hall+Of+Shame HTTP/1.1" 200 1745 "http://wiki.wxwidgets.org/wiki.pl?WikiSpam_Hall_Of_Shame" "noxtrumbot/1.0 (crawler@noxtrum.com)"
192.176.33.6 - - [20/Jun/2005:10:08:43 +0200] "GET /wiki.pl?IRC_Etiquette HTTP/1.1" 200 2865 "http://wiki.wxwidgets.org/wiki.pl?Table_Of_Contents" "Mozilla/4.0 (compatible; MSIE 6.0; Windows NT 5.0)"
192.176.33.6 - - [20/Jun/2005:10:08:46 +0200] "GET /wiki.pl?Graphics HTTP/1.1" 200 2834 "http://wiki.wxwidgets.org/wiki.pl?Table_Of_Contents" "Mozilla/4.0 (compatible; MSIE 6.0; Windows NT 5.0)"
194.224.199.52 - - [20/Jun/2005:10:09:03 +0200] "GET /wiki.pl?action=history&id=WikiSpam_Hall_Of_Shame HTTP/1.1" 200 13559 "http://wiki.wxwidgets.org/wiki.pl?WikiSpam_Hall_Of_Shame" "noxtrumbot/1.0 (crawler@noxtrum.com)"
65.54.188.139 - - [20/Jun/2005:10:09:12 +0200] "GET /wiki.pl?MSVC_Setup_Guide HTTP/1.0" 200 18648 "-" "msnbot/1.0 (+http://search.msn.com/msnbot.htm)"
194.224.199.52 - - [20/Jun/2005:10:10:03 +0200] "GET /wiki.pl?action=browse&diff=1&id=WikiSpam_Hall_Of_Shame HTTP/1.1" 200 4195 "http://wiki.wxwidgets.org/wiki.pl?WikiSpam_Hall_Of_Shame" "noxtrumbot/1.0 (crawler@noxtrum.com)"
221.15.178.84 - - [20/Jun/2005:10:10:34 +0200] "GET /wximages/wxwidgets02-small.png HTTP/1.1" 200 12468 "http://blog.vckbase.com/bastet/" "Mozilla/4.0 (compatible; MSIE 5.0; Windows 98; DigExt)"
194.224.199.52 - - [20/Jun/2005:10:11:03 +0200] "GET /wiki.pl?action=browse&id=WxWiki&revision=205 HTTP/1.1" 200 3556 "http://wiki.wxwidgets.org/wiki.pl?action=history&id=WxWiki" "noxtrumbot/1.0 (crawler@noxtrum.com)"
194.224.199.52 - - [20/Jun/2005:10:12:03 +0200] "GET /wiki.pl?action=browse&id=WxWiki&revision=204 HTTP/1.1" 200 3568 "http://wiki.wxwidgets.org/wiki.pl?action=history&id=WxWiki" "noxtrumbot/1.0 (crawler@noxtrum.com)"
134.95.200.175 - - [20/Jun/2005:10:12:33 +0200] "GET /wiki.pl?Mac_OS_X_And_Xcode_1.1_Setup_Guide HTTP/1.1" 200 25261 "http://www.google.com/search?client=safari&rls=de-de&q=xcode+wxwidgets&ie=UTF-8&oe=UTF-8" "Mozilla/5.0 (Macintosh; U; PPC Mac OS X; de-de) AppleWebKit/412 (KHTML, like Gecko) Safari/412"
194.224.199.52 - - [20/Jun/2005:10:13:03 +0200] "GET /wiki.pl?action=browse&id=WxWiki&revision=203 HTTP/1.1" 200 2542 "http://wiki.wxwidgets.org/wiki.pl?action=history&id=WxWiki" "noxtrumbot/1.0 (crawler@noxtrum.com)"
64.203.10.75 - - [20/Jun/2005:10:13:14 +0200] "GET /wiki.pl?WxWidgets_Bounties HTTP/1.1" 200 8873 "http://www.wxwidgets.org/toolbar.htm" "Mozilla/4.0 (compatible; MSIE 6.0; Windows NT 5.0; .NET CLR 1.1.4322; .NET CLR 2.0.50215)"
64.203.10.75 - - [20/Jun/2005:10:13:15 +0200] "GET /wxwiki.css HTTP/1.1" 200 1540 "http://wiki.wxwidgets.org/wiki.pl?WxWidgets_Bounties" "Mozilla/4.0 (compatible; MSIE 6.0; Windows NT 5.0; .NET CLR 1.1.4322; .NET CLR 2.0.50215)"
64.203.10.75 - - [20/Jun/2005:10:13:15 +0200] "GET /wximages/wxwidgets02-small.png HTTP/1.1" 200 12468 "http://wiki.wxwidgets.org/wiki.pl?WxWidgets_Bounties" "Mozilla/4.0 (compatible; MSIE 6.0; Windows NT 5.0; .NET CLR 1.1.4322; .NET CLR 2.0.50215)"
194.138.39.55 - - [20/Jun/2005:10:13:32 +0200] "GET /wiki.pl?WxWidgets_Source_Oddities HTTP/1.1" 200 5225 "http://www.google.de/search?hl=de&q=wxwidgets+%2BsetitemImage&meta=" "Mozilla/4.0 (compatible; MSIE 6.0; Windows NT 5.1; SV1; .NET CLR 1.1.4322)"
194.138.39.55 - - [20/Jun/2005:10:13:33 +0200] "GET /wxwiki.css HTTP/1.1" 200 1540 "http://wiki.wxwidgets.org/wiki.pl?WxWidgets_Source_Oddities" "Mozilla/4.0 (compatible; MSIE 6.0; Windows NT 5.1; SV1; .NET CLR 1.1.4322)"
194.138.39.55 - - [20/Jun/2005:10:13:33 +0200] "GET /wximages/wxwidgets02-small.png HTTP/1.1" 200 12468 "http://wiki.wxwidgets.org/wiki.pl?WxWidgets_Source_Oddities" "Mozilla/4.0 (compatible; MSIE 6.0; Windows NT 5.1; SV1; .NET CLR 1.1.4322)"
207.46.98.84 - - [20/Jun/2005:10:14:01 +0200] "GET /wiki.pl?Browser-Shortcuts_For_The_Online_Docs HTTP/1.0" 200 4842 "-" "msnbot/1.0 (+http://search.msn.com/msnbot.htm)"
194.224.199.52 - - [20/Jun/2005:10:14:03 +0200] "GET /wiki.pl?SjzyxH HTTP/1.1" 200 1857 "http://wiki.wxwidgets.org/wiki.pl?action=history&id=WxWiki" "noxtrumbot/1.0 (crawler@noxtrum.com)"
67.165.103.236 - - [20/Jun/2005:10:14:10 +0200] "GET / HTTP/1.0" 200 3369 "-" "Mozilla/4.0 (compatible; grub-client-2.6.0)"
194.224.199.52 - - [20/Jun/2005:10:15:03 +0200] "GET /wiki.pl?action=browse&id=WxWiki&revision=202 HTTP/1.1" 200 3571 "http://wiki.wxwidgets.org/wiki.pl?action=history&id=WxWiki" "noxtrumbot/1.0 (crawler@noxtrum.com)"
194.224.199.52 - - [20/Jun/2005:10:16:03 +0200] "GET /wiki.pl?BrianHV HTTP/1.1" 200 1766 "http://wiki.wxwidgets.org/wiki.pl?action=history&id=WxWiki" "noxtrumbot/1.0 (crawler@noxtrum.com)"
64.203.10.75 - - [20/Jun/2005:10:16:59 +0200] "GET /wiki.pl?WxWidgets_Vacancies HTTP/1.1" 200 3602 "http://www.wxwidgets.org/toolbar.htm" "Mozilla/4.0 (compatible; MSIE 6.0; Windows NT 5.0; .NET CLR 1.1.4322; .NET CLR 2.0.50215)"
194.224.199.52 - - [20/Jun/2005:10:17:03 +0200] "GET /wiki.pl?action=browse&id=WxWiki&revision=201 HTTP/1.1" 200 3424 "http://wiki.wxwidgets.org/wiki.pl?action=history&id=WxWiki" "noxtrumbot/1.0 (crawler@noxtrum.com)"
69.55.238.178 - - [20/Jun/2005:10:17:09 +0200] "POST /pypaste/cvsannounce.cgi HTTP/1.0" 200 1 "-" "Python-urllib/1.15"
192.176.33.6 - - [20/Jun/2005:10:17:48 +0200] "GET / HTTP/1.1" 200 3381 "http://www.wxwidgets.org/docs.htm" "Mozilla/4.0 (compatible; MSIE 6.0; Windows NT 5.0)"
192.176.33.6 - - [20/Jun/2005:10:17:48 +0200] "GET /wximages/wxwidgets02-small.png HTTP/1.1" 304 - "http://wiki.wxwidgets.org/" "Mozilla/4.0 (compatible; MSIE 6.0; Windows NT 5.0)"
192.176.33.6 - - [20/Jun/2005:10:17:48 +0200] "GET /wxwiki.css HTTP/1.1" 304 - "http://wiki.wxwidgets.org/" "Mozilla/4.0 (compatible; MSIE 6.0; Windows NT 5.0)"
192.176.33.6 - - [20/Jun/2005:10:17:52 +0200] "GET /wiki.pl?Table_Of_Contents HTTP/1.1" 200 26242 "http://wiki.wxwidgets.org/" "Mozilla/4.0 (compatible; MSIE 6.0; Windows NT 5.0)"
192.176.33.6 - - [20/Jun/2005:10:18:00 +0200] "GET /wiki.pl?WxTextCtrl HTTP/1.1" 200 5931 "http://wiki.wxwidgets.org/wiki.pl?Table_Of_Contents" "Mozilla/4.0 (compatible; MSIE 6.0; Windows NT 5.0)"
194.224.199.52 - - [20/Jun/2005:10:18:04 +0200] "GET /wiki.pl?action=browse&id=WxWiki&revision=200 HTTP/1.1" 200 34537 "http://wiki.wxwidgets.org/wiki.pl?action=history&id=WxWiki" "noxtrumbot/1.0 (crawler@noxtrum.com)"
65.54.188.139 - - [20/Jun/2005:10:18:05 +0200] "GET /wiki.pl?WxBitmap HTTP/1.0" 200 4099 "-" "msnbot/1.0 (+http://search.msn.com/msnbot.htm)"
219.137.65.46 - - [20/Jun/2005:10:18:13 +0200] "GET / HTTP/1.1" 200 3381 "-" "Mozilla/4.0 (compatible; MSIE 6.0; Windows NT 5.1; SV1; Potu rss-reader(0.97); .NET CLR 1.1.4322)"
219.137.65.46 - - [20/Jun/2005:10:18:14 +0200] "GET /wxwiki.css HTTP/1.1" 200 1540 "http://wiki.wxwidgets.org/" "Mozilla/4.0 (compatible; MSIE 6.0; Windows NT 5.1; SV1; Potu rss-reader(0.97); .NET CLR 1.1.4322)"
219.137.65.46 - - [20/Jun/2005:10:18:22 +0200] "GET /wximages/wxwidgets02-small.png HTTP/1.1" 200 12468 "http://wiki.wxwidgets.org/" "Mozilla/4.0 (compatible; MSIE 6.0; Windows NT 5.1; SV1; Potu rss-reader(0.97); .NET CLR 1.1.4322)"
192.176.33.6 - - [20/Jun/2005:10:18:31 +0200] "GET /wiki.pl?WxBell HTTP/1.1" 200 2136 "http://wiki.wxwidgets.org/wiki.pl?Table_Of_Contents" "Mozilla/4.0 (compatible; MSIE 6.0; Windows NT 5.0)"
207.46.98.84 - - [20/Jun/2005:10:18:32 +0200] "GET /wiki.pl?WxWidgets_Source_Oddities HTTP/1.0" 200 5206 "-" "msnbot/1.0 (+http://search.msn.com/msnbot.htm)"
194.224.199.52 - - [20/Jun/2005:10:19:03 +0200] "GET /wiki.pl?666 HTTP/1.1" 200 1740 "http://wiki.wxwidgets.org/wiki.pl?action=history&id=WxWiki" "noxtrumbot/1.0 (crawler@noxtrum.com)"
192.176.33.6 - - [20/Jun/2005:10:19:08 +0200] "GET /wiki.pl?WxDC HTTP/1.1" 200 2417 "http://wiki.wxwidgets.org/wiki.pl?Table_Of_Contents" "Mozilla/4.0 (compatible; MSIE 6.0; Windows NT 5.0)"
219.137.65.46 - - [20/Jun/2005:10:19:27 +0200] "GET /wiki.pl?RecentChanges HTTP/1.1" 200 11693 "http://wiki.wxwidgets.org/" "Mozilla/4.0 (compatible; MSIE 6.0; Windows NT 5.1; SV1; Potu rss-reader(0.97); .NET CLR 1.1.4322)"
207.46.98.84 - - [20/Jun/2005:10:19:48 +0200] "GET /wiki.pl?HomePage HTTP/1.0" 200 1855 "-" "msnbot/1.0 (+http://search.msn.com/msnbot.htm)"
193.147.86.254 - - [20/Jun/2005:10:19:58 +0200] "GET /wiki.pl?WxWidgets_Bounties HTTP/1.0" 200 8846 "http://www.wxwidgets.org/toolbar.htm" "Mozilla/4.0 (compatible; MSIE 6.0; Windows NT 5.0)"
193.147.86.254 - - [20/Jun/2005:10:19:58 +0200] "GET /wximages/wxwidgets02-small.png HTTP/1.0" 200 12468 "http://wiki.wxwidgets.org/wiki.pl?WxWidgets_Bounties" "Mozilla/4.0 (compatible; MSIE 6.0; Windows NT 5.0)"
193.147.86.254 - - [20/Jun/2005:10:19:58 +0200] "GET /wxwiki.css HTTP/1.0" 200 1540 "http://wiki.wxwidgets.org/wiki.pl?WxWidgets_Bounties" "Mozilla/4.0 (compatible; MSIE 6.0; Windows NT 5.0)"
212.42.171.101 - - [20/Jun/2005:10:20:02 +0200] "GET / HTTP/1.1" 200 3381 "http://www.wxwidgets.org/develop2.htm" "Mozilla/5.0 (Windows; U; Windows NT 5.0; en-US; rv:1.7.8) Gecko/20050511 Firefox/1.0.4"
212.42.171.101 - - [20/Jun/2005:10:20:02 +0200] "GET /wxwiki.css HTTP/1.1" 200 1540 "http://wiki.wxwidgets.org/" "Mozilla/5.0 (Windows; U; Windows NT 5.0; en-US; rv:1.7.8) Gecko/20050511 Firefox/1.0.4"
212.42.171.101 - - [20/Jun/2005:10:20:03 +0200] "GET /wximages/wxwidgets02-small.png HTTP/1.1" 200 12468 "http://wiki.wxwidgets.org/" "Mozilla/5.0 (Windows; U; Windows NT 5.0; en-US; rv:1.7.8) Gecko/20050511 Firefox/1.0.4"
194.224.199.52 - - [20/Jun/2005:10:20:03 +0200] "GET /wiki.pl?action=browse&id=WxWiki&revision=199 HTTP/1.1" 200 3483 "http://wiki.wxwidgets.org/wiki.pl?action=history&id=WxWiki" "noxtrumbot/1.0 (crawler@noxtrum.com)"
212.42.171.101 - - [20/Jun/2005:10:20:06 +0200] "GET /wiki.pl?Table_Of_Contents HTTP/1.1" 200 26242 "http://wiki.wxwidgets.org/" "Mozilla/5.0 (Windows; U; Windows NT 5.0; en-US; rv:1.7.8) Gecko/20050511 Firefox/1.0.4"
192.176.33.6 - - [20/Jun/2005:10:20:12 +0200] "GET /wiki.pl?WxStaticBox HTTP/1.1" 200 2219 "http://wiki.wxwidgets.org/wiki.pl?Table_Of_Contents" "Mozilla/4.0 (compatible; MSIE 6.0; Windows NT 5.0)"
192.176.33.6 - - [20/Jun/2005:10:20:20 +0200] "GET /wiki.pl?WxSplitterWindow HTTP/1.1" 200 12442 "http://wiki.wxwidgets.org/wiki.pl?Table_Of_Contents" "Mozilla/4.0 (compatible; MSIE 6.0; Windows NT 5.0)"
203.121.0.16 - - [20/Jun/2005:10:20:47 +0200] "GET /wiki.pl?WxWidgets_Bounties HTTP/1.1" 200 8873 "http://www.wxwidgets.org/toolbar.htm" "Mozilla/4.0 (compatible; MSIE 6.0; Windows NT 5.0; Crazy Browser 1.0.5)"
203.121.0.16 - - [20/Jun/2005:10:20:47 +0200] "GET /wxwiki.css HTTP/1.1" 200 1540 "http://wiki.wxwidgets.org/wiki.pl?WxWidgets_Bounties" "Mozilla/4.0 (compatible; MSIE 6.0; Windows NT 5.0; Crazy Browser 1.0.5)"
203.121.0.16 - - [20/Jun/2005:10:20:48 +0200] "GET /wximages/wxwidgets02-small.png HTTP/1.1" 200 12468 "http://wiki.wxwidgets.org/wiki.pl?WxWidgets_Bounties" "Mozilla/4.0 (compatible; MSIE 6.0; Windows NT 5.0; Crazy Browser 1.0.5)"
