65.33.205.235 - - [20/Jun/2005:04:20:54 +0200] "GET /wximages/wxwidgets02-small.png HTTP/1.1" 200 12468 "http://wiki.wxwidgets.org/wiki.pl?Developers_Notebook/WxWinCE" "Mozilla/5.0 (Windows; U; Windows NT 5.1; en-US; rv:1.7.8) Gecko/20050511 Firefox/1.0.4"
65.33.205.235 - - [20/Jun/2005:04:20:55 +0200] "GET /favicon.ico HTTP/1.1" 200 3262 "-" "Mozilla/5.0 (Windows; U; Windows NT 5.1; en-US; rv:1.7.8) Gecko/20050511 Firefox/1.0.4"
222.168.83.130 - - [20/Jun/2005:04:24:28 +0200] "GET /wximages/wxwidgets02-small.png HTTP/1.1" 200 12468 "http://blog.vckbase.com/bastet/" "Mozilla/4.0 (compatible; MSIE 6.0; Windows NT 5.0)"
24.205.94.177 - - [20/Jun/2005:04:25:18 +0200] "GET /wximages/wxwidgets02-small.png HTTP/1.1" 200 12468 "http://64.233.187.104/search?q=cache:bjJj8UQJdwkJ:wiki.wxwidgets.org/wiki.pl%3FMac_OS_X_And_Xcode_1.1_Setup_Guide+xcode+makefile+framework&hl=en&client=safari" "Mozilla/5.0 (Macintosh; U; PPC Mac OS X; en) AppleWebKit/312.1 (KHTML, like Gecko) Safari/312"
24.205.94.177 - - [20/Jun/2005:04:25:18 +0200] "GET /wxwiki.css HTTP/1.1" 200 1540 "http://64.233.187.104/search?q=cache:bjJj8UQJdwkJ:wiki.wxwidgets.org/wiki.pl%3FMac_OS_X_And_Xcode_1.1_Setup_Guide+xcode+makefile+framework&hl=en&client=safari" "Mozilla/5.0 (Macintosh; U; PPC Mac OS X; en) AppleWebKit/312.1 (KHTML, like Gecko) Safari/312"
24.205.94.177 - - [20/Jun/2005:04:25:25 +0200] "GET /wiki.pl?Mac_OS_X_And_Xcode_For_Beginners HTTP/1.1" 200 31994 "http://64.233.187.104/search?q=cache:bjJj8UQJdwkJ:wiki.wxwidgets.org/wiki.pl%3FMac_OS_X_And_Xcode_1.1_Setup_Guide+xcode+makefile+framework&hl=en&client=safari" "Mozilla/5.0 (Macintosh; U; PPC Mac OS X; en) AppleWebKit/312.1 (KHTML, like Gecko) Safari/312"
24.205.94.177 - - [20/Jun/2005:04:25:25 +0200] "GET /favicon.ico HTTP/1.1" 200 3262 "-" "Mozilla/5.0 (Macintosh; U; PPC Mac OS X; en) AppleWebKit/312.1 (KHTML, like Gecko) Safari/312"
65.33.205.235 - - [20/Jun/2005:04:28:06 +0200] "GET /wiki.pl?WxWidgets_Bounties HTTP/1.1" 200 8873 "http://www.wxwidgets.org/toolbar.htm" "Mozilla/5.0 (Windows; U; Windows NT 5.1; en-US; rv:1.7.8) Gecko/20050511 Firefox/1.0.4"
193.28.180.245 - - [20/Jun/2005:04:29:15 +0200] "HEAD /wiki.pl?Table_Of_Contents HTTP/1.1" 200 0 "-" "Mozilla/5.0 (X11; U; Linux x86_64; en-US; rv:1.7.7) Gecko/20050414"
65.54.188.139 - - [20/Jun/2005:04:29:47 +0200] "GET /wiki.pl?Dev-CPP_Setup_Guide HTTP/1.0" 200 10468 "-" "msnbot/1.0 (+http://search.msn.com/msnbot.htm)"
61.149.187.58 - - [20/Jun/2005:04:30:07 +0200] "GET /wiki.pl?WxWidgets_Vacancies HTTP/1.1" 200 3602 "http://www.wxwidgets.org/toolbar.htm" "Mozilla/5.0 (compatible; Konqueror/3.1; Linux 2.4.20-8; X11; i686)"
61.149.187.58 - - [20/Jun/2005:04:30:07 +0200] "GET /wxwiki.css HTTP/1.1" 200 1540 "http://wiki.wxwidgets.org/wiki.pl?WxWidgets_Vacancies" "Mozilla/5.0 (compatible; Konqueror/3.1; Linux 2.4.20-8; X11; i686)"
61.149.187.58 - - [20/Jun/2005:04:30:07 +0200] "GET /wximages/wxwidgets02-small.png HTTP/1.1" 200 12468 "http://wiki.wxwidgets.org/wiki.pl?WxWidgets_Vacancies" "Mozilla/5.0 (compatible; Konqueror/3.1; Linux 2.4.20-8; X11; i686)"
218.23.227.102 - - [20/Jun/2005:04:30:36 +0200] "GET /wximages/wxwidgets02-small.png HTTP/1.1" 200 12468 "http://blog.vckbase.com/bastet/" "Mozilla/4.0 (compatible; MSIE 6.0; Windows NT 5.1; TencentTraveler )"
218.81.149.96 - - [20/Jun/2005:04:33:33 +0200] "GET /wximages/wxwidgets02-small.png HTTP/1.1" 200 12468 "http://blog.vckbase.com/bastet/" "Mozilla/4.0 (compatible; MSIE 6.0; Windows NT 5.1; .NET CLR 1.1.4322)"
65.54.188.139 - - [20/Jun/2005:04:34:56 +0200] "GET /wiki.pl?SnakeChomp HTTP/1.0" 200 1772 "-" "msnbot/1.0 (+http://search.msn.com/msnbot.htm)"
66.82.9.81 - - [20/Jun/2005:04:37:32 +0200] "GET /find.cgi?q=wxmswd.lib&target=class&target=wiki HTTP/1.0" 200 142 "http://wiki.wxwidgets.org/topfram2.html" "Mozilla/4.0 (compatible; MSIE 6.0; Windows NT 5.1; SV1; .NET CLR 1.1.4322; .NET CLR 1.0.3705)"
66.82.9.81 - - [20/Jun/2005:04:37:32 +0200] "GET /man.cgi?target=class&q=wxmswd HTTP/1.0" 200 4659 "http://wiki.wxwidgets.org/find.cgi?q=wxmswd.lib&target=class&target=wiki" "Mozilla/4.0 (compatible; MSIE 6.0; Windows NT 5.1; SV1; .NET CLR 1.1.4322; .NET CLR 1.0.3705)"
66.82.9.81 - - [20/Jun/2005:04:37:33 +0200] "GET /man.cgi?target=wiki&q=wxmswd HTTP/1.0" 200 129 "http://wiki.wxwidgets.org/find.cgi?q=wxmswd.lib&target=class&target=wiki" "Mozilla/4.0 (compatible; MSIE 6.0; Windows NT 5.1; SV1; .NET CLR 1.1.4322; .NET CLR 1.0.3705)"
66.82.9.81 - - [20/Jun/2005:04:37:33 +0200] "GET /wiki.pl?search=wxmswd&dosearch=1 HTTP/1.0" 200 1913 "http://wiki.wxwidgets.org/find.cgi?q=wxmswd.lib&target=class&target=wiki" "Mozilla/4.0 (compatible; MSIE 6.0; Windows NT 5.1; SV1; .NET CLR 1.1.4322; .NET CLR 1.0.3705)"
66.82.9.81 - - [20/Jun/2005:04:37:34 +0200] "GET /wxwiki.css HTTP/1.0" 200 1540 "http://wiki.wxwidgets.org/find.cgi?q=wxmswd.lib&target=class&target=wiki" "Mozilla/4.0 (compatible; MSIE 6.0; Windows NT 5.1; SV1; .NET CLR 1.1.4322; .NET CLR 1.0.3705)"
66.82.9.81 - - [20/Jun/2005:04:37:34 +0200] "GET /wximages/wxwidgets02-small.png HTTP/1.0" 200 12468 "http://wiki.wxwidgets.org/find.cgi?q=wxmswd.lib&target=class&target=wiki" "Mozilla/4.0 (compatible; MSIE 6.0; Windows NT 5.1; SV1; .NET CLR 1.1.4322; .NET CLR 1.0.3705)"
66.82.9.81 - - [20/Jun/2005:04:37:51 +0200] "GET /wiki.pl?Installing_WxWin HTTP/1.0" 200 6497 "http://wiki.wxwidgets.org/wiki.pl?search=wxmswd&dosearch=1" "Mozilla/4.0 (compatible; MSIE 6.0; Windows NT 5.1; SV1; .NET CLR 1.1.4322; .NET CLR 1.0.3705)"
66.82.9.81 - - [20/Jun/2005:04:37:51 +0200] "GET /wxwiki.css HTTP/1.0" 200 1540 "http://wiki.wxwidgets.org/wiki.pl?Installing_WxWin" "Mozilla/4.0 (compatible; MSIE 6.0; Windows NT 5.1; SV1; .NET CLR 1.1.4322; .NET CLR 1.0.3705)"
65.54.188.139 - - [20/Jun/2005:04:38:39 +0200] "GET /wiki.pl?FindWxWin.Cmake HTTP/1.0" 200 21262 "-" "msnbot/1.0 (+http://search.msn.com/msnbot.htm)"
65.54.188.139 - - [20/Jun/2005:04:40:18 +0200] "GET /wiki.pl?WxBasic_Implementation HTTP/1.0" 200 4120 "-" "msnbot/1.0 (+http://search.msn.com/msnbot.htm)"
149.169.178.204 - - [20/Jun/2005:04:40:28 +0200] "GET /wiki.pl?WxMSW_Issues HTTP/1.1" 200 3861 "http://wiki.wxwidgets.org/wiki.pl?Table_Of_Contents" "Mozilla/5.0 (Windows; U; Windows NT 5.1; en-US; rv:1.7.8) Gecko/20050511 Firefox/1.0.4"
149.169.178.204 - - [20/Jun/2005:04:40:42 +0200] "GET /wiki.pl?Table_Of_Contents HTTP/1.1" 200 26242 "http://wiki.wxwidgets.org/" "Mozilla/5.0 (Windows; U; Windows NT 5.1; en-US; rv:1.7.8) Gecko/20050511 Firefox/1.0.4"
149.169.178.204 - - [20/Jun/2005:04:41:25 +0200] "GET /wiki.pl?WxIcon HTTP/1.1" 200 3378 "http://wiki.wxwidgets.org/wiki.pl?Table_Of_Contents" "Mozilla/5.0 (Windows; U; Windows NT 5.1; en-US; rv:1.7.8) Gecko/20050511 Firefox/1.0.4"
65.54.188.139 - - [20/Jun/2005:04:41:59 +0200] "GET /wiki.pl?Mingw32_Makefile HTTP/1.0" 200 3214 "-" "msnbot/1.0 (+http://search.msn.com/msnbot.htm)"
222.191.244.26 - - [20/Jun/2005:04:43:25 +0200] "GET /wximages/wxwidgets02-small.png HTTP/1.1" 200 12468 "http://blog.vckbase.com/bastet/" "Mozilla/4.0 (compatible; MSIE 6.0; Windows NT 5.1; SV1)"
58.100.181.74 - - [20/Jun/2005:04:44:01 +0200] "GET /wximages/wxwidgets02-small.png HTTP/1.1" 200 12468 "http://blog.vckbase.com/bastet/" "Mozilla/4.0 (compatible; MSIE 6.0; Windows NT 5.1; SV1)"
66.249.64.38 - - [20/Jun/2005:04:44:01 +0200] "GET /wiki.pl?MSVC_Setup_Guide HTTP/1.0" 200 18648 "-" "Googlebot/2.1 (+http://www.google.com/bot.html)"
65.54.188.139 - - [20/Jun/2005:04:44:30 +0200] "GET /wiki.pl?Developers_Notebook/WxFileSystem_And_WxUrl HTTP/1.0" 200 4958 "-" "msnbot/1.0 (+http://search.msn.com/msnbot.htm)"
65.54.188.139 - - [20/Jun/2005:04:44:43 +0200] "GET /wiki.pl?Resource_Files HTTP/1.0" 200 10705 "-" "msnbot/1.0 (+http://search.msn.com/msnbot.htm)"
65.54.188.139 - - [20/Jun/2005:04:45:52 +0200] "GET /wiki.pl?WxTextUrlEvent HTTP/1.0" 200 3383 "-" "msnbot/1.0 (+http://search.msn.com/msnbot.htm)"
162.105.77.242 - - [20/Jun/2005:04:45:52 +0200] "GET / HTTP/1.1" 200 3381 "http://www.wxwidgets.org/docs.htm" "Mozilla/5.0 (X11; U; Linux i686; en-US; rv:1.7.8) Gecko/20050513 Epiphany/1.6.3 (Debian)"
162.105.77.242 - - [20/Jun/2005:04:45:53 +0200] "GET /wxwiki.css HTTP/1.1" 200 1540 "http://wiki.wxwidgets.org/" "Mozilla/5.0 (X11; U; Linux i686; en-US; rv:1.7.8) Gecko/20050513 Epiphany/1.6.3 (Debian)"
162.105.77.242 - - [20/Jun/2005:04:45:54 +0200] "GET /wximages/wxwidgets02-small.png HTTP/1.1" 200 12468 "http://wiki.wxwidgets.org/" "Mozilla/5.0 (X11; U; Linux i686; en-US; rv:1.7.8) Gecko/20050513 Epiphany/1.6.3 (Debian)"
65.54.188.139 - - [20/Jun/2005:04:46:00 +0200] "GET /wiki.pl?Kdevelop_Settings HTTP/1.0" 200 2603 "-" "msnbot/1.0 (+http://search.msn.com/msnbot.htm)"
162.105.77.242 - - [20/Jun/2005:04:46:02 +0200] "GET /wiki.pl?Table_Of_Contents HTTP/1.1" 200 26242 "http://wiki.wxwidgets.org/" "Mozilla/5.0 (X11; U; Linux i686; en-US; rv:1.7.8) Gecko/20050513 Epiphany/1.6.3 (Debian)"
218.20.219.165 - - [20/Jun/2005:04:47:48 +0200] "GET /wximages/wxwidgets02-small.png HTTP/1.1" 200 12468 "http://blog.vckbase.com/bastet/" "Mozilla/4.0 (compatible; MSIE 6.0; Windows NT 5.1; SV1; Maxthon; Poco 0.31; .NET CLR 1.1.4322)"
65.54.188.139 - - [20/Jun/2005:04:48:53 +0200] "GET /wiki.pl?Instructions HTTP/1.0" 200 19607 "-" "msnbot/1.0 (+http://search.msn.com/msnbot.htm)"
222.212.113.1 - - [20/Jun/2005:04:49:02 +0200] "GET /wximages/wxwidgets02-small.png HTTP/1.1" 200 12367 "http://blog.vckbase.com/bastet/" "Mozilla/4.0 (compatible; MSIE 6.0; Windows NT 5.1)"
65.54.188.139 - - [20/Jun/2005:04:49:03 +0200] "GET /wiki.pl?back=DYNAMIC+CLASS+Macros HTTP/1.0" 200 1870 "-" "msnbot/1.0 (+http://search.msn.com/msnbot.htm)"
218.61.152.114 - - [20/Jun/2005:04:50:53 +0200] "GET /wximages/wxwidgets02-small.png HTTP/1.1" 200 12468 "http://blog.vckbase.com/bastet/" "Mozilla/4.0 (compatible; MSIE 6.0; Windows NT 5.1; SV1; Poco 0.31)"
65.54.188.139 - - [20/Jun/2005:04:51:33 +0200] "GET /wiki.pl?back=/ZipStream HTTP/1.0" 200 1766 "-" "msnbot/1.0 (+http://search.msn.com/msnbot.htm)"
61.52.30.58 - - [20/Jun/2005:04:52:18 +0200] "GET /wximages/wxwidgets02-small.png HTTP/1.1" 200 12468 "http://blog.vckbase.com/bastet/" "Mozilla/4.0 (compatible; MSIE 6.0; Windows NT 5.0)"
65.54.188.139 - - [20/Jun/2005:04:53:17 +0200] "GET /wiki.pl?back=/Byte+CRC HTTP/1.0" 200 1651 "-" "msnbot/1.0 (+http://search.msn.com/msnbot.htm)"
216.220.108.2 - - [20/Jun/2005:04:57:21 +0200] "GET /wxwiki.css HTTP/1.1" 200 1540 "http://wiki.wxwidgets.org//wiki.pl?action=browse&id=Table_Of_Contents&revision=353" "Mozilla/5.0 (X11; U; Linux i686; en-US; rv:1.4.1) Gecko/20031030"
216.220.108.2 - - [20/Jun/2005:04:57:21 +0200] "GET //wiki.pl?action=browse&id=Table_Of_Contents&revision=353 HTTP/1.1" 200 26386 "http://www.google.com/search?q=wxUsleep+source+2.5.2&btnG=Search&hs=lRW&hl=en&lr=" "Mozilla/5.0 (X11; U; Linux i686; en-US; rv:1.4.1) Gecko/20031030"
216.220.108.2 - - [20/Jun/2005:04:57:21 +0200] "GET /wximages/wxwidgets02-small.png HTTP/1.1" 200 12468 "http://wiki.wxwidgets.org//wiki.pl?action=browse&id=Table_Of_Contents&revision=353" "Mozilla/5.0 (X11; U; Linux i686; en-US; rv:1.4.1) Gecko/20031030"
66.82.9.81 - - [20/Jun/2005:04:57:34 +0200] "GET /docs.cgi?q=Tips%26Tricks+&target=wiki HTTP/1.0" 200 250 "-" "Mozilla/4.0 (compatible; MSIE 6.0; Windows NT 5.1; SV1; .NET CLR 1.1.4322; .NET CLR 1.0.3705)"
66.82.9.81 - - [20/Jun/2005:04:57:34 +0200] "GET /docs.cgi?q=Tips%26Tricks+&target=wiki HTTP/1.0" 200 250 "-" "Mozilla/4.0 (compatible; MSIE 6.0; Windows NT 5.1; SV1; .NET CLR 1.1.4322; .NET CLR 1.0.3705)"
66.82.9.81 - - [20/Jun/2005:04:57:36 +0200] "GET /topfram2.html HTTP/1.0" 200 1251 "http://wiki.wxwidgets.org/docs.cgi?q=Tips%26Tricks+&target=wiki" "Mozilla/4.0 (compatible; MSIE 6.0; Windows NT 5.1; SV1; .NET CLR 1.1.4322; .NET CLR 1.0.3705)"
66.82.9.81 - - [20/Jun/2005:04:57:36 +0200] "GET /topfram2.html HTTP/1.0" 200 1251 "http://wiki.wxwidgets.org/docs.cgi?q=Tips%26Tricks+&target=wiki" "Mozilla/4.0 (compatible; MSIE 6.0; Windows NT 5.1; SV1; .NET CLR 1.1.4322; .NET CLR 1.0.3705)"
66.82.9.81 - - [20/Jun/2005:04:57:38 +0200] "GET /man.cgi?q=tips%26tricks+&target=wiki HTTP/1.0" 200 137 "http://wiki.wxwidgets.org/docs.cgi?q=Tips%26Tricks+&target=wiki" "Mozilla/4.0 (compatible; MSIE 6.0; Windows NT 5.1; SV1; .NET CLR 1.1.4322; .NET CLR 1.0.3705)"
66.82.9.81 - - [20/Jun/2005:04:57:38 +0200] "GET /man.cgi?q=tips%26tricks+&target=wiki HTTP/1.0" 200 137 "http://wiki.wxwidgets.org/docs.cgi?q=Tips%26Tricks+&target=wiki" "Mozilla/4.0 (compatible; MSIE 6.0; Windows NT 5.1; SV1; .NET CLR 1.1.4322; .NET CLR 1.0.3705)"
66.82.9.81 - - [20/Jun/2005:04:57:40 +0200] "GET /wiki.pl?search=tips%26tricks+&dosearch=1 HTTP/1.0" 200 1623 "http://wiki.wxwidgets.org/docs.cgi?q=Tips%26Tricks+&target=wiki" "Mozilla/4.0 (compatible; MSIE 6.0; Windows NT 5.1; SV1; .NET CLR 1.1.4322; .NET CLR 1.0.3705)"
66.82.9.81 - - [20/Jun/2005:04:57:42 +0200] "GET /wxwiki.css HTTP/1.0" 200 1540 "http://wiki.wxwidgets.org/docs.cgi?q=Tips%26Tricks+&target=wiki" "Mozilla/4.0 (compatible; MSIE 6.0; Windows NT 5.1; SV1; .NET CLR 1.1.4322; .NET CLR 1.0.3705)"
66.82.9.81 - - [20/Jun/2005:04:57:42 +0200] "GET /wiki.pl?search=tips%26tricks+&dosearch=1 HTTP/1.0" 200 1623 "http://wiki.wxwidgets.org/docs.cgi?q=Tips%26Tricks+&target=wiki" "Mozilla/4.0 (compatible; MSIE 6.0; Windows NT 5.1; SV1; .NET CLR 1.1.4322; .NET CLR 1.0.3705)"
66.82.9.81 - - [20/Jun/2005:04:57:43 +0200] "GET /wxwiki.css HTTP/1.0" 200 1540 "http://wiki.wxwidgets.org/docs.cgi?q=Tips%26Tricks+&target=wiki" "Mozilla/4.0 (compatible; MSIE 6.0; Windows NT 5.1; SV1; .NET CLR 1.1.4322; .NET CLR 1.0.3705)"
66.82.9.81 - - [20/Jun/2005:04:57:46 +0200] "GET /wximages/wxwidgets02-small.png HTTP/1.0" 304 - "http://wiki.wxwidgets.org/wiki.pl?search=tips%26tricks+&dosearch=1" "Mozilla/4.0 (compatible; MSIE 6.0; Windows NT 5.1; SV1; .NET CLR 1.1.4322; .NET CLR 1.0.3705)"
216.220.108.2 - - [20/Jun/2005:04:57:49 +0200] "GET //wiki.pl?WxUsleep HTTP/1.1" 200 2202 "http://wiki.wxwidgets.org//wiki.pl?action=browse&id=Table_Of_Contents&revision=353" "Mozilla/5.0 (X11; U; Linux i686; en-US; rv:1.4.1) Gecko/20031030"
216.220.108.2 - - [20/Jun/2005:04:57:49 +0200] "GET /wxwiki.css HTTP/1.1" 304 - "http://wiki.wxwidgets.org//wiki.pl?WxUsleep" "Mozilla/5.0 (X11; U; Linux i686; en-US; rv:1.4.1) Gecko/20031030"
216.220.108.2 - - [20/Jun/2005:04:57:49 +0200] "GET /wximages/wxwidgets02-small.png HTTP/1.1" 304 - "http://wiki.wxwidgets.org//wiki.pl?WxUsleep" "Mozilla/5.0 (X11; U; Linux i686; en-US; rv:1.4.1) Gecko/20031030"
65.54.188.139 - - [20/Jun/2005:04:57:55 +0200] "GET /wiki.pl?King4lex HTTP/1.0" 200 1758 "-" "msnbot/1.0 (+http://search.msn.com/msnbot.htm)"
66.249.71.10 - - [20/Jun/2005:04:59:16 +0200] "GET /robots.txt HTTP/1.0" 200 138 "-" "Googlebot/2.1 (+http://www.google.com/bot.html)"
66.249.71.10 - - [20/Jun/2005:04:59:17 +0200] "GET / HTTP/1.0" 200 3369 "-" "Googlebot/2.1 (+http://www.google.com/bot.html)"
68.142.250.23 - - [20/Jun/2005:05:00:53 +0200] "GET /robots.txt HTTP/1.0" 200 138 "-" "Mozilla/5.0 (compatible; Yahoo! Slurp; http://help.yahoo.com/help/us/ysearch/slurp)"
68.142.249.46 - - [20/Jun/2005:05:00:54 +0200] "GET /wiki.pl?Sgfxh HTTP/1.0" 200 1856 "-" "Mozilla/5.0 (compatible; Yahoo! Slurp; http://help.yahoo.com/help/us/ysearch/slurp)"
221.234.119.144 - - [20/Jun/2005:05:02:06 +0200] "GET /wximages/wxwidgets02-small.png HTTP/1.1" 200 12468 "http://blog.vckbase.com/bastet/" "Mozilla/4.0 (compatible; MSIE 6.0; Windows NT 5.1; Maxthon; .NET CLR 1.0.3705)"
66.196.91.13 - - [20/Jun/2005:05:02:30 +0200] "GET /robots.txt HTTP/1.0" 200 138 "-" "Mozilla/5.0 (compatible; Yahoo! Slurp; http://help.yahoo.com/help/us/ysearch/slurp)"
66.196.90.14 - - [20/Jun/2005:05:02:30 +0200] "GET /wiki.pl?Developers_Notebook/WxWinCECompiling HTTP/1.0" 200 11049 "-" "Mozilla/5.0 (compatible; Yahoo! Slurp; http://help.yahoo.com/help/us/ysearch/slurp)"
218.242.253.142 - - [20/Jun/2005:05:03:15 +0200] "GET /wximages/wxwidgets02-small.png HTTP/1.0" 200 12468 "http://blog.vckbase.com/bastet/default.aspx?opt=msg" "Mozilla/4.0 (compatible; MSIE 5.01; Windows NT 5.0)"
64.4.8.94 - - [20/Jun/2005:05:03:18 +0200] "GET /robots.txt HTTP/1.0" 200 138 "-" "msnbot/1.0 (+http://search.msn.com/msnbot.htm)"
64.4.8.94 - - [20/Jun/2005:05:03:19 +0200] "GET /wiki.pl?Table_Of_Contents HTTP/1.0" 200 26183 "-" "msnbot/1.0 (+http://search.msn.com/msnbot.htm)"
222.133.101.47 - - [20/Jun/2005:05:05:02 +0200] "GET /wximages/wxwidgets02-small.png HTTP/1.1" 200 12468 "http://blog.vckbase.com/bastet/" "Mozilla/4.0 (compatible; MSIE 6.0; Windows NT 5.1; iebar; .NET CLR 1.1.4322)"
24.238.165.68 - - [20/Jun/2005:05:06:57 +0200] "GET /wiki.pl?WxWidgets_Bounties HTTP/1.0" 200 8846 "http://www.wxwidgets.org/toolbar.htm" "Mozilla/4.0 (compatible; MSIE 6.0; Windows NT 5.0; .NET CLR 1.1.4322)"
24.238.165.68 - - [20/Jun/2005:05:06:58 +0200] "GET /wxwiki.css HTTP/1.0" 200 1540 "http://wiki.wxwidgets.org/wiki.pl?WxWidgets_Bounties" "Mozilla/4.0 (compatible; MSIE 6.0; Windows NT 5.0; .NET CLR 1.1.4322)"
24.238.165.68 - - [20/Jun/2005:05:06:58 +0200] "GET /wximages/wxwidgets02-small.png HTTP/1.0" 200 12468 "http://wiki.wxwidgets.org/wiki.pl?WxWidgets_Bounties" "Mozilla/4.0 (compatible; MSIE 6.0; Windows NT 5.0; .NET CLR 1.1.4322)"
203.10.231.229 - - [20/Jun/2005:05:07:01 +0200] "GET /wiki.pl?Table_Of_Contents HTTP/1.0" 200 26183 "http://www.google.com.au/search?hl=en&biw=883&q=table+edit+component+wxwidgets&meta=" "Mozilla/4.0 (compatible; MSIE 5.5; Windows NT 4.0; T312461)"
203.10.231.231 - - [20/Jun/2005:05:07:10 +0200] "GET /wximages/wxwidgets02-small.png HTTP/1.0" 200 12468 "http://wiki.wxwidgets.org/wiki.pl?Table_Of_Contents" "Mozilla/4.0 (compatible; MSIE 5.5; Windows NT 4.0; T312461)"
203.10.231.229 - - [20/Jun/2005:05:07:13 +0200] "GET /wxwiki.css HTTP/1.0" 200 1540 "http://wiki.wxwidgets.org/wiki.pl?Table_Of_Contents" "Mozilla/4.0 (compatible; MSIE 5.5; Windows NT 4.0; T312461)"
65.214.44.47 - - [20/Jun/2005:05:10:09 +0200] "GET /paste.cgi HTTP/1.0" 200 1309 "-" "Mozilla/2.0 (compatible; Ask Jeeves/Teoma; +http://sp.ask.com/docs/about/tech_crawling.html)"
203.10.231.231 - - [20/Jun/2005:05:10:19 +0200] "GET /wiki.pl?ODBC HTTP/1.0" 200 8690 "http://wiki.wxwidgets.org/wiki.pl?Table_Of_Contents" "Mozilla/4.0 (compatible; MSIE 5.5; Windows NT 4.0; T312461)"
203.10.231.231 - - [20/Jun/2005:05:12:45 +0200] "GET /wiki.pl?WxOTLGrid HTTP/1.0" 200 2048 "http://wiki.wxwidgets.org/wiki.pl?Table_Of_Contents" "Mozilla/4.0 (compatible; MSIE 5.5; Windows NT 4.0; T312461)"
61.152.132.97 - - [20/Jun/2005:05:13:06 +0200] "GET /wximages/wxwidgets02-small.png HTTP/1.1" 200 12468 "-" "Mozilla/4.0 (compatible; MSIE 6.0; Windows NT 5.1; Maxthon; .NET CLR 1.1.4322)"
68.103.32.140 - - [20/Jun/2005:05:14:38 +0200] "GET /wxwiki.css HTTP/1.1" 200 1540 "http://64.233.167.104/search?q=cache:iwZjQv9diPIJ:wiki.wxwidgets.org/wiki.pl%3FScons+scons+pthread&hl=en" "Mozilla/4.0 (compatible; MSIE 6.0; X11; Linux i686; en) Opera 8.01"
68.103.32.140 - - [20/Jun/2005:05:14:38 +0200] "GET /wximages/wxwidgets02-small.png HTTP/1.1" 200 12468 "http://64.233.167.104/search?q=cache:iwZjQv9diPIJ:wiki.wxwidgets.org/wiki.pl%3FScons+scons+pthread&hl=en" "Mozilla/4.0 (compatible; MSIE 6.0; X11; Linux i686; en) Opera 8.01"
65.54.188.139 - - [20/Jun/2005:05:15:11 +0200] "GET /wiki.pl?Wx-Config HTTP/1.0" 200 3229 "-" "msnbot/1.0 (+http://search.msn.com/msnbot.htm)"
65.54.188.139 - - [20/Jun/2005:05:18:47 +0200] "GET /wiki.pl?back=Instructions HTTP/1.0" 200 3497 "-" "msnbot/1.0 (+http://search.msn.com/msnbot.htm)"
24.177.134.6 - - [20/Jun/2005:05:21:43 +0200] "GET /robots.txt HTTP/1.0" 200 138 "-" "aipbot/1.0 (aipbot; http://www.aipbot.com; aipbot@aipbot.com)"
24.177.134.6 - - [20/Jun/2005:05:21:43 +0200] "GET / HTTP/1.0" 200 3369 "-" "aipbot/1.0 (aipbot; http://www.aipbot.com; aipbot@aipbot.com)"
202.0.42.119 - - [20/Jun/2005:05:22:34 +0200] "GET / HTTP/1.1" 200 3381 "http://www.wxwidgets.org/docs.htm" "Opera/7.54 (Windows NT 5.1; U) [en]"
202.0.42.119 - - [20/Jun/2005:05:22:40 +0200] "GET /wiki.pl?Table_Of_Contents HTTP/1.1" 200 26242 "http://wiki.wxwidgets.org/" "Opera/7.54 (Windows NT 5.1; U) [en]"
202.0.42.119 - - [20/Jun/2005:05:22:55 +0200] "GET /wiki.pl?WxSizer HTTP/1.1" 200 9898 "http://wiki.wxwidgets.org/wiki.pl?Table_Of_Contents" "Opera/7.54 (Windows NT 5.1; U) [en]"
172.144.144.114 - - [20/Jun/2005:05:23:56 +0200] "GET /wximages/wxwidgets02-small.png HTTP/1.1" 200 12468 "http://wiki.wxwidgets.org/wiki.pl?WxWidgets_Compared_To_Other_Toolkits" "Mozilla/4.0 (compatible; MSIE 6.0; Windows NT 5.1; SV1; .NET CLR 1.1.4322)"
172.144.144.114 - - [20/Jun/2005:05:23:56 +0200] "GET /wxwiki.css HTTP/1.1" 200 1540 "http://wiki.wxwidgets.org/wiki.pl?WxWidgets_Compared_To_Other_Toolkits" "Mozilla/4.0 (compatible; MSIE 6.0; Windows NT 5.1; SV1; .NET CLR 1.1.4322)"
172.144.144.114 - - [20/Jun/2005:05:23:58 +0200] "GET /wiki.pl?WxWidgets_Compared_To_Other_Toolkits HTTP/1.1" 200 19476 "http://www.google.com/search?hl=en&lr=&rls=DVXA%2CDVXA%3A2005-18%2CDVXA%3Aen&q=why+java+advocates+supports+unix" "Mozilla/4.0 (compatible; MSIE 6.0; Windows NT 5.1; SV1; .NET CLR 1.1.4322)"
194.224.199.52 - - [20/Jun/2005:05:26:02 +0200] "GET /robots.txt HTTP/1.1" 200 138 "-" "noxtrumbot/1.0 (crawler@noxtrum.com)"
194.224.199.52 - - [20/Jun/2005:05:26:02 +0200] "GET / HTTP/1.1" 200 3381 "-" "noxtrumbot/1.0 (crawler@noxtrum.com)"
70.20.63.254 - - [20/Jun/2005:05:26:32 +0200] "GET /wxwiki.css HTTP/1.1" 200 1540 "http://wiki.wxwidgets.org/wiki.pl?Mac_OS_X_And_Xcode_For_Beginners" "Mozilla/5.0 (Macintosh; U; PPC Mac OS X Mach-O; en-US; rv:1.7.8) Gecko/20050511 Firefox/1.0.4"
70.20.63.254 - - [20/Jun/2005:05:26:33 +0200] "GET /wiki.pl?Mac_OS_X_And_Xcode_For_Beginners HTTP/1.1" 200 31994 "-" "Mozilla/5.0 (Macintosh; U; PPC Mac OS X Mach-O; en-US; rv:1.7.8) Gecko/20050511 Firefox/1.0.4"
70.20.63.254 - - [20/Jun/2005:05:26:33 +0200] "GET /wximages/wxwidgets02-small.png HTTP/1.1" 200 12468 "http://wiki.wxwidgets.org/wiki.pl?Mac_OS_X_And_Xcode_For_Beginners" "Mozilla/5.0 (Macintosh; U; PPC Mac OS X Mach-O; en-US; rv:1.7.8) Gecko/20050511 Firefox/1.0.4"
70.20.63.254 - - [20/Jun/2005:05:26:33 +0200] "GET /favicon.ico HTTP/1.1" 200 3262 "-" "Mozilla/5.0 (Macintosh; U; PPC Mac OS X Mach-O; en-US; rv:1.7.8) Gecko/20050511 Firefox/1.0.4"
61.149.187.58 - - [20/Jun/2005:05:26:51 +0200] "GET /wiki.pl?WxWidgets_Bounties HTTP/1.1" 200 8873 "http://www.wxwidgets.org/toolbar.htm" "Mozilla/5.0 (compatible; Konqueror/3.1; Linux 2.4.20-8; X11; i686)"
61.149.187.58 - - [20/Jun/2005:05:27:00 +0200] "GET /wiki.pl?WxWidgets_Vacancies HTTP/1.1" 200 3602 "http://www.wxwidgets.org/toolbar.htm" "Mozilla/5.0 (compatible; Konqueror/3.1; Linux 2.4.20-8; X11; i686)"
194.224.199.52 - - [20/Jun/2005:05:27:02 +0200] "GET /wiki.pl?WxWiki HTTP/1.1" 200 3381 "http://wiki.wxwidgets.org/" "noxtrumbot/1.0 (crawler@noxtrum.com)"
222.84.23.84 - - [20/Jun/2005:05:27:06 +0200] "GET /wximages/wxwidgets02-small.png HTTP/1.1" 200 12468 "http://blog.vckbase.com/bastet/" "Mozilla/4.0 (compatible; MSIE 5.01; Windows NT 5.0)"
194.224.199.52 - - [20/Jun/2005:05:28:02 +0200] "GET /wiki.pl?back=WxWiki HTTP/1.1" 200 2756 "http://wiki.wxwidgets.org/" "noxtrumbot/1.0 (crawler@noxtrum.com)"
221.8.56.202 - - [20/Jun/2005:05:28:44 +0200] "GET /wximages/wxwidgets02-small.png HTTP/1.1" 200 12468 "http://blog.vckbase.com/bastet/" "Mozilla/4.0 (compatible; MSIE 6.0; Windows NT 5.0; Poco 0.31)"
162.83.227.254 - - [20/Jun/2005:05:28:59 +0200] "GET /wxwiki.css HTTP/1.1" 200 1540 "http://wiki.wxwidgets.org/wiki.pl?WxWidgets_Compared_To_Other_Toolkits" "Mozilla/5.0 (Windows; U; Windows NT 5.1; en-US; rv:1.7.8) Gecko/20050511 Firefox/1.0.4"
162.83.227.254 - - [20/Jun/2005:05:28:59 +0200] "GET /wiki.pl?WxWidgets_Compared_To_Other_Toolkits HTTP/1.1" 200 19476 "http://www.google.com/search?q=wxwidgets+fox+qt&sourceid=mozilla-search&start=0&start=0&ie=utf-8&oe=utf-8&client=firefox-a&rls=org.mozilla:en-US:official" "Mozilla/5.0 (Windows; U; Windows NT 5.1; en-US; rv:1.7.8) Gecko/20050511 Firefox/1.0.4"
162.83.227.254 - - [20/Jun/2005:05:28:59 +0200] "GET /wximages/wxwidgets02-small.png HTTP/1.1" 200 12468 "http://wiki.wxwidgets.org/wiki.pl?WxWidgets_Compared_To_Other_Toolkits" "Mozilla/5.0 (Windows; U; Windows NT 5.1; en-US; rv:1.7.8) Gecko/20050511 Firefox/1.0.4"
162.83.227.254 - - [20/Jun/2005:05:28:59 +0200] "GET /favicon.ico HTTP/1.1" 200 3262 "-" "Mozilla/5.0 (Windows; U; Windows NT 5.1; en-US; rv:1.7.8) Gecko/20050511 Firefox/1.0.4"
194.224.199.52 - - [20/Jun/2005:05:29:02 +0200] "GET /wiki.pl?RecentChanges HTTP/1.1" 200 11671 "http://wiki.wxwidgets.org/" "noxtrumbot/1.0 (crawler@noxtrum.com)"
65.214.44.47 - - [20/Jun/2005:05:29:20 +0200] "GET /man.cgi HTTP/1.0" 200 4827 "-" "Mozilla/2.0 (compatible; Ask Jeeves/Teoma; +http://sp.ask.com/docs/about/tech_crawling.html)"
65.54.188.139 - - [20/Jun/2005:05:29:28 +0200] "GET /wiki.pl?back=WxTextUrlEvent HTTP/1.0" 200 1688 "-" "msnbot/1.0 (+http://search.msn.com/msnbot.htm)"
194.224.199.52 - - [20/Jun/2005:05:30:03 +0200] "GET /wiki.pl?action=editprefs HTTP/1.1" 200 4332 "http://wiki.wxwidgets.org/" "noxtrumbot/1.0 (crawler@noxtrum.com)"
211.162.234.28 - - [20/Jun/2005:05:30:28 +0200] "GET /wximages/wxwidgets02-small.png HTTP/1.0" 200 12468 "http://blog.vckbase.com/bastet/" "Mozilla/4.0 (compatible; MSIE 6.0; Windows NT 5.0; MyIE2)"
194.224.199.52 - - [20/Jun/2005:05:31:03 +0200] "GET /wiki.pl?Table_Of_Contents HTTP/1.1" 200 26242 "http://wiki.wxwidgets.org/" "noxtrumbot/1.0 (crawler@noxtrum.com)"
194.224.199.52 - - [20/Jun/2005:05:32:02 +0200] "GET /wiki.pl?Resources HTTP/1.1" 200 5882 "http://wiki.wxwidgets.org/" "noxtrumbot/1.0 (crawler@noxtrum.com)"
222.35.82.191 - - [20/Jun/2005:05:32:38 +0200] "GET /wximages/wxwidgets02-small.png HTTP/1.1" 200 12468 "http://blog.vckbase.com/bastet/" "Mozilla/4.0 (compatible; MSIE 6.0; Windows NT 5.0; Alexa Toolbar; mxie; TencentTraveler ; .NET CLR 1.1.4322)"
194.224.199.52 - - [20/Jun/2005:05:33:03 +0200] "GET /wiki.pl?How_To_Use_This_Wiki HTTP/1.1" 200 4996 "http://wiki.wxwidgets.org/" "noxtrumbot/1.0 (crawler@noxtrum.com)"
194.224.199.52 - - [20/Jun/2005:05:34:03 +0200] "GET /wiki.pl?Feedback HTTP/1.1" 200 7827 "http://wiki.wxwidgets.org/" "noxtrumbot/1.0 (crawler@noxtrum.com)"
65.54.188.139 - - [20/Jun/2005:05:35:00 +0200] "GET /wiki.pl?Setup.H HTTP/1.0" 200 4542 "-" "msnbot/1.0 (+http://search.msn.com/msnbot.htm)"
194.224.199.52 - - [20/Jun/2005:05:35:03 +0200] "GET /wiki.pl?WikiSpam_Hall_Of_Shame HTTP/1.1" 200 3693 "http://wiki.wxwidgets.org/" "noxtrumbot/1.0 (crawler@noxtrum.com)"
194.224.199.52 - - [20/Jun/2005:05:36:03 +0200] "GET /wiki.pl?action=history&id=WxWiki HTTP/1.1" 200 5576 "http://wiki.wxwidgets.org/" "noxtrumbot/1.0 (crawler@noxtrum.com)"
194.224.199.52 - - [20/Jun/2005:05:37:03 +0200] "GET /wiki.pl?Lestat HTTP/1.1" 200 1758 "http://wiki.wxwidgets.org/" "noxtrumbot/1.0 (crawler@noxtrum.com)"
194.224.199.52 - - [20/Jun/2005:05:38:03 +0200] "GET /wiki.pl?action=browse&diff=1&id=WxWiki HTTP/1.1" 200 3858 "http://wiki.wxwidgets.org/" "noxtrumbot/1.0 (crawler@noxtrum.com)"
194.224.199.52 - - [20/Jun/2005:05:39:03 +0200] "GET /wiki.pl?Browser-Shortcuts_For_The_Online_Docs HTTP/1.1" 200 4861 "http://wiki.wxwidgets.org/wiki.pl?back=WxWiki" "noxtrumbot/1.0 (crawler@noxtrum.com)"
211.91.102.237 - - [20/Jun/2005:05:39:14 +0200] "GET /wximages/wxwidgets02-small.png HTTP/1.0" 200 12468 "http://blog.vckbase.com/BastEt" "Mozilla/4.0 (compatible; MSIE 6.0; Windows NT 5.1; TencentTraveler )"
222.47.164.108 - - [20/Jun/2005:05:39:40 +0200] "GET /wximages/wxwidgets02-small.png HTTP/1.1" 200 12468 "http://blog.vckbase.com/bastet/" "Mozilla/4.0 (compatible; MSIE 6.0; Windows NT 5.1; SV1; TencentTraveler )"
61.170.200.241 - - [20/Jun/2005:05:39:51 +0200] "GET /wximages/wxwidgets02-small.png HTTP/1.1" 200 12468 "http://blog.vckbase.com/BastEt" "Mozilla/5.0 (Windows; U; Windows NT 5.1; zh-CN; rv:1.7.6) Gecko/20050226 Firefox/1.0.1"
194.224.199.52 - - [20/Jun/2005:05:40:03 +0200] "GET /wiki.pl?Developers_Notebook/Docs HTTP/1.1" 200 9013 "http://wiki.wxwidgets.org/wiki.pl?back=WxWiki" "noxtrumbot/1.0 (crawler@noxtrum.com)"
194.224.199.52 - - [20/Jun/2005:05:41:04 +0200] "GET /wiki.pl?Extra_Features HTTP/1.1" 200 2195 "http://wiki.wxwidgets.org/wiki.pl?back=WxWiki" "noxtrumbot/1.0 (crawler@noxtrum.com)"
65.54.188.139 - - [20/Jun/2005:05:41:20 +0200] "GET /wiki.pl?TimGriesser HTTP/1.0" 200 2059 "-" "msnbot/1.0 (+http://search.msn.com/msnbot.htm)"
57.67.17.3 - - [20/Jun/2005:05:41:21 +0200] "GET / HTTP/1.1" 200 3381 "-" "Mozilla/4.0 (compatible;)"
194.224.199.52 - - [20/Jun/2005:05:42:04 +0200] "GET /wiki.pl?HomePage HTTP/1.1" 200 1867 "http://wiki.wxwidgets.org/wiki.pl?back=WxWiki" "noxtrumbot/1.0 (crawler@noxtrum.com)"
194.224.199.52 - - [20/Jun/2005:05:43:04 +0200] "GET /wiki.pl?Hugh_Gibson HTTP/1.1" 200 2161 "http://wiki.wxwidgets.org/wiki.pl?back=WxWiki" "noxtrumbot/1.0 (crawler@noxtrum.com)"
221.234.195.37 - - [20/Jun/2005:05:43:58 +0200] "GET /wximages/wxwidgets02-small.png HTTP/1.1" 200 12468 "http://blog.vckbase.com/bastet/" "Mozilla/4.0 (compatible; MSIE 6.0; Windows NT 5.0; MyIE2)"
194.224.199.52 - - [20/Jun/2005:05:44:04 +0200] "GET /wiki.pl?Raboof HTTP/1.1" 200 1858 "http://wiki.wxwidgets.org/wiki.pl?back=WxWiki" "noxtrumbot/1.0 (crawler@noxtrum.com)"
194.224.199.52 - - [20/Jun/2005:05:45:04 +0200] "GET /wiki.pl?Scratchpad_Items_To_Be_Integrated_Later_Into_WxWiki HTTP/1.1" 200 8487 "http://wiki.wxwidgets.org/wiki.pl?back=WxWiki" "noxtrumbot/1.0 (crawler@noxtrum.com)"
194.224.199.52 - - [20/Jun/2005:05:46:04 +0200] "GET /wiki.pl?WxWiki/Table_Of_Contents HTTP/1.1" 200 2094 "http://wiki.wxwidgets.org/wiki.pl?back=WxWiki" "noxtrumbot/1.0 (crawler@noxtrum.com)"
65.54.188.139 - - [20/Jun/2005:05:46:48 +0200] "GET /wiki.pl?Events HTTP/1.0" 200 8515 "-" "msnbot/1.0 (+http://search.msn.com/msnbot.htm)"
65.54.188.139 - - [20/Jun/2005:05:47:03 +0200] "GET /wiki.pl?back=WxBasic+Implementation HTTP/1.0" 200 1927 "-" "msnbot/1.0 (+http://search.msn.com/msnbot.htm)"
194.224.199.52 - - [20/Jun/2005:05:47:05 +0200] "GET /wiki.pl?WxWiki_WxCaret HTTP/1.1" 200 6414 "http://wiki.wxwidgets.org/wiki.pl?back=WxWiki" "noxtrumbot/1.0 (crawler@noxtrum.com)"
84.186.110.13 - - [20/Jun/2005:05:47:23 +0200] "GET /wiki.pl?Table_Of_Contents HTTP/1.1" 200 26242 "http://www.google.de/search?hl=de&q=wxwiki&btnG=Google-Suche&meta=" "Mozilla/5.0 (Windows; U; Windows NT 5.2; en-US; rv:1.7.8) Gecko/20050516 Firefox/1.0.4 (MOOX M1)"
222.82.244.170 - - [20/Jun/2005:05:47:34 +0200] "GET /wximages/wxwidgets02-small.png HTTP/1.1" 200 12468 "http://blog.vckbase.com/bastet/" "Mozilla/4.0 (compatible; MSIE 6.0; Windows NT 5.1)"
65.214.44.47 - - [20/Jun/2005:05:47:47 +0200] "GET /classes.xml HTTP/1.0" 304 - "-" "Mozilla/2.0 (compatible; Ask Jeeves/Teoma; +http://sp.ask.com/docs/about/tech_crawling.html)"
84.186.110.13 - - [20/Jun/2005:05:48:01 +0200] "GET /wiki.pl?Cvs HTTP/1.1" 200 8343 "http://wiki.wxwidgets.org/wiki.pl?Table_Of_Contents" "Mozilla/5.0 (Windows; U; Windows NT 5.2; en-US; rv:1.7.8) Gecko/20050516 Firefox/1.0.4 (MOOX M1)"
194.224.199.52 - - [20/Jun/2005:05:48:05 +0200] "GET /wiki.pl?back=RecentChanges HTTP/1.1" 200 1713 "http://wiki.wxwidgets.org/wiki.pl?RecentChanges" "noxtrumbot/1.0 (crawler@noxtrum.com)"
61.181.175.66 - - [20/Jun/2005:05:48:33 +0200] "GET /wximages/wxwidgets02-small.png HTTP/1.1" 200 12468 "http://blog.vckbase.com/bastet/" "Mozilla/4.0 (compatible; MSIE 6.0; Windows NT 5.0)"
194.224.199.52 - - [20/Jun/2005:05:49:05 +0200] "GET /wiki.pl?action=rc&days=1 HTTP/1.1" 200 2841 "http://wiki.wxwidgets.org/wiki.pl?RecentChanges" "noxtrumbot/1.0 (crawler@noxtrum.com)"
84.186.110.13 - - [20/Jun/2005:05:49:33 +0200] "GET /wiki.pl?Using_DLL_Version_Of_WxWidgets_Compiled_With_Open_Watcom HTTP/1.1" 200 6013 "http://wiki.wxwidgets.org/wiki.pl?Table_Of_Contents" "Mozilla/5.0 (Windows; U; Windows NT 5.2; en-US; rv:1.7.8) Gecko/20050516 Firefox/1.0.4 (MOOX M1)"
84.186.110.13 - - [20/Jun/2005:05:49:37 +0200] "GET /wiki.pl?Creating_A_DLL_Of_An_Application HTTP/1.1" 200 4924 "http://wiki.wxwidgets.org/wiki.pl?Table_Of_Contents" "Mozilla/5.0 (Windows; U; Windows NT 5.2; en-US; rv:1.7.8) Gecko/20050516 Firefox/1.0.4 (MOOX M1)"
194.224.199.52 - - [20/Jun/2005:05:50:05 +0200] "GET /wiki.pl?action=rc&days=3 HTTP/1.1" 200 5318 "http://wiki.wxwidgets.org/wiki.pl?RecentChanges" "noxtrumbot/1.0 (crawler@noxtrum.com)"
194.224.199.52 - - [20/Jun/2005:05:51:05 +0200] "GET /wiki.pl?action=rc&days=7 HTTP/1.1" 200 6284 "http://wiki.wxwidgets.org/wiki.pl?RecentChanges" "noxtrumbot/1.0 (crawler@noxtrum.com)"
194.224.199.52 - - [20/Jun/2005:05:52:07 +0200] "GET /wiki.pl?action=rc&days=30 HTTP/1.1" 200 11671 "http://wiki.wxwidgets.org/wiki.pl?RecentChanges" "noxtrumbot/1.0 (crawler@noxtrum.com)"
194.224.199.52 - - [20/Jun/2005:05:53:08 +0200] "GET /wiki.pl?action=rc&days=90 HTTP/1.1" 200 37579 "http://wiki.wxwidgets.org/wiki.pl?RecentChanges" "noxtrumbot/1.0 (crawler@noxtrum.com)"
194.224.199.52 - - [20/Jun/2005:05:54:08 +0200] "GET /wiki.pl?action=rc&from=1119221704 HTTP/1.1" 200 2567 "http://wiki.wxwidgets.org/wiki.pl?RecentChanges" "noxtrumbot/1.0 (crawler@noxtrum.com)"
201.1.133.203 - - [20/Jun/2005:05:54:09 +0200] "GET /wiki.pl?Launching_The_Default_Browser HTTP/1.1" 200 3950 "http://www.google.com/search?q=wxLaunchDefaultBrowser&sourceid=mozilla-search&start=0&start=0&ie=utf-8&oe=utf-8&client=firefox-a&rls=org.mozilla:en-US:official" "Mozilla/5.0 (Windows; U; Windows NT 5.1; en-US; rv:1.7.8) Gecko/20050511 Firefox/1.0.4"
201.1.133.203 - - [20/Jun/2005:05:54:10 +0200] "GET /favicon.ico HTTP/1.1" 200 3262 "-" "Mozilla/5.0 (Windows; U; Windows NT 5.1; en-US; rv:1.7.8) Gecko/20050511 Firefox/1.0.4"
218.247.206.229 - - [20/Jun/2005:05:54:15 +0200] "GET /wximages/wxwidgets02-small.png HTTP/1.1" 200 12468 "http://blog.vckbase.com/bastet/archive/2005/06/09/6274.html" "Mozilla/4.0 (compatible; MSIE 6.0; Windows NT 5.0)"
68.142.250.38 - - [20/Jun/2005:05:54:38 +0200] "GET /wiki.pl?32 HTTP/1.0" 200 1778 "-" "Mozilla/5.0 (compatible; Yahoo! Slurp; http://help.yahoo.com/help/us/ysearch/slurp)"
65.54.188.139 - - [20/Jun/2005:05:54:52 +0200] "GET /wiki.pl?Compiling_WxWidgets_With_MSYS/MinGW HTTP/1.0" 200 5250 "-" "msnbot/1.0 (+http://search.msn.com/msnbot.htm)"
194.224.199.52 - - [20/Jun/2005:05:55:08 +0200] "GET /wiki.pl?action=browse&diff=1&id=Bakefile_Utils HTTP/1.1" 200 17790 "http://wiki.wxwidgets.org/wiki.pl?RecentChanges" "noxtrumbot/1.0 (crawler@noxtrum.com)"
194.224.199.52 - - [20/Jun/2005:05:56:08 +0200] "GET /wiki.pl?Bakefile_Utils HTTP/1.1" 200 14487 "http://wiki.wxwidgets.org/wiki.pl?RecentChanges" "noxtrumbot/1.0 (crawler@noxtrum.com)"
222.90.77.148 - - [20/Jun/2005:05:56:50 +0200] "GET /wximages/wxwidgets02-small.png HTTP/1.1" 200 12468 "http://blog.vckbase.com/bastet/" "Mozilla/4.0 (compatible; MSIE 6.0; Windows NT 5.1; SV1; Poco 0.31)"
194.224.199.52 - - [20/Jun/2005:05:57:09 +0200] "GET /wiki.pl?action=history&id=Bakefile_Utils HTTP/1.1" 200 7958 "http://wiki.wxwidgets.org/wiki.pl?RecentChanges" "noxtrumbot/1.0 (crawler@noxtrum.com)"
205.143.222.10 - - [20/Jun/2005:05:57:59 +0200] "GET /wiki.pl?Calling_The_Default_Browser_In_WxHtmlWindow HTTP/1.0" 200 3794 "http://www.google.com/search?q=wxHtmlWindow&hl=en&hs=JVC&lr=&safe=off&client=firefox-a&rls=org.mozilla:en-US:official&start=10&sa=N" "Mozilla/5.0 (Windows; U; Windows NT 5.1; en-US; rv:1.7.8) Gecko/20050511 Firefox/1.0.4"
205.143.222.10 - - [20/Jun/2005:05:58:00 +0200] "GET /wxwiki.css HTTP/1.0" 200 1540 "http://wiki.wxwidgets.org/wiki.pl?Calling_The_Default_Browser_In_WxHtmlWindow" "Mozilla/5.0 (Windows; U; Windows NT 5.1; en-US; rv:1.7.8) Gecko/20050511 Firefox/1.0.4"
205.143.222.10 - - [20/Jun/2005:05:58:00 +0200] "GET /wximages/wxwidgets02-small.png HTTP/1.0" 200 12468 "http://wiki.wxwidgets.org/wiki.pl?Calling_The_Default_Browser_In_WxHtmlWindow" "Mozilla/5.0 (Windows; U; Windows NT 5.1; en-US; rv:1.7.8) Gecko/20050511 Firefox/1.0.4"
205.143.222.10 - - [20/Jun/2005:05:58:00 +0200] "GET /favicon.ico HTTP/1.0" 200 3262 "-" "Mozilla/5.0 (Windows; U; Windows NT 5.1; en-US; rv:1.7.8) Gecko/20050511 Firefox/1.0.4"
194.224.199.52 - - [20/Jun/2005:05:58:09 +0200] "GET /wiki.pl?Frm HTTP/1.1" 200 1740 "http://wiki.wxwidgets.org/wiki.pl?RecentChanges" "noxtrumbot/1.0 (crawler@noxtrum.com)"
205.143.222.10 - - [20/Jun/2005:05:58:47 +0200] "GET / HTTP/1.0" 200 3369 "-" "Mozilla/5.0 (Windows; U; Windows NT 5.1; en-US; rv:1.7.8) Gecko/20050511 Firefox/1.0.4"
219.148.187.196 - - [20/Jun/2005:05:58:50 +0200] "GET /wximages/wxwidgets02-small.png HTTP/1.1" 200 12468 "http://blog.vckbase.com/BastEt" "Mozilla/4.0 (compatible; MSIE 6.0; Windows NT 5.1; Maxthon; .NET CLR 1.1.4322)"
194.224.199.52 - - [20/Jun/2005:05:59:09 +0200] "GET /wiki.pl?action=browse&diff=1&id=Test_Frameworks HTTP/1.1" 200 3904 "http://wiki.wxwidgets.org/wiki.pl?RecentChanges" "noxtrumbot/1.0 (crawler@noxtrum.com)"
205.143.222.10 - - [20/Jun/2005:05:59:13 +0200] "GET /wiki.pl?How_To_Use_This_Wiki HTTP/1.0" 200 4977 "http://wiki.wxwidgets.org/" "Mozilla/5.0 (Windows; U; Windows NT 5.1; en-US; rv:1.7.8) Gecko/20050511 Firefox/1.0.4"
205.143.222.10 - - [20/Jun/2005:05:59:22 +0200] "GET /wiki.pl?RecentChanges HTTP/1.0" 200 11538 "http://wiki.wxwidgets.org/" "Mozilla/5.0 (Windows; U; Windows NT 5.1; en-US; rv:1.7.8) Gecko/20050511 Firefox/1.0.4"
205.143.222.10 - - [20/Jun/2005:05:59:37 +0200] "GET /wiki.pl?Launching_The_Default_Browser HTTP/1.0" 200 3938 "http://wiki.wxwidgets.org/wiki.pl?RecentChanges" "Mozilla/5.0 (Windows; U; Windows NT 5.1; en-US; rv:1.7.8) Gecko/20050511 Firefox/1.0.4"
194.224.199.52 - - [20/Jun/2005:06:00:09 +0200] "GET /wiki.pl?Test_Frameworks HTTP/1.1" 200 3280 "http://wiki.wxwidgets.org/wiki.pl?RecentChanges" "noxtrumbot/1.0 (crawler@noxtrum.com)"
65.54.188.139 - - [20/Jun/2005:06:00:22 +0200] "GET /wiki.pl?WxSizer HTTP/1.0" 200 9871 "-" "msnbot/1.0 (+http://search.msn.com/msnbot.htm)"
84.186.110.13 - - [20/Jun/2005:06:00:47 +0200] "GET /wiki.pl?Table_Of_Contents HTTP/1.1" 200 26242 "-" "Mozilla/5.0 (Windows; U; Windows NT 5.2; en-US; rv:1.7.8) Gecko/20050516 Firefox/1.0.4 (MOOX M1)"
84.186.110.13 - - [20/Jun/2005:06:00:58 +0200] "GET /wiki.pl?RecentChanges HTTP/1.1" 200 11692 "http://wiki.wxwidgets.org/wiki.pl?Table_Of_Contents" "Mozilla/5.0 (Windows; U; Windows NT 5.2; en-US; rv:1.7.8) Gecko/20050516 Firefox/1.0.4 (MOOX M1)"
194.224.199.52 - - [20/Jun/2005:06:01:09 +0200] "GET /wiki.pl?Jblough HTTP/1.1" 200 1764 "http://wiki.wxwidgets.org/wiki.pl?RecentChanges" "noxtrumbot/1.0 (crawler@noxtrum.com)"
194.224.199.52 - - [20/Jun/2005:06:02:09 +0200] "GET /wiki.pl?action=browse&diff=1&id=Developers_Notebook/WxMac_WxTaskBarIcon HTTP/1.1" 200 4663 "http://wiki.wxwidgets.org/wiki.pl?RecentChanges" "noxtrumbot/1.0 (crawler@noxtrum.com)"
219.136.238.60 - - [20/Jun/2005:06:02:12 +0200] "GET /wximages/wxwidgets02-small.png HTTP/1.1" 200 12468 "http://blog.vckbase.com/bastet/" "Mozilla/4.0 (compatible; MSIE 6.0; Windows NT 5.1; TencentTraveler )"
81.31.5.5 - - [20/Jun/2005:06:02:26 +0200] "GET /wiki.pl?WxWidgets_Vacancies HTTP/1.0" 200 3590 "-" "Woko robot 3.0"
81.31.5.5 - - [20/Jun/2005:06:02:26 +0200] "GET /wiki.pl?WxWidgets_Bounties HTTP/1.0" 200 8846 "-" "Woko robot 3.0"
194.224.199.52 - - [20/Jun/2005:06:03:10 +0200] "GET /wiki.pl?Developers_Notebook/WxMac_WxTaskBarIcon HTTP/1.1" 200 2223 "http://wiki.wxwidgets.org/wiki.pl?RecentChanges" "noxtrumbot/1.0 (crawler@noxtrum.com)"
194.224.199.52 - - [20/Jun/2005:06:04:10 +0200] "GET /wiki.pl?action=history&id=Developers_Notebook/WxMac_WxTaskBarIcon HTTP/1.1" 200 5483 "http://wiki.wxwidgets.org/wiki.pl?RecentChanges" "noxtrumbot/1.0 (crawler@noxtrum.com)"
65.54.188.139 - - [20/Jun/2005:06:04:11 +0200] "GET /wiki.pl?Dh_Csiro HTTP/1.0" 200 1758 "-" "msnbot/1.0 (+http://search.msn.com/msnbot.htm)"
65.54.188.139 - - [20/Jun/2005:06:05:09 +0200] "GET /wiki.pl?back=Mingw32+Makefile HTTP/1.0" 200 1615 "-" "msnbot/1.0 (+http://search.msn.com/msnbot.htm)"
194.224.199.52 - - [20/Jun/2005:06:05:10 +0200] "GET /wiki.pl?RyanNorton HTTP/1.1" 200 1784 "http://wiki.wxwidgets.org/wiki.pl?RecentChanges" "noxtrumbot/1.0 (crawler@noxtrum.com)"
194.224.199.52 - - [20/Jun/2005:06:06:11 +0200] "GET /wiki.pl?action=browse&diff=1&id=Developers_Notebook/WxMac_WxSound HTTP/1.1" 200 16011 "http://wiki.wxwidgets.org/wiki.pl?RecentChanges" "noxtrumbot/1.0 (crawler@noxtrum.com)"
65.214.44.47 - - [20/Jun/2005:06:06:12 +0200] "GET /wiki.pl?29 HTTP/1.0" 200 1778 "-" "Mozilla/2.0 (compatible; Ask Jeeves/Teoma; +http://sp.ask.com/docs/about/tech_crawling.html)"
194.224.199.52 - - [20/Jun/2005:06:07:10 +0200] "GET /wiki.pl?Developers_Notebook/WxMac_WxSound HTTP/1.1" 200 2183 "http://wiki.wxwidgets.org/wiki.pl?RecentChanges" "noxtrumbot/1.0 (crawler@noxtrum.com)"
194.224.199.52 - - [20/Jun/2005:06:08:12 +0200] "GET /wiki.pl?action=browse&diff=1&id=Developers_Notebook/WxMac HTTP/1.1" 200 4222 "http://wiki.wxwidgets.org/wiki.pl?RecentChanges" "noxtrumbot/1.0 (crawler@noxtrum.com)"
194.224.199.52 - - [20/Jun/2005:06:09:12 +0200] "GET /wiki.pl?Developers_Notebook/WxMac HTTP/1.1" 200 3049 "http://wiki.wxwidgets.org/wiki.pl?RecentChanges" "noxtrumbot/1.0 (crawler@noxtrum.com)"
194.224.199.52 - - [20/Jun/2005:06:10:12 +0200] "GET /wiki.pl?action=history&id=Developers_Notebook/WxMac HTTP/1.1" 200 4847 "http://wiki.wxwidgets.org/wiki.pl?RecentChanges" "noxtrumbot/1.0 (crawler@noxtrum.com)"
220.173.90.95 - - [20/Jun/2005:06:10:41 +0200] "GET /wximages/wxwidgets02-small.png HTTP/1.1" 200 12468 "http://blog.vckbase.com/bastet/" "Mozilla/4.0 (compatible; MSIE 6.0; Windows NT 5.1; SV1)"
194.224.199.52 - - [20/Jun/2005:06:11:12 +0200] "GET /wiki.pl?action=browse&diff=1&id=Developers_Notebook/WxMac_WxGetKeyState HTTP/1.1" 200 18885 "http://wiki.wxwidgets.org/wiki.pl?RecentChanges" "noxtrumbot/1.0 (crawler@noxtrum.com)"
24.2.177.142 - - [20/Jun/2005:06:11:35 +0200] "GET /wiki.pl?Compiling_WxWidgets HTTP/1.1" 200 15599 "http://www.google.com/search?hl=en&q=using+wxwidgets+with+visual+c+6.0" "Mozilla/4.0 (compatible; MSIE 6.0; Windows NT 4.0; MSOCD; T312461; Q312461)"
24.2.177.142 - - [20/Jun/2005:06:11:36 +0200] "GET /wxwiki.css HTTP/1.1" 200 1540 "http://wiki.wxwidgets.org/wiki.pl?Compiling_WxWidgets" "Mozilla/4.0 (compatible; MSIE 6.0; Windows NT 4.0; MSOCD; T312461; Q312461)"
24.2.177.142 - - [20/Jun/2005:06:11:36 +0200] "GET /wximages/wxwidgets02-small.png HTTP/1.1" 200 12468 "http://wiki.wxwidgets.org/wiki.pl?Compiling_WxWidgets" "Mozilla/4.0 (compatible; MSIE 6.0; Windows NT 4.0; MSOCD; T312461; Q312461)"
194.224.199.52 - - [20/Jun/2005:06:12:12 +0200] "GET /wiki.pl?Developers_Notebook/WxMac_WxGetKeyState HTTP/1.1" 200 2223 "http://wiki.wxwidgets.org/wiki.pl?RecentChanges" "noxtrumbot/1.0 (crawler@noxtrum.com)"
194.224.199.52 - - [20/Jun/2005:06:13:13 +0200] "GET /wiki.pl?action=browse&diff=1&id=Mac_OS_X_And_Xcode_For_Beginners HTTP/1.1" 200 56696 "http://wiki.wxwidgets.org/wiki.pl?RecentChanges" "noxtrumbot/1.0 (crawler@noxtrum.com)"
194.224.199.52 - - [20/Jun/2005:06:14:13 +0200] "GET /wiki.pl?Mac_OS_X_And_Xcode_For_Beginners HTTP/1.1" 200 31994 "http://wiki.wxwidgets.org/wiki.pl?RecentChanges" "noxtrumbot/1.0 (crawler@noxtrum.com)"
194.224.199.52 - - [20/Jun/2005:06:15:13 +0200] "GET /wiki.pl?Tim_Griesser HTTP/1.1" 200 1932 "http://wiki.wxwidgets.org/wiki.pl?RecentChanges" "noxtrumbot/1.0 (crawler@noxtrum.com)"
61.145.210.35 - - [20/Jun/2005:06:15:16 +0200] "GET /wximages/wxwidgets02-small.png HTTP/1.1" 200 12468 "http://blog.vckbase.com/bastet/" "Mozilla/4.0 (compatible; MSIE 6.0; Windows 98; Win 9x 4.90)"
194.224.199.52 - - [20/Jun/2005:06:16:13 +0200] "GET /wiki.pl?action=browse&diff=1&id=App_Not_Getting_Input_When_Run HTTP/1.1" 200 4070 "http://wiki.wxwidgets.org/wiki.pl?RecentChanges" "noxtrumbot/1.0 (crawler@noxtrum.com)"
194.224.199.52 - - [20/Jun/2005:06:17:13 +0200] "GET /wiki.pl?App_Not_Getting_Input_When_Run HTTP/1.1" 200 3047 "http://wiki.wxwidgets.org/wiki.pl?RecentChanges" "noxtrumbot/1.0 (crawler@noxtrum.com)"
194.224.199.52 - - [20/Jun/2005:06:18:13 +0200] "GET /wiki.pl?action=history&id=App_Not_Getting_Input_When_Run HTTP/1.1" 200 3934 "http://wiki.wxwidgets.org/wiki.pl?RecentChanges" "noxtrumbot/1.0 (crawler@noxtrum.com)"
68.111.211.48 - - [20/Jun/2005:06:18:30 +0200] "GET /wiki.pl?Compiling_WxWidgets HTTP/1.1" 200 15599 "http://www.google.com/search?q=wxwidgets+cygwin&sourceid=mozilla-search&start=0&start=0&ie=utf-8&oe=utf-8&client=firefox-a&rls=org.mozilla:en-US:official" "Mozilla/5.0 (Windows; U; Windows NT 5.1; en-US; rv:1.7.8) Gecko/20050511 Firefox/1.0.4"
68.111.211.48 - - [20/Jun/2005:06:18:30 +0200] "GET /wxwiki.css HTTP/1.1" 200 1540 "http://wiki.wxwidgets.org/wiki.pl?Compiling_WxWidgets" "Mozilla/5.0 (Windows; U; Windows NT 5.1; en-US; rv:1.7.8) Gecko/20050511 Firefox/1.0.4"
68.111.211.48 - - [20/Jun/2005:06:18:31 +0200] "GET /wximages/wxwidgets02-small.png HTTP/1.1" 200 12468 "http://wiki.wxwidgets.org/wiki.pl?Compiling_WxWidgets" "Mozilla/5.0 (Windows; U; Windows NT 5.1; en-US; rv:1.7.8) Gecko/20050511 Firefox/1.0.4"
68.111.211.48 - - [20/Jun/2005:06:18:31 +0200] "GET /favicon.ico HTTP/1.1" 200 3262 "-" "Mozilla/5.0 (Windows; U; Windows NT 5.1; en-US; rv:1.7.8) Gecko/20050511 Firefox/1.0.4"
64.4.8.94 - - [20/Jun/2005:06:18:34 +0200] "GET /wiki.pl?Feedback HTTP/1.0" 200 7808 "-" "msnbot/1.0 (+http://search.msn.com/msnbot.htm)"
194.224.199.52 - - [20/Jun/2005:06:19:14 +0200] "GET /wiki.pl?Bob_McCown HTTP/1.1" 200 1784 "http://wiki.wxwidgets.org/wiki.pl?RecentChanges" "noxtrumbot/1.0 (crawler@noxtrum.com)"
194.224.199.52 - - [20/Jun/2005:06:20:14 +0200] "GET /wiki.pl?action=browse&diff=1&id=WxWidgets_Bounties HTTP/1.1" 200 9996 "http://wiki.wxwidgets.org/wiki.pl?RecentChanges" "noxtrumbot/1.0 (crawler@noxtrum.com)"
194.224.199.52 - - [20/Jun/2005:06:21:14 +0200] "GET /wiki.pl?WxWidgets_Bounties HTTP/1.1" 200 8873 "http://wiki.wxwidgets.org/wiki.pl?RecentChanges" "noxtrumbot/1.0 (crawler@noxtrum.com)"
194.224.199.52 - - [20/Jun/2005:06:22:15 +0200] "GET /wiki.pl?action=browse&diff=1&id=Precompiled_Headers HTTP/1.1" 200 5865 "http://wiki.wxwidgets.org/wiki.pl?RecentChanges" "noxtrumbot/1.0 (crawler@noxtrum.com)"
194.224.199.52 - - [20/Jun/2005:06:23:15 +0200] "GET /wiki.pl?Precompiled_Headers HTTP/1.1" 200 5388 "http://wiki.wxwidgets.org/wiki.pl?RecentChanges" "noxtrumbot/1.0 (crawler@noxtrum.com)"
194.224.199.52 - - [20/Jun/2005:06:24:15 +0200] "GET /wiki.pl?Abernitz HTTP/1.1" 200 1770 "http://wiki.wxwidgets.org/wiki.pl?RecentChanges" "noxtrumbot/1.0 (crawler@noxtrum.com)"
65.214.44.47 - - [20/Jun/2005:06:24:38 +0200] "GET /wiki.pl?WK HTTP/1.0" 200 2140 "-" "Mozilla/2.0 (compatible; Ask Jeeves/Teoma; +http://sp.ask.com/docs/about/tech_crawling.html)"
194.224.199.52 - - [20/Jun/2005:06:25:16 +0200] "GET /wiki.pl?action=browse&diff=1&id=Bakefile_Tips HTTP/1.1" 200 9049 "http://wiki.wxwidgets.org/wiki.pl?RecentChanges" "noxtrumbot/1.0 (crawler@noxtrum.com)"
220.198.91.100 - - [20/Jun/2005:06:25:22 +0200] "GET /wximages/wxwidgets02-small.png HTTP/1.1" 200 12468 "http://blog.vckbase.com/bastet/" "Mozilla/4.0 (compatible; MSIE 6.0; Windows NT 5.1)"
194.224.199.52 - - [20/Jun/2005:06:26:16 +0200] "GET /wiki.pl?Bakefile_Tips HTTP/1.1" 200 8055 "http://wiki.wxwidgets.org/wiki.pl?RecentChanges" "noxtrumbot/1.0 (crawler@noxtrum.com)"
65.54.188.139 - - [20/Jun/2005:06:27:02 +0200] "GET /wiki.pl?Developers_Notebook/Docs HTTP/1.0" 200 8986 "-" "msnbot/1.0 (+http://search.msn.com/msnbot.htm)"
218.94.61.34 - - [20/Jun/2005:06:27:07 +0200] "GET /wximages/wxwidgets02-small.png HTTP/1.1" 200 12468 "http://blog.vckbase.com/bastet/" "Mozilla/4.0 (compatible; MSIE 6.0; Windows NT 5.1)"
194.224.199.52 - - [20/Jun/2005:06:27:16 +0200] "GET /wiki.pl?action=history&id=Bakefile_Tips HTTP/1.1" 200 7771 "http://wiki.wxwidgets.org/wiki.pl?RecentChanges" "noxtrumbot/1.0 (crawler@noxtrum.com)"
194.224.199.52 - - [20/Jun/2005:06:28:17 +0200] "GET /wiki.pl?action=browse&diff=1&id=Developers_Notebook/WxGTK HTTP/1.1" 200 3642 "http://wiki.wxwidgets.org/wiki.pl?RecentChanges" "noxtrumbot/1.0 (crawler@noxtrum.com)"
218.13.210.143 - - [20/Jun/2005:06:29:02 +0200] "GET /wximages/wxwidgets02-small.png HTTP/1.1" 304 - "http://blog.vckbase.com/bastet/" "Mozilla/4.0 (compatible; MSIE 6.0; Windows NT 5.1; .NET CLR 1.0.3705)"
194.224.199.52 - - [20/Jun/2005:06:29:17 +0200] "GET /wiki.pl?Developers_Notebook/WxGTK HTTP/1.1" 200 2932 "http://wiki.wxwidgets.org/wiki.pl?RecentChanges" "noxtrumbot/1.0 (crawler@noxtrum.com)"
61.143.118.157 - - [20/Jun/2005:06:29:26 +0200] "GET /wximages/wxwidgets02-small.png HTTP/1.1" 200 12468 "http://blog.vckbase.com/bastet/" "Mozilla/4.0 (compatible; MSIE 6.0; Windows NT 5.1; SV1; Maxthon; Poco 0.31)"
194.224.199.52 - - [20/Jun/2005:06:30:18 +0200] "GET /wiki.pl?Leio HTTP/1.1" 200 1746 "http://wiki.wxwidgets.org/wiki.pl?RecentChanges" "noxtrumbot/1.0 (crawler@noxtrum.com)"
194.224.199.52 - - [20/Jun/2005:06:31:17 +0200] "GET /wiki.pl?action=browse&diff=1&id=YaDoo HTTP/1.1" 200 9353 "http://wiki.wxwidgets.org/wiki.pl?RecentChanges" "noxtrumbot/1.0 (crawler@noxtrum.com)"
221.229.252.166 - - [20/Jun/2005:06:31:30 +0200] "GET /wximages/wxwidgets02-small.png HTTP/1.1" 200 12468 "http://blog.vckbase.com/bastet/" "Mozilla/4.0 (compatible; MSIE 6.0; Windows NT 5.0; Poco 0.31)"
65.54.188.139 - - [20/Jun/2005:06:32:01 +0200] "GET /wiki.pl?Bakefile HTTP/1.0" 200 32916 "-" "msnbot/1.0 (+http://search.msn.com/msnbot.htm)"
194.224.199.52 - - [20/Jun/2005:06:32:16 +0200] "GET /wiki.pl?YaDoo HTTP/1.1" 200 1863 "http://wiki.wxwidgets.org/wiki.pl?RecentChanges" "noxtrumbot/1.0 (crawler@noxtrum.com)"
218.12.97.50 - - [20/Jun/2005:06:32:21 +0200] "GET /wximages/wxwidgets02-small.png HTTP/1.1" 200 12468 "http://blog.vckbase.com/bastet/" "Mozilla/4.0 (compatible; MSIE 6.0; Windows NT 5.0)"
65.54.188.139 - - [20/Jun/2005:06:32:43 +0200] "GET /wiki.pl?Dev-Cpp_Instructions HTTP/1.0" 200 2044 "-" "msnbot/1.0 (+http://search.msn.com/msnbot.htm)"
194.224.199.52 - - [20/Jun/2005:06:33:17 +0200] "GET /wiki.pl?action=history&id=YaDoo HTTP/1.1" 200 9955 "http://wiki.wxwidgets.org/wiki.pl?RecentChanges" "noxtrumbot/1.0 (crawler@noxtrum.com)"
