212.195.134.50 - - [19/Jun/2005:20:57:38 +0200] "GET /wximages/wxwidgets02-small.png HTTP/1.1" 200 12468 "http://wiki.wxwidgets.org/" "Mozilla/5.0 (Windows; U; Windows NT 5.1; fr-FR; rv:1.7.8) Gecko/20050511 Firefox/1.0.4"
212.195.134.50 - - [19/Jun/2005:20:57:38 +0200] "GET /favicon.ico HTTP/1.1" 200 3262 "-" "Mozilla/5.0 (Windows; U; Windows NT 5.1; fr-FR; rv:1.7.8) Gecko/20050511 Firefox/1.0.4"
212.195.134.50 - - [19/Jun/2005:20:57:42 +0200] "GET /wiki.pl?Table_Of_Contents HTTP/1.1" 200 26242 "http://wiki.wxwidgets.org/" "Mozilla/5.0 (Windows; U; Windows NT 5.1; fr-FR; rv:1.7.8) Gecko/20050511 Firefox/1.0.4"
212.195.134.50 - - [19/Jun/2005:20:57:44 +0200] "GET /wiki.pl?MSVC_Setup_Guide HTTP/1.1" 200 18691 "http://wiki.wxwidgets.org/wiki.pl?Table_Of_Contents" "Mozilla/5.0 (Windows; U; Windows NT 5.1; fr-FR; rv:1.7.8) Gecko/20050511 Firefox/1.0.4"
213.10.254.239 - - [19/Jun/2005:20:59:59 +0200] "GET /wiki.pl?WxWidgets_Bounties HTTP/1.1" 200 8873 "http://www.wxwidgets.org/toolbar.htm" "Mozilla/5.0 (X11; U; Linux i686; en-US; rv:1.7.8) Gecko/20050511 Firefox/1.0.4"
213.10.254.239 - - [19/Jun/2005:20:59:59 +0200] "GET /wxwiki.css HTTP/1.1" 200 1540 "http://wiki.wxwidgets.org/wiki.pl?WxWidgets_Bounties" "Mozilla/5.0 (X11; U; Linux i686; en-US; rv:1.7.8) Gecko/20050511 Firefox/1.0.4"
213.10.254.239 - - [19/Jun/2005:20:59:59 +0200] "GET /wximages/wxwidgets02-small.png HTTP/1.1" 200 12468 "http://wiki.wxwidgets.org/wiki.pl?WxWidgets_Bounties" "Mozilla/5.0 (X11; U; Linux i686; en-US; rv:1.7.8) Gecko/20050511 Firefox/1.0.4"
213.10.254.239 - - [19/Jun/2005:21:00:00 +0200] "GET /favicon.ico HTTP/1.1" 200 3262 "-" "Mozilla/5.0 (X11; U; Linux i686; en-US; rv:1.7.8) Gecko/20050511 Firefox/1.0.4"
24.111.18.202 - - [19/Jun/2005:21:00:12 +0200] "GET / HTTP/1.1" 200 3381 "http://www.wxwidgets.org/docs.htm" "Mozilla/5.0 (Windows; U; Windows NT 5.1; en-US; rv:1.7.8) Gecko/20050511 Firefox/1.0.4"
24.111.18.202 - - [19/Jun/2005:21:00:16 +0200] "GET /wiki.pl?Table_Of_Contents HTTP/1.1" 200 26242 "http://wiki.wxwidgets.org/" "Mozilla/5.0 (Windows; U; Windows NT 5.1; en-US; rv:1.7.8) Gecko/20050511 Firefox/1.0.4"
24.111.18.202 - - [19/Jun/2005:21:00:23 +0200] "GET /wiki.pl?Compiling_WxWidgets HTTP/1.1" 200 15599 "http://wiki.wxwidgets.org/wiki.pl?Table_Of_Contents" "Mozilla/5.0 (Windows; U; Windows NT 5.1; en-US; rv:1.7.8) Gecko/20050511 Firefox/1.0.4"
24.111.18.202 - - [19/Jun/2005:21:00:59 +0200] "GET /wiki.pl?Building_Win32_Apps_On_Linux HTTP/1.1" 200 3506 "http://wiki.wxwidgets.org/wiki.pl?Table_Of_Contents" "Mozilla/5.0 (Windows; U; Windows NT 5.1; en-US; rv:1.7.8) Gecko/20050511 Firefox/1.0.4"
213.10.254.239 - - [19/Jun/2005:21:01:23 +0200] "GET /wiki.pl?WxWidgets_Vacancies HTTP/1.1" 200 3602 "http://www.wxwidgets.org/toolbar.htm" "Mozilla/5.0 (X11; U; Linux i686; en-US; rv:1.7.8) Gecko/20050511 Firefox/1.0.4"
24.111.18.202 - - [19/Jun/2005:21:01:39 +0200] "GET /wiki.pl?IDEs HTTP/1.1" 200 10212 "http://wiki.wxwidgets.org/wiki.pl?Table_Of_Contents" "Mozilla/5.0 (Windows; U; Windows NT 5.1; en-US; rv:1.7.8) Gecko/20050511 Firefox/1.0.4"
64.242.88.10 - - [19/Jun/2005:21:01:47 +0200] "GET /robots.txt HTTP/1.1" 200 138 "-" "Mozilla/4.0 compatible ZyBorg/1.0 (wn-14.zyborg@looksmart.net; http://www.WISEnutbot.com)"
24.111.18.202 - - [19/Jun/2005:21:02:00 +0200] "GET /wiki.pl?Dev-CPP_Setup_Guide HTTP/1.1" 200 10495 "http://wiki.wxwidgets.org/wiki.pl?Table_Of_Contents" "Mozilla/5.0 (Windows; U; Windows NT 5.1; en-US; rv:1.7.8) Gecko/20050511 Firefox/1.0.4"
24.111.18.202 - - [19/Jun/2005:21:02:31 +0200] "GET /wiki.pl?Compiling_WxWidgets_With_MSYS/MinGW HTTP/1.1" 200 5269 "http://wiki.wxwidgets.org/wiki.pl?Dev-CPP_Setup_Guide" "Mozilla/5.0 (Windows; U; Windows NT 5.1; en-US; rv:1.7.8) Gecko/20050511 Firefox/1.0.4"
67.113.152.50 - - [19/Jun/2005:21:05:20 +0200] "GET /wiki.pl?WxWidgets_Vacancies HTTP/1.1" 200 3602 "http://www.wxwidgets.org/toolbar.htm" "Mozilla/5.0 (Windows; U; Win98; en-US; rv:1.7.5) Gecko/20041107 Firefox/1.0"
67.113.152.50 - - [19/Jun/2005:21:05:20 +0200] "GET /wxwiki.css HTTP/1.1" 200 1540 "http://wiki.wxwidgets.org/wiki.pl?WxWidgets_Vacancies" "Mozilla/5.0 (Windows; U; Win98; en-US; rv:1.7.5) Gecko/20041107 Firefox/1.0"
67.113.152.50 - - [19/Jun/2005:21:05:21 +0200] "GET /wximages/wxwidgets02-small.png HTTP/1.1" 200 12468 "http://wiki.wxwidgets.org/wiki.pl?WxWidgets_Vacancies" "Mozilla/5.0 (Windows; U; Win98; en-US; rv:1.7.5) Gecko/20041107 Firefox/1.0"
213.10.254.239 - - [19/Jun/2005:21:05:30 +0200] "GET / HTTP/1.1" 200 3381 "http://www.wxwidgets.org/develop2.htm" "Mozilla/5.0 (X11; U; Linux i686; en-US; rv:1.7.8) Gecko/20050511 Firefox/1.0.4"
213.10.254.239 - - [19/Jun/2005:21:05:37 +0200] "GET /wiki.pl?Table_Of_Contents HTTP/1.1" 200 26242 "http://wiki.wxwidgets.org/" "Mozilla/5.0 (X11; U; Linux i686; en-US; rv:1.7.8) Gecko/20050511 Firefox/1.0.4"
61.173.21.43 - - [19/Jun/2005:21:07:37 +0200] "GET /wximages/wxwidgets02-small.png HTTP/1.1" 200 12468 "http://blog.vckbase.com/bastet/" "Mozilla/4.0 (compatible; MSIE 6.0; Windows NT 5.1; SV1)"
69.55.238.178 - - [19/Jun/2005:21:08:36 +0200] "POST /pypaste/cvsannounce.cgi HTTP/1.0" 200 1 "-" "Python-urllib/1.15"
69.55.238.178 - - [19/Jun/2005:21:08:40 +0200] "POST /pypaste/cvsannounce.cgi HTTP/1.0" 200 1 "-" "Python-urllib/1.15"
82.203.169.254 - - [19/Jun/2005:21:13:19 +0200] "GET /wxwiki.css HTTP/1.1" 200 1540 "http://wiki.wxwidgets.org/wiki.pl?Mac_OS_X_And_Xcode_1.1_Setup_Guide" "Mozilla/5.0 (Macintosh; U; PPC Mac OS X; en) AppleWebKit/412 (KHTML, like Gecko) Safari/412"
82.203.169.254 - - [19/Jun/2005:21:13:19 +0200] "GET /wximages/wxwidgets02-small.png HTTP/1.1" 200 12468 "http://wiki.wxwidgets.org/wiki.pl?Mac_OS_X_And_Xcode_1.1_Setup_Guide" "Mozilla/5.0 (Macintosh; U; PPC Mac OS X; en) AppleWebKit/412 (KHTML, like Gecko) Safari/412"
82.203.169.254 - - [19/Jun/2005:21:13:19 +0200] "GET /wiki.pl?Mac_OS_X_And_Xcode_1.1_Setup_Guide HTTP/1.1" 200 25261 "http://www.alltheweb.com/search?cat=web&cs=iso88591&q=wxwidgets+xcode&rys=0&itag=crv&_sb_lang=pref" "Mozilla/5.0 (Macintosh; U; PPC Mac OS X; en) AppleWebKit/412 (KHTML, like Gecko) Safari/412"
82.203.169.254 - - [19/Jun/2005:21:13:19 +0200] "GET /favicon.ico HTTP/1.1" 200 3262 "-" "Mozilla/5.0 (Macintosh; U; PPC Mac OS X; en) AppleWebKit/412 (KHTML, like Gecko) Safari/412"
218.13.136.196 - - [19/Jun/2005:21:13:57 +0200] "GET /wximages/wxwidgets02-small.png HTTP/1.1" 200 12468 "http://blog.vckbase.com/bastet/" "Mozilla/4.0 (compatible; MSIE 6.0; Windows NT 5.1)"
64.4.8.94 - - [19/Jun/2005:21:14:19 +0200] "GET /wiki.pl?Frm HTTP/1.0" 200 1728 "-" "msnbot/1.0 (+http://search.msn.com/msnbot.htm)"
220.170.203.31 - - [19/Jun/2005:21:15:46 +0200] "GET /wximages/wxwidgets02-small.png HTTP/1.1" 200 12468 "http://blog.vckbase.com/bastet/" "Mozilla/4.0 (compatible; MSIE 6.0; Windows 98)"
81.132.136.154 - - [19/Jun/2005:21:17:47 +0200] "GET /wiki.pl?WxWidgets_Bounties HTTP/1.1" 200 8873 "http://www.wxwidgets.org/toolbar.htm" "Mozilla/5.0 (Windows; U; Windows NT 5.1; en-US; rv:1.7.8) Gecko/20050511 Firefox/1.0.4"
81.132.136.154 - - [19/Jun/2005:21:17:47 +0200] "GET /wxwiki.css HTTP/1.1" 200 1540 "http://wiki.wxwidgets.org/wiki.pl?WxWidgets_Bounties" "Mozilla/5.0 (Windows; U; Windows NT 5.1; en-US; rv:1.7.8) Gecko/20050511 Firefox/1.0.4"
81.132.136.154 - - [19/Jun/2005:21:17:47 +0200] "GET /wximages/wxwidgets02-small.png HTTP/1.1" 200 12468 "http://wiki.wxwidgets.org/wiki.pl?WxWidgets_Bounties" "Mozilla/5.0 (Windows; U; Windows NT 5.1; en-US; rv:1.7.8) Gecko/20050511 Firefox/1.0.4"
212.195.134.50 - - [19/Jun/2005:21:20:02 +0200] "GET /wiki.pl?Dev-CPP_Setup_Guide HTTP/1.1" 200 10495 "http://forum.hardware.fr/hardwarefr/Programmation/Creer-projet-wxWidgets-avec-Bloodshed-Dev-C-sous-Windows-sujet-46979-1.htm" "Mozilla/5.0 (Windows; U; Windows NT 5.1; fr-FR; rv:1.7.8) Gecko/20050511 Firefox/1.0.4"
195.92.168.163 - - [19/Jun/2005:21:20:04 +0200] "GET /wiki.pl?Eclipse HTTP/1.1" 200 5724 "-" "Mozilla/5.0 (Windows; U; Windows NT 5.1; en-GB; rv:1.7.8) Gecko/20050511 Firefox/1.0.4"
195.92.168.163 - - [19/Jun/2005:21:20:06 +0200] "GET /wxwiki.css HTTP/1.1" 200 1540 "http://wiki.wxwidgets.org/wiki.pl?Eclipse" "Mozilla/5.0 (Windows; U; Windows NT 5.1; en-GB; rv:1.7.8) Gecko/20050511 Firefox/1.0.4"
195.92.168.163 - - [19/Jun/2005:21:20:08 +0200] "GET /wximages/wxwidgets02-small.png HTTP/1.1" 200 12468 "http://wiki.wxwidgets.org/wiki.pl?Eclipse" "Mozilla/5.0 (Windows; U; Windows NT 5.1; en-GB; rv:1.7.8) Gecko/20050511 Firefox/1.0.4"
212.195.134.50 - - [19/Jun/2005:21:21:28 +0200] "GET /wiki.pl?Dev-Cpp_Instructions HTTP/1.1" 200 2056 "http://www.wxwidgets.org/devcpp.htm" "Mozilla/5.0 (Windows; U; Windows NT 5.1; fr-FR; rv:1.7.8) Gecko/20050511 Firefox/1.0.4"
81.82.32.229 - - [19/Jun/2005:21:22:08 +0200] "GET /wxwiki.css HTTP/1.1" 200 1540 "http://wiki.wxwidgets.org/wiki.pl?back=RTTI" "Mozilla/5.0 (X11; U; Linux i686; en-US; rv:1.7.8) Gecko/20050610 Firefox/1.0.4 (Debian package 1.0.4-3)"
81.82.32.229 - - [19/Jun/2005:21:22:08 +0200] "GET /wximages/wxwidgets02-small.png HTTP/1.1" 200 12468 "http://wiki.wxwidgets.org/wiki.pl?back=RTTI" "Mozilla/5.0 (X11; U; Linux i686; en-US; rv:1.7.8) Gecko/20050610 Firefox/1.0.4 (Debian package 1.0.4-3)"
81.82.32.229 - - [19/Jun/2005:21:22:09 +0200] "GET /wiki.pl?back=RTTI HTTP/1.1" 200 2570 "http://www.google.be/search?q=makefile+rtti&sourceid=mozilla-search&start=0&start=0&ie=utf-8&oe=utf-8&client=firefox&rls=org.mozilla:en-US:unofficial" "Mozilla/5.0 (X11; U; Linux i686; en-US; rv:1.7.8) Gecko/20050610 Firefox/1.0.4 (Debian package 1.0.4-3)"
81.82.32.229 - - [19/Jun/2005:21:22:09 +0200] "GET /favicon.ico HTTP/1.1" 200 3262 "-" "Mozilla/5.0 (X11; U; Linux i686; en-US; rv:1.7.8) Gecko/20050610 Firefox/1.0.4 (Debian package 1.0.4-3)"
81.82.32.229 - - [19/Jun/2005:21:22:17 +0200] "GET /wiki.pl?RTTI HTTP/1.1" 200 8995 "http://wiki.wxwidgets.org/wiki.pl?back=RTTI" "Mozilla/5.0 (X11; U; Linux i686; en-US; rv:1.7.8) Gecko/20050610 Firefox/1.0.4 (Debian package 1.0.4-3)"
212.195.134.50 - - [19/Jun/2005:21:22:40 +0200] "GET /wiki.pl?Dev-CPP_Setup_Guide HTTP/1.1" 200 10495 "http://wiki.wxwidgets.org/wiki.pl?Dev-Cpp_Instructions" "Mozilla/5.0 (Windows; U; Windows NT 5.1; fr-FR; rv:1.7.8) Gecko/20050511 Firefox/1.0.4"
83.232.51.246 - - [19/Jun/2005:21:23:29 +0200] "GET /wiki.pl?back=Precompiled HTTP/1.1" 200 2818 "http://www.google.nl/search?q=dev-cpp+precompiled+headers&sourceid=mozilla-search&start=0&start=0&ie=utf-8&oe=utf-8&client=firefox-a&rls=org.mozilla:nl-NL:official" "Mozilla/5.0 (Windows; U; Windows NT 5.0; nl-NL; rv:1.7.8) Gecko/20050511 Firefox/1.0.4"
83.232.51.246 - - [19/Jun/2005:21:23:29 +0200] "GET /wxwiki.css HTTP/1.1" 200 1540 "http://wiki.wxwidgets.org/wiki.pl?back=Precompiled" "Mozilla/5.0 (Windows; U; Windows NT 5.0; nl-NL; rv:1.7.8) Gecko/20050511 Firefox/1.0.4"
83.232.51.246 - - [19/Jun/2005:21:23:29 +0200] "GET /wximages/wxwidgets02-small.png HTTP/1.1" 200 12468 "http://wiki.wxwidgets.org/wiki.pl?back=Precompiled" "Mozilla/5.0 (Windows; U; Windows NT 5.0; nl-NL; rv:1.7.8) Gecko/20050511 Firefox/1.0.4"
83.232.51.246 - - [19/Jun/2005:21:23:30 +0200] "GET /favicon.ico HTTP/1.1" 200 3262 "-" "Mozilla/5.0 (Windows; U; Windows NT 5.0; nl-NL; rv:1.7.8) Gecko/20050511 Firefox/1.0.4"
83.232.51.246 - - [19/Jun/2005:21:23:35 +0200] "GET /wiki.pl?Precompiled HTTP/1.1" 200 1894 "http://wiki.wxwidgets.org/wiki.pl?back=Precompiled" "Mozilla/5.0 (Windows; U; Windows NT 5.0; nl-NL; rv:1.7.8) Gecko/20050511 Firefox/1.0.4"
83.232.51.246 - - [19/Jun/2005:21:23:40 +0200] "GET /wiki.pl?MSVC_Setup_Guide HTTP/1.1" 200 18691 "http://wiki.wxwidgets.org/wiki.pl?back=Precompiled" "Mozilla/5.0 (Windows; U; Windows NT 5.0; nl-NL; rv:1.7.8) Gecko/20050511 Firefox/1.0.4"
83.232.51.246 - - [19/Jun/2005:21:23:43 +0200] "GET /wiki.pl?Precompiled_Headers HTTP/1.1" 200 5388 "http://wiki.wxwidgets.org/wiki.pl?back=Precompiled" "Mozilla/5.0 (Windows; U; Windows NT 5.0; nl-NL; rv:1.7.8) Gecko/20050511 Firefox/1.0.4"
213.200.97.97 - - [19/Jun/2005:21:34:14 +0200] "HEAD / HTTP/1.1" 200 0 "-" "Mozilla/5.0 (X11; U; Linux i686;) Gecko/20020529 Topicspy Checkbot"
213.200.97.97 - - [19/Jun/2005:21:34:14 +0200] "HEAD /paste.cgi HTTP/1.1" 200 0 "-" "Mozilla/5.0 (X11; U; Linux i686;) Gecko/20020529 Topicspy Checkbot"
206.163.249.51 - - [19/Jun/2005:21:35:08 +0200] "GET / HTTP/1.1" 200 3381 "http://wxwidgets.org/develop2.htm" "Mozilla/5.0 (X11; U; Linux i686; en-US; rv:1.8b2) Gecko/20050618 Firefox/1.0+"
206.163.249.51 - - [19/Jun/2005:21:35:08 +0200] "GET /wxwiki.css HTTP/1.1" 200 1540 "http://wiki.wxwidgets.org/" "Mozilla/5.0 (X11; U; Linux i686; en-US; rv:1.8b2) Gecko/20050618 Firefox/1.0+"
206.163.249.51 - - [19/Jun/2005:21:35:08 +0200] "GET /wximages/wxwidgets02-small.png HTTP/1.1" 200 12468 "http://wiki.wxwidgets.org/" "Mozilla/5.0 (X11; U; Linux i686; en-US; rv:1.8b2) Gecko/20050618 Firefox/1.0+"
206.163.249.51 - - [19/Jun/2005:21:35:25 +0200] "GET /wiki.pl?Table_Of_Contents HTTP/1.1" 200 26242 "http://wiki.wxwidgets.org/" "Mozilla/5.0 (X11; U; Linux i686; en-US; rv:1.8b2) Gecko/20050618 Firefox/1.0+"
206.163.249.51 - - [19/Jun/2005:21:35:38 +0200] "GET /wiki.pl?VIM HTTP/1.1" 200 1922 "http://wiki.wxwidgets.org/wiki.pl?Table_Of_Contents" "Mozilla/5.0 (X11; U; Linux i686; en-US; rv:1.8b2) Gecko/20050618 Firefox/1.0+"
219.135.176.163 - - [19/Jun/2005:21:38:47 +0200] "GET /wximages/wxwidgets02-small.png HTTP/1.1" 200 12468 "http://blog.vckbase.com/BastEt" "Mozilla/4.0 (compatible; MSIE 6.0; Windows NT 5.1; SV1)"
83.16.112.100 - - [19/Jun/2005:21:38:58 +0200] "GET /wiki.pl?WxThread HTTP/1.1" 200 3723 "http://www.google.com/search?hl=pl&q=wxthread+again&btnG=Szukaj&lr=" "Mozilla/4.0 (compatible; MSIE 6.0; Windows NT 5.1; en) Opera 8.0"
83.16.112.100 - - [19/Jun/2005:21:39:01 +0200] "GET /wximages/wxwidgets02-small.png HTTP/1.1" 200 12468 "http://wiki.wxwidgets.org/wiki.pl?WxThread" "Mozilla/4.0 (compatible; MSIE 6.0; Windows NT 5.1; en) Opera 8.0"
83.16.112.100 - - [19/Jun/2005:21:39:03 +0200] "GET /wxwiki.css HTTP/1.1" 200 1540 "http://wiki.wxwidgets.org/wiki.pl?WxThread" "Mozilla/4.0 (compatible; MSIE 6.0; Windows NT 5.1; en) Opera 8.0"
83.16.112.100 - - [19/Jun/2005:21:39:04 +0200] "GET /favicon.ico HTTP/1.1" 200 3262 "http://wiki.wxwidgets.org/wiki.pl?WxThread" "Mozilla/4.0 (compatible; MSIE 6.0; Windows NT 5.1; en) Opera 8.0"
83.16.112.100 - - [19/Jun/2005:21:39:13 +0200] "GET /wiki.pl?WxFrid HTTP/1.1" 200 1760 "-" "Mozilla/4.0 (compatible; MSIE 6.0; Windows NT 5.1; en) Opera 8.0"
83.16.112.100 - - [19/Jun/2005:21:39:14 +0200] "GET /favicon.ico HTTP/1.1" 200 3262 "http://wiki.wxwidgets.org/wiki.pl?WxFrid" "Mozilla/4.0 (compatible; MSIE 6.0; Windows NT 5.1; en) Opera 8.0"
83.16.112.100 - - [19/Jun/2005:21:39:17 +0200] "GET /wiki.pl?WxGrid HTTP/1.1" 200 8250 "-" "Mozilla/4.0 (compatible; MSIE 6.0; Windows NT 5.1; en) Opera 8.0"
220.189.208.212 - - [19/Jun/2005:21:41:31 +0200] "GET /wximages/wxwidgets02-small.png HTTP/1.1" 200 12468 "http://blog.vckbase.com/bastet/" "Mozilla/4.0 (compatible; MSIE 6.0; Windows NT 5.0; .NET CLR 1.1.4322)"
84.154.33.210 - - [19/Jun/2005:21:42:35 +0200] "GET /wxwiki.css HTTP/1.1" 200 1540 "http://wiki.wxwidgets.org/wiki.pl?WxWidgets_Compared_To_Other_Toolkits" "Mozilla/5.0 (Windows; U; Windows NT 5.1; de-DE; rv:1.7.8) Gecko/20050511 Firefox/1.0.4"
84.154.33.210 - - [19/Jun/2005:21:42:35 +0200] "GET /wiki.pl?WxWidgets_Compared_To_Other_Toolkits HTTP/1.1" 200 19476 "http://www.google.de/search?hs=yKk&hl=de&client=firefox-a&rls=org.mozilla%3Ade-DE%3Aofficial&q=fox+wxwidgets&btnG=Suche&meta=" "Mozilla/5.0 (Windows; U; Windows NT 5.1; de-DE; rv:1.7.8) Gecko/20050511 Firefox/1.0.4"
84.154.33.210 - - [19/Jun/2005:21:42:36 +0200] "GET /wximages/wxwidgets02-small.png HTTP/1.1" 200 12468 "http://wiki.wxwidgets.org/wiki.pl?WxWidgets_Compared_To_Other_Toolkits" "Mozilla/5.0 (Windows; U; Windows NT 5.1; de-DE; rv:1.7.8) Gecko/20050511 Firefox/1.0.4"
84.154.33.210 - - [19/Jun/2005:21:42:36 +0200] "GET /favicon.ico HTTP/1.1" 200 3262 "-" "-"
84.154.33.210 - - [19/Jun/2005:21:42:37 +0200] "GET /favicon.ico HTTP/1.1" 200 3262 "-" "Mozilla/5.0 (Windows; U; Windows NT 5.1; de-DE; rv:1.7.8) Gecko/20050511 Firefox/1.0.4"
85.74.45.143 - - [19/Jun/2005:21:43:59 +0200] "GET /wiki.pl?Compiling_A_WxWidgets_Application HTTP/1.1" 200 6068 "http://www.google.de/search?q=wxwidgets+g%2B%2B&sourceid=mozilla-search&start=0&start=0&ie=utf-8&oe=utf-8&client=firefox&rls=org.mozilla:de-DE:unofficial" "Mozilla/5.0 (X11; U; Linux i686; de-DE; rv:1.7.6) Gecko/20050524 Firefox/1.0 (Ubuntu package 1.0.2 MFSA2005-44)"
85.74.45.143 - - [19/Jun/2005:21:43:59 +0200] "GET /wxwiki.css HTTP/1.1" 200 1540 "http://wiki.wxwidgets.org/wiki.pl?Compiling_A_WxWidgets_Application" "Mozilla/5.0 (X11; U; Linux i686; de-DE; rv:1.7.6) Gecko/20050524 Firefox/1.0 (Ubuntu package 1.0.2 MFSA2005-44)"
85.74.45.143 - - [19/Jun/2005:21:43:59 +0200] "GET /wximages/wxwidgets02-small.png HTTP/1.1" 200 12468 "http://wiki.wxwidgets.org/wiki.pl?Compiling_A_WxWidgets_Application" "Mozilla/5.0 (X11; U; Linux i686; de-DE; rv:1.7.6) Gecko/20050524 Firefox/1.0 (Ubuntu package 1.0.2 MFSA2005-44)"
85.74.45.143 - - [19/Jun/2005:21:43:59 +0200] "GET /favicon.ico HTTP/1.1" 200 3262 "-" "Mozilla/5.0 (X11; U; Linux i686; de-DE; rv:1.7.6) Gecko/20050524 Firefox/1.0 (Ubuntu package 1.0.2 MFSA2005-44)"
218.75.242.236 - - [19/Jun/2005:21:46:02 +0200] "GET /wximages/wxwidgets02-small.png HTTP/1.1" 200 12468 "http://blog.vckbase.com/bastet/" "Mozilla/4.0 (compatible; MSIE 5.5; Windows 98)"
68.51.226.246 - - [19/Jun/2005:21:47:47 +0200] "GET /wiki.pl?WxWidgets_Bounties HTTP/1.1" 200 8873 "http://wxwidgets.org/toolbar.htm" "Mozilla/5.0 (Windows; U; Windows NT 5.1; en-US; rv:1.7.8) Gecko/20050511 Firefox/1.0.4"
68.51.226.246 - - [19/Jun/2005:21:47:47 +0200] "GET /wxwiki.css HTTP/1.1" 200 1540 "http://wiki.wxwidgets.org/wiki.pl?WxWidgets_Bounties" "Mozilla/5.0 (Windows; U; Windows NT 5.1; en-US; rv:1.7.8) Gecko/20050511 Firefox/1.0.4"
68.51.226.246 - - [19/Jun/2005:21:47:47 +0200] "GET /wximages/wxwidgets02-small.png HTTP/1.1" 200 12468 "http://wiki.wxwidgets.org/wiki.pl?WxWidgets_Bounties" "Mozilla/5.0 (Windows; U; Windows NT 5.1; en-US; rv:1.7.8) Gecko/20050511 Firefox/1.0.4"
212.195.134.50 - - [19/Jun/2005:21:48:22 +0200] "GET / HTTP/1.1" 200 3381 "http://fr.wikipedia.org/wiki/WxWidgets" "Mozilla/5.0 (Windows; U; Windows NT 5.1; fr-FR; rv:1.7.8) Gecko/20050511 Firefox/1.0.4"
202.165.98.146 - - [19/Jun/2005:21:48:30 +0200] "GET /robots.txt HTTP/1.0" 200 138 "-" "Mozilla/5.0 (compatible; Yahoo! Slurp; http://help.yahoo.com/help/us/ysearch/slurp)"
212.195.134.50 - - [19/Jun/2005:21:48:47 +0200] "GET / HTTP/1.1" 200 3381 "http://www.wxwidgets.org/docs.htm" "Mozilla/5.0 (Windows; U; Windows NT 5.1; fr-FR; rv:1.7.8) Gecko/20050511 Firefox/1.0.4"
212.195.134.50 - - [19/Jun/2005:21:49:45 +0200] "GET /wiki.pl?Resources HTTP/1.1" 200 5882 "http://wiki.wxwidgets.org/" "Mozilla/5.0 (Windows; U; Windows NT 5.1; fr-FR; rv:1.7.8) Gecko/20050511 Firefox/1.0.4"
212.195.134.50 - - [19/Jun/2005:21:49:52 +0200] "GET /wiki.pl?Table_Of_Contents HTTP/1.1" 200 26242 "http://wiki.wxwidgets.org/" "Mozilla/5.0 (Windows; U; Windows NT 5.1; fr-FR; rv:1.7.8) Gecko/20050511 Firefox/1.0.4"
212.195.134.50 - - [19/Jun/2005:21:49:57 +0200] "GET /wiki.pl?Dev-CPP_Setup_Guide HTTP/1.1" 200 10495 "http://wiki.wxwidgets.org/wiki.pl?Table_Of_Contents" "Mozilla/5.0 (Windows; U; Windows NT 5.1; fr-FR; rv:1.7.8) Gecko/20050511 Firefox/1.0.4"
212.195.134.50 - - [19/Jun/2005:21:50:29 +0200] "GET /wiki.pl?MSVC_Setup_Guide HTTP/1.1" 200 18691 "http://wiki.wxwidgets.org/wiki.pl?Table_Of_Contents" "Mozilla/5.0 (Windows; U; Windows NT 5.1; fr-FR; rv:1.7.8) Gecko/20050511 Firefox/1.0.4"
82.77.200.160 - - [19/Jun/2005:21:51:03 +0200] "GET /wiki.pl?MSVC_.NET_Setup_Guide HTTP/1.1" 200 12582 "-" "Mozilla/4.0 (compatible; MSIE 6.0; Windows NT 5.1; SV1; Maxthon; .NET CLR 1.1.4322)"
82.77.200.160 - - [19/Jun/2005:21:51:04 +0200] "GET /wxwiki.css HTTP/1.1" 200 1540 "http://wiki.wxwidgets.org/wiki.pl?MSVC_.NET_Setup_Guide" "Mozilla/4.0 (compatible; MSIE 6.0; Windows NT 5.1; SV1; Maxthon; .NET CLR 1.1.4322)"
82.77.200.160 - - [19/Jun/2005:21:51:27 +0200] "GET /wximages/wxwidgets02-small.png HTTP/1.1" 200 12468 "http://wiki.wxwidgets.org/wiki.pl?MSVC_.NET_Setup_Guide" "Mozilla/4.0 (compatible; MSIE 6.0; Windows NT 5.1; SV1; Maxthon; .NET CLR 1.1.4322)"
82.77.200.160 - - [19/Jun/2005:21:52:46 +0200] "GET /favicon.ico HTTP/1.1" 200 3262 "-" "Mozilla/4.0 (compatible; MSIE 6.0; Windows NT 5.1; SV1; Maxthon; .NET CLR 1.1.4322)"
195.112.98.13 - - [19/Jun/2005:21:53:19 +0200] "GET /wxwiki.css HTTP/1.1" 304 - "http://wiki.wxwidgets.org/wiki.pl?Reducing_Executable_Size" "Opera/7.53 (Windows NT 5.1; U) [en]"
195.112.98.13 - - [19/Jun/2005:21:53:20 +0200] "GET /favicon.ico HTTP/1.1" 304 - "http://wiki.wxwidgets.org/wiki.pl?Reducing_Executable_Size" "Opera/7.53 (Windows NT 5.1; U) [en]"
195.112.98.13 - - [19/Jun/2005:21:53:21 +0200] "GET /wximages/wxwidgets02-small.png HTTP/1.1" 304 - "http://wiki.wxwidgets.org/wiki.pl?Reducing_Executable_Size" "Opera/7.53 (Windows NT 5.1; U) [en]"
217.248.222.218 - - [19/Jun/2005:21:57:25 +0200] "GET /wiki.pl?Developers_Notebook/WxCocoa HTTP/1.1" 200 2143 "http://www.google.de/search?q=wxcocoa&sourceid=mozilla-search&start=0&start=0&ie=utf-8&oe=utf-8&client=firefox&rls=org.mozilla:de-DE:unofficial" "Mozilla/5.0 (X11; U; Linux i686; de-DE; rv:1.7.8) Gecko/20050517 Firefox/1.0.4 (Debian package 1.0.4-2)"
217.248.222.218 - - [19/Jun/2005:21:57:25 +0200] "GET /wxwiki.css HTTP/1.1" 200 1540 "http://wiki.wxwidgets.org/wiki.pl?Developers_Notebook/WxCocoa" "Mozilla/5.0 (X11; U; Linux i686; de-DE; rv:1.7.8) Gecko/20050517 Firefox/1.0.4 (Debian package 1.0.4-2)"
217.248.222.218 - - [19/Jun/2005:21:57:26 +0200] "GET /wximages/wxwidgets02-small.png HTTP/1.1" 200 12468 "http://wiki.wxwidgets.org/wiki.pl?Developers_Notebook/WxCocoa" "Mozilla/5.0 (X11; U; Linux i686; de-DE; rv:1.7.8) Gecko/20050517 Firefox/1.0.4 (Debian package 1.0.4-2)"
217.248.222.218 - - [19/Jun/2005:21:57:27 +0200] "GET /favicon.ico HTTP/1.1" 200 3262 "-" "Mozilla/5.0 (X11; U; Linux i686; de-DE; rv:1.7.8) Gecko/20050517 Firefox/1.0.4 (Debian package 1.0.4-2)"
222.170.131.99 - - [19/Jun/2005:21:57:28 +0200] "GET /wximages/wxwidgets02-small.png HTTP/1.1" 200 12468 "http://blog.vckbase.com/bastet/" "Mozilla/4.0 (compatible; MSIE 6.0; Windows NT 5.1)"
65.54.188.139 - - [19/Jun/2005:21:58:27 +0200] "GET /robots.txt HTTP/1.0" 200 138 "-" "msnbot/1.0 (+http://search.msn.com/msnbot.htm)"
65.54.188.139 - - [19/Jun/2005:21:58:28 +0200] "GET /wiki.pl?action=rc&days=3 HTTP/1.0" 200 4839 "-" "msnbot/1.0 (+http://search.msn.com/msnbot.htm)"
218.75.242.236 - - [19/Jun/2005:21:58:35 +0200] "GET /wximages/wxwidgets02-small.png HTTP/1.1" 304 - "http://blog.vckbase.com/bastet/" "Mozilla/4.0 (compatible; MSIE 5.5; Windows 98)"
222.240.227.138 - - [19/Jun/2005:21:59:43 +0200] "GET /wximages/wxwidgets02-small.png HTTP/1.1" 200 12468 "http://blog.vckbase.com/bastet/" "Mozilla/4.0 (compatible; MSIE 6.0; Windows NT 5.2; .NET CLR 1.1.4322)"
219.236.227.217 - - [19/Jun/2005:22:01:08 +0200] "GET /wximages/wxwidgets02-small.png HTTP/1.1" 200 12468 "http://blog.vckbase.com/bastet/" "Mozilla/4.0 (compatible; MSIE 6.0; Windows NT 5.1; SV1; MyIE2)"
69.230.193.204 - - [19/Jun/2005:22:02:48 +0200] "GET //wiki.pl?action=browse&id=Installing_WxWin&revision=5 HTTP/1.1" 200 6343 "http://www.google.com/search?client=firefox-a&rls=org.mozilla%3Aen-US%3Aofficial_s&hl=en&q=fatal+error+RC1015%3A+cannot+open+include+file+%27wx%2Fmsw%2Fwx.rc%27&btnG=Google+Search" "Mozilla/5.0 (Windows; U; Windows NT 5.1; en-US; rv:1.7.8) Gecko/20050511 Firefox/1.0.4"
69.230.193.204 - - [19/Jun/2005:22:02:48 +0200] "GET /wxwiki.css HTTP/1.1" 200 1540 "http://wiki.wxwidgets.org//wiki.pl?action=browse&id=Installing_WxWin&revision=5" "Mozilla/5.0 (Windows; U; Windows NT 5.1; en-US; rv:1.7.8) Gecko/20050511 Firefox/1.0.4"
69.230.193.204 - - [19/Jun/2005:22:02:51 +0200] "GET /wximages/wxwidgets02-small.png HTTP/1.1" 200 12468 "http://wiki.wxwidgets.org//wiki.pl?action=browse&id=Installing_WxWin&revision=5" "Mozilla/5.0 (Windows; U; Windows NT 5.1; en-US; rv:1.7.8) Gecko/20050511 Firefox/1.0.4"
69.230.193.204 - - [19/Jun/2005:22:02:52 +0200] "GET /favicon.ico HTTP/1.1" 200 3262 "-" "Mozilla/5.0 (Windows; U; Windows NT 5.1; en-US; rv:1.7.8) Gecko/20050511 Firefox/1.0.4"
81.242.164.170 - - [19/Jun/2005:22:04:42 +0200] "GET / HTTP/1.1" 200 3381 "http://www.wxwidgets.org/docs.htm" "Mozilla/5.0 (Macintosh; U; PPC Mac OS X Mach-O; fr-FR; rv:1.7.8) Gecko/20050511 Firefox/1.0.4"
81.242.164.170 - - [19/Jun/2005:22:04:42 +0200] "GET /wxwiki.css HTTP/1.1" 200 1540 "http://wiki.wxwidgets.org/" "Mozilla/5.0 (Macintosh; U; PPC Mac OS X Mach-O; fr-FR; rv:1.7.8) Gecko/20050511 Firefox/1.0.4"
81.242.164.170 - - [19/Jun/2005:22:04:42 +0200] "GET /wximages/wxwidgets02-small.png HTTP/1.1" 200 12468 "http://wiki.wxwidgets.org/" "Mozilla/5.0 (Macintosh; U; PPC Mac OS X Mach-O; fr-FR; rv:1.7.8) Gecko/20050511 Firefox/1.0.4"
81.242.164.170 - - [19/Jun/2005:22:04:58 +0200] "GET /wiki.pl?Table_Of_Contents HTTP/1.1" 200 26242 "http://wiki.wxwidgets.org/" "Mozilla/5.0 (Macintosh; U; PPC Mac OS X Mach-O; fr-FR; rv:1.7.8) Gecko/20050511 Firefox/1.0.4"
81.242.164.170 - - [19/Jun/2005:22:05:17 +0200] "GET /wiki.pl?Mac_OS_X_And_Xcode_For_Beginners HTTP/1.1" 200 31994 "http://wiki.wxwidgets.org/wiki.pl?Table_Of_Contents" "Mozilla/5.0 (Macintosh; U; PPC Mac OS X Mach-O; fr-FR; rv:1.7.8) Gecko/20050511 Firefox/1.0.4"
62.179.150.0 - - [19/Jun/2005:22:05:21 +0200] "GET /wiki.pl?Flicker-Free_Drawing HTTP/1.1" 200 13169 "http://wiki.wxpython.org/index.cgi/CustomisedDrawing" "Mozilla/5.0 (X11; U; Linux i686; en-US; rv:1.7.8) Gecko/20050608 Firefox/1.0 (Ubuntu package 1.0.4)"
62.179.150.0 - - [19/Jun/2005:22:05:21 +0200] "GET /wxwiki.css HTTP/1.1" 200 1540 "http://wiki.wxwidgets.org/wiki.pl?Flicker-Free_Drawing" "Mozilla/5.0 (X11; U; Linux i686; en-US; rv:1.7.8) Gecko/20050608 Firefox/1.0 (Ubuntu package 1.0.4)"
62.179.150.0 - - [19/Jun/2005:22:05:21 +0200] "GET /wximages/wxwidgets02-small.png HTTP/1.1" 200 12468 "http://wiki.wxwidgets.org/wiki.pl?Flicker-Free_Drawing" "Mozilla/5.0 (X11; U; Linux i686; en-US; rv:1.7.8) Gecko/20050608 Firefox/1.0 (Ubuntu package 1.0.4)"
62.179.150.0 - - [19/Jun/2005:22:05:21 +0200] "GET /favicon.ico HTTP/1.1" 200 3262 "-" "Mozilla/5.0 (X11; U; Linux i686; en-US; rv:1.7.8) Gecko/20050608 Firefox/1.0 (Ubuntu package 1.0.4)"
81.242.164.170 - - [19/Jun/2005:22:05:54 +0200] "GET /wiki.pl?Mac_OS_X_And_Xcode_1.5_Project_Setup_Guide HTTP/1.1" 200 3989 "http://wiki.wxwidgets.org/wiki.pl?Table_Of_Contents" "Mozilla/5.0 (Macintosh; U; PPC Mac OS X Mach-O; fr-FR; rv:1.7.8) Gecko/20050511 Firefox/1.0.4"
81.242.164.170 - - [19/Jun/2005:22:06:29 +0200] "GET /wiki.pl?WxMac_Issues HTTP/1.1" 200 21584 "http://wiki.wxwidgets.org/wiki.pl?Table_Of_Contents" "Mozilla/5.0 (Macintosh; U; PPC Mac OS X Mach-O; fr-FR; rv:1.7.8) Gecko/20050511 Firefox/1.0.4"
65.54.188.139 - - [19/Jun/2005:22:06:38 +0200] "GET /wiki.pl?Frm HTTP/1.0" 200 1728 "-" "msnbot/1.0 (+http://search.msn.com/msnbot.htm)"
81.242.164.170 - - [19/Jun/2005:22:08:07 +0200] "GET /wiki.pl?WxWidgets_Vacancies HTTP/1.1" 200 3602 "http://www.wxwidgets.org/toolbar.htm" "Mozilla/5.0 (Macintosh; U; PPC Mac OS X Mach-O; fr-FR; rv:1.7.8) Gecko/20050511 Firefox/1.0.4"
195.179.191.189 - - [19/Jun/2005:22:09:32 +0200] "GET / HTTP/1.1" 200 3381 "http://www.wxwidgets.org/docs.htm" "Mozilla/5.0 (Windows; U; Windows NT 5.0; de-DE; rv:1.7.8) Gecko/20050511 Firefox/1.0.4"
195.179.191.189 - - [19/Jun/2005:22:09:52 +0200] "GET /wiki.pl?Table_Of_Contents HTTP/1.1" 200 26242 "http://wiki.wxwidgets.org/" "Mozilla/5.0 (Windows; U; Windows NT 5.0; de-DE; rv:1.7.8) Gecko/20050511 Firefox/1.0.4"
195.179.191.189 - - [19/Jun/2005:22:10:11 +0200] "GET /wiki.pl?Installing_WxWin_MinGW HTTP/1.1" 200 6219 "http://wiki.wxwidgets.org/wiki.pl?Table_Of_Contents" "Mozilla/5.0 (Windows; U; Windows NT 5.0; de-DE; rv:1.7.8) Gecko/20050511 Firefox/1.0.4"
81.227.34.157 - - [19/Jun/2005:22:10:32 +0200] "GET / HTTP/1.1" 200 3381 "-" "Mozilla/5.0 (OS/2; U; Warp 4.5; en-US; rv:1.7.8) Gecko/20050518"
81.227.34.157 - - [19/Jun/2005:22:10:53 +0200] "GET /wiki.pl?Table_Of_Contents HTTP/1.1" 200 26242 "http://wiki.wxwidgets.org/" "Mozilla/5.0 (OS/2; U; Warp 4.5; en-US; rv:1.7.8) Gecko/20050518"
65.54.188.139 - - [19/Jun/2005:22:10:54 +0200] "GET /wiki.pl?action=rc&days=7 HTTP/1.0" 200 5805 "-" "msnbot/1.0 (+http://search.msn.com/msnbot.htm)"
81.227.34.157 - - [19/Jun/2005:22:11:05 +0200] "GET /wiki.pl?Resources HTTP/1.1" 200 5882 "http://wiki.wxwidgets.org/" "Mozilla/5.0 (OS/2; U; Warp 4.5; en-US; rv:1.7.8) Gecko/20050518"
65.54.188.139 - - [19/Jun/2005:22:11:21 +0200] "GET /wiki.pl?action=rc&days=1 HTTP/1.0" 200 2705 "-" "msnbot/1.0 (+http://search.msn.com/msnbot.htm)"
218.86.91.157 - - [19/Jun/2005:22:11:33 +0200] "GET /wximages/wxwidgets02-small.png HTTP/1.1" 200 12468 "http://blog.vckbase.com/bastet/" "Mozilla/4.0 (compatible; MSIE 6.0; Windows NT 5.1; SV1)"
65.54.188.139 - - [19/Jun/2005:22:12:54 +0200] "GET /wiki.pl?Writing_Your_First_Application/Introduction HTTP/1.0" 200 7784 "-" "msnbot/1.0 (+http://search.msn.com/msnbot.htm)"
81.60.108.16 - - [19/Jun/2005:22:13:28 +0200] "GET /wiki.pl?Developers_Notebook/WxWinCE HTTP/1.1" 200 7602 "http://www.koansoftware.com/en/prd_svil_wxwince.htm" "Mozilla/4.0 (compatible; MSIE 6.0; Windows NT 5.1; SV1; .NET CLR 1.1.4322)"
81.60.108.16 - - [19/Jun/2005:22:13:31 +0200] "GET /wxwiki.css HTTP/1.1" 304 - "http://wiki.wxwidgets.org/wiki.pl?Developers_Notebook/WxWinCE" "Mozilla/4.0 (compatible; MSIE 6.0; Windows NT 5.1; SV1; .NET CLR 1.1.4322)"
81.60.108.16 - - [19/Jun/2005:22:13:32 +0200] "GET /wximages/wxwidgets02-small.png HTTP/1.1" 304 - "http://wiki.wxwidgets.org/wiki.pl?Developers_Notebook/WxWinCE" "Mozilla/4.0 (compatible; MSIE 6.0; Windows NT 5.1; SV1; .NET CLR 1.1.4322)"
82.77.200.160 - - [19/Jun/2005:22:14:39 +0200] "GET /wiki.pl?MSVC_.NET_Setup_Guide HTTP/1.1" 200 12582 "-" "Mozilla/4.0 (compatible; MSIE 6.0; Windows NT 5.1; SV1; Maxthon; .NET CLR 1.1.4322)"
82.77.200.160 - - [19/Jun/2005:22:14:56 +0200] "GET /wxwiki.css HTTP/1.1" 304 - "http://wiki.wxwidgets.org/wiki.pl?MSVC_.NET_Setup_Guide" "Mozilla/4.0 (compatible; MSIE 6.0; Windows NT 5.1; SV1; Maxthon; .NET CLR 1.1.4322)"
65.54.188.139 - - [19/Jun/2005:22:15:15 +0200] "GET /wiki.pl?Bakefile_Basic HTTP/1.0" 200 6158 "-" "msnbot/1.0 (+http://search.msn.com/msnbot.htm)"
65.54.188.139 - - [19/Jun/2005:22:15:32 +0200] "GET /wiki.pl?Wegstar HTTP/1.0" 200 1752 "-" "msnbot/1.0 (+http://search.msn.com/msnbot.htm)"
82.77.200.160 - - [19/Jun/2005:22:15:45 +0200] "GET /wximages/wxwidgets02-small.png HTTP/1.1" 304 - "http://wiki.wxwidgets.org/wiki.pl?MSVC_.NET_Setup_Guide" "Mozilla/4.0 (compatible; MSIE 6.0; Windows NT 5.1; SV1; Maxthon; .NET CLR 1.1.4322)"
85.74.45.143 - - [19/Jun/2005:22:16:07 +0200] "GET /wiki.pl?Compiling_A_WxWidgets_Application HTTP/1.1" 200 6068 "http://www.google.de/search?q=wxwidgets+g%2B%2B&sourceid=mozilla-search&start=0&start=0&ie=utf-8&oe=utf-8&client=firefox&rls=org.mozilla:de-DE:unofficial" "Mozilla/5.0 (X11; U; Linux i686; de-DE; rv:1.7.6) Gecko/20050524 Firefox/1.0 (Ubuntu package 1.0.2 MFSA2005-44)"
84.139.43.30 - - [19/Jun/2005:22:16:45 +0200] "GET /wiki.pl?Installing_WxWin_MinGW HTTP/1.1" 200 6219 "-" "Mozilla/5.0 (Windows; U; Windows NT 5.1; de-DE; rv:1.7.8) Gecko/20050511 Firefox/1.0.4"
65.54.188.139 - - [19/Jun/2005:22:18:11 +0200] "GET /wiki.pl?JaakkoSalli HTTP/1.0" 200 1778 "-" "msnbot/1.0 (+http://search.msn.com/msnbot.htm)"
65.54.188.139 - - [19/Jun/2005:22:18:32 +0200] "GET /wiki.pl?Using_XML_With_WxWidgets HTTP/1.0" 200 5804 "-" "msnbot/1.0 (+http://search.msn.com/msnbot.htm)"
65.54.188.139 - - [19/Jun/2005:22:19:59 +0200] "GET /wiki.pl?Bakefile_Tips HTTP/1.0" 200 8036 "-" "msnbot/1.0 (+http://search.msn.com/msnbot.htm)"
81.60.108.16 - - [19/Jun/2005:22:20:03 +0200] "GET /wiki.pl?Developers_Notebook/WxWinCE HTTP/1.1" 200 7602 "http://www.wxwidgets.org/embedded.htm" "Mozilla/4.0 (compatible; MSIE 6.0; Windows NT 5.1; SV1; .NET CLR 1.1.4322)"
81.60.108.16 - - [19/Jun/2005:22:20:07 +0200] "GET /wximages/wxwidgets02-small.png HTTP/1.1" 304 - "http://wiki.wxwidgets.org/wiki.pl?Developers_Notebook/WxWinCE" "Mozilla/4.0 (compatible; MSIE 6.0; Windows NT 5.1; SV1; .NET CLR 1.1.4322)"
81.60.108.16 - - [19/Jun/2005:22:20:07 +0200] "GET /wxwiki.css HTTP/1.1" 304 - "http://wiki.wxwidgets.org/wiki.pl?Developers_Notebook/WxWinCE" "Mozilla/4.0 (compatible; MSIE 6.0; Windows NT 5.1; SV1; .NET CLR 1.1.4322)"
81.60.108.16 - - [19/Jun/2005:22:20:29 +0200] "GET /wiki.pl?RecentChanges HTTP/1.1" 200 11574 "http://wiki.wxwidgets.org/wiki.pl?Developers_Notebook/WxWinCE" "Mozilla/4.0 (compatible; MSIE 6.0; Windows NT 5.1; SV1; .NET CLR 1.1.4322)"
81.60.108.16 - - [19/Jun/2005:22:21:02 +0200] "GET /wiki.pl?Test_Frameworks HTTP/1.1" 200 3280 "http://wiki.wxwidgets.org/wiki.pl?RecentChanges" "Mozilla/4.0 (compatible; MSIE 6.0; Windows NT 5.1; SV1; .NET CLR 1.1.4322)"
65.54.188.139 - - [19/Jun/2005:22:21:31 +0200] "GET /wiki.pl?Ryan_Norton HTTP/1.0" 200 1776 "-" "msnbot/1.0 (+http://search.msn.com/msnbot.htm)"
83.208.167.211 - - [19/Jun/2005:22:21:36 +0200] "GET /wiki.pl?WxWidgets_For_MFC_Programmers HTTP/1.1" 200 12586 "http://www.google.com/search?hl=cs&q=wxwidgets+mfc&btnG=Hledat&lr=" "Mozilla/4.0 (compatible; MSIE 6.0; Windows NT 5.1; Deepnet Explorer 1.3.2; .NET CLR 1.1.4322; FDM)"
83.208.167.211 - - [19/Jun/2005:22:21:37 +0200] "GET /wxwiki.css HTTP/1.1" 304 - "http://wiki.wxwidgets.org/wiki.pl?WxWidgets_For_MFC_Programmers" "Mozilla/4.0 (compatible; MSIE 6.0; Windows NT 5.1; Deepnet Explorer 1.3.2; .NET CLR 1.1.4322; FDM)"
83.208.167.211 - - [19/Jun/2005:22:21:37 +0200] "GET /wximages/wxwidgets02-small.png HTTP/1.1" 304 - "http://wiki.wxwidgets.org/wiki.pl?WxWidgets_For_MFC_Programmers" "Mozilla/4.0 (compatible; MSIE 6.0; Windows NT 5.1; Deepnet Explorer 1.3.2; .NET CLR 1.1.4322; FDM)"
83.130.206.168 - - [19/Jun/2005:22:21:49 +0200] "GET /wiki.pl?WxWidgets_Vacancies HTTP/1.1" 200 3602 "http://www.wxwidgets.org/toolbar.htm" "Mozilla/5.0 (Windows; U; Windows NT 5.1; en-US; rv:1.7.8) Gecko/20050511 Firefox/1.0.4"
83.130.206.168 - - [19/Jun/2005:22:21:49 +0200] "GET /wxwiki.css HTTP/1.1" 200 1540 "http://wiki.wxwidgets.org/wiki.pl?WxWidgets_Vacancies" "Mozilla/5.0 (Windows; U; Windows NT 5.1; en-US; rv:1.7.8) Gecko/20050511 Firefox/1.0.4"
83.130.206.168 - - [19/Jun/2005:22:21:50 +0200] "GET /wximages/wxwidgets02-small.png HTTP/1.1" 200 12468 "http://wiki.wxwidgets.org/wiki.pl?WxWidgets_Vacancies" "Mozilla/5.0 (Windows; U; Windows NT 5.1; en-US; rv:1.7.8) Gecko/20050511 Firefox/1.0.4"
81.60.108.16 - - [19/Jun/2005:22:21:51 +0200] "GET /wiki.pl?Developers_Notebook HTTP/1.1" 200 3273 "http://wiki.wxwidgets.org/wiki.pl?Developers_Notebook/WxWinCE" "Mozilla/4.0 (compatible; MSIE 6.0; Windows NT 5.1; SV1; .NET CLR 1.1.4322)"
83.130.206.168 - - [19/Jun/2005:22:21:55 +0200] "GET /favicon.ico HTTP/1.1" 200 3262 "-" "Mozilla/5.0 (Windows; U; Windows NT 5.1; en-US; rv:1.7.8) Gecko/20050511 Firefox/1.0.4"
65.54.188.139 - - [19/Jun/2005:22:21:58 +0200] "GET /wiki.pl?YaDoo HTTP/1.0" 200 1851 "-" "msnbot/1.0 (+http://search.msn.com/msnbot.htm)"
81.60.108.16 - - [19/Jun/2005:22:22:19 +0200] "GET /wiki.pl?Developers_Notebook/WxWinCE HTTP/1.1" 200 7602 "http://wiki.wxwidgets.org/wiki.pl?Developers_Notebook" "Mozilla/4.0 (compatible; MSIE 6.0; Windows NT 5.1; SV1; .NET CLR 1.1.4322)"
65.54.188.139 - - [19/Jun/2005:22:22:45 +0200] "GET /wiki.pl?Jfath HTTP/1.0" 200 1740 "-" "msnbot/1.0 (+http://search.msn.com/msnbot.htm)"
83.130.206.168 - - [19/Jun/2005:22:22:52 +0200] "GET /wiki.pl?Job_Description_Here HTTP/1.1" 200 5717 "http://wiki.wxwidgets.org/wiki.pl?WxWidgets_Vacancies" "Mozilla/5.0 (Windows; U; Windows NT 5.1; en-US; rv:1.7.8) Gecko/20050511 Firefox/1.0.4"
221.232.94.33 - - [19/Jun/2005:22:24:11 +0200] "GET /wximages/wxwidgets02-small.png HTTP/1.1" 200 12468 "http://blog.vckbase.com/bastet/" "Mozilla/4.0 (compatible; MSIE 5.0; Windows 98; DigExt)"
222.89.240.137 - - [19/Jun/2005:22:24:49 +0200] "GET /wximages/wxwidgets02-small.png HTTP/1.1" 200 12468 "http://blog.vckbase.com/bastet/" "Mozilla/4.0 (compatible; MSIE 6.0; Windows NT 5.0)"
64.4.8.94 - - [19/Jun/2005:22:27:55 +0200] "GET /robots.txt HTTP/1.0" 200 138 "-" "msnbot/1.0 (+http://search.msn.com/msnbot.htm)"
64.4.8.94 - - [19/Jun/2005:22:27:55 +0200] "GET /wiki.pl?Developers_Notebook HTTP/1.0" 200 3261 "-" "msnbot/1.0 (+http://search.msn.com/msnbot.htm)"
81.60.108.16 - - [19/Jun/2005:22:29:31 +0200] "GET /wiki.pl?Developers_Notebook/WxWinCECompiling HTTP/1.1" 200 11076 "http://wiki.wxwidgets.org/wiki.pl?Developers_Notebook/WxWinCE" "Mozilla/4.0 (compatible; MSIE 6.0; Windows NT 5.1; SV1; .NET CLR 1.1.4322)"
195.122.192.89 - - [19/Jun/2005:22:38:38 +0200] "GET /wiki.pl?WxSocket HTTP/1.1" 200 7857 "-" "Mozilla/4.0 (compatible; MSIE 6.0; Windows NT 5.1)"
195.122.192.89 - - [19/Jun/2005:22:38:39 +0200] "GET /wximages/wxwidgets02-small.png HTTP/1.1" 200 12468 "http://wiki.wxwidgets.org/wiki.pl?WxSocket" "Mozilla/4.0 (compatible; MSIE 6.0; Windows NT 5.1)"
195.122.192.89 - - [19/Jun/2005:22:38:39 +0200] "GET /wxwiki.css HTTP/1.1" 200 1540 "http://wiki.wxwidgets.org/wiki.pl?WxSocket" "Mozilla/4.0 (compatible; MSIE 6.0; Windows NT 5.1)"
195.92.67.77 - - [19/Jun/2005:22:39:19 +0200] "GET /wiki.pl?Installing_WxWin_For_MS_Free_Tools HTTP/1.1" 200 9668 "http://www.google.co.uk/search?q=wxwidgets+compile+%22visual+c%2B%2B+toolkit+2003%22+&sourceid=mozilla-search&start=0&start=0&ie=utf-8&oe=utf-8&client=firefox-a&rls=org.mozilla:en-GB:official" "Mozilla/5.0 (Windows; U; Windows NT 5.1; en-GB; rv:1.7.8) Gecko/20050511 Firefox/1.0.4"
66.225.39.179 - - [19/Jun/2005:22:40:38 +0200] "GET /wiki.pl?Dev-CPP_Setup_Guide? HTTP/1.1" 200 68 "http://sourceforge.net/forum/message.php?msg_id=3115553" "Mozilla/5.0 (Windows; U; Windows NT 5.1; en-US; rv:1.7.8) Gecko/20050511 Firefox/1.0.4"
66.225.39.179 - - [19/Jun/2005:22:40:38 +0200] "GET /favicon.ico HTTP/1.1" 200 3262 "-" "Mozilla/5.0 (Windows; U; Windows NT 5.1; en-US; rv:1.7.8) Gecko/20050511 Firefox/1.0.4"
70.69.35.155 - - [19/Jun/2005:22:41:39 +0200] "GET /paste.cgi HTTP/1.1" 200 1321 "-" "Mozilla/5.0 (X11; U; Linux i686; en-US; rv:1.7.8) Gecko/20050524 Fedora/1.0.4-4 Firefox/1.0.4"
70.69.35.155 - - [19/Jun/2005:22:41:39 +0200] "GET /favicon.ico HTTP/1.1" 200 3262 "-" "Mozilla/5.0 (X11; U; Linux i686; en-US; rv:1.7.8) Gecko/20050524 Fedora/1.0.4-4 Firefox/1.0.4"
222.83.227.199 - - [19/Jun/2005:22:45:25 +0200] "GET /wximages/wxwidgets02-small.png HTTP/1.1" 200 12468 "http://blog.vckbase.com/bastet/" "Mozilla/4.0 (compatible; MSIE 6.0; Windows NT 5.1)"
84.114.151.105 - - [19/Jun/2005:22:45:44 +0200] "GET /favicon.ico HTTP/1.0" 200 3262 "-" "Avant Browser (http://www.avantbrowser.com)"
84.114.151.105 - - [19/Jun/2005:22:45:44 +0200] "GET /wiki.pl?WxWidgets_Compared_To_Other_Toolkits HTTP/1.0" 200 19433 "http://www.google.at/search?hl=de&biw=1000&q=ultimate%2B%2B+examples&meta=" "Mozilla/4.0 (compatible; MSIE 6.0; Windows NT 5.1; (R1 1.5); .NET CLR 1.1.4322; .NET CLR 1.0.3705; .NET CLR 2.0.50215)"
84.114.151.105 - - [19/Jun/2005:22:45:44 +0200] "GET /wxwiki.css HTTP/1.0" 200 1540 "http://wiki.wxwidgets.org/wiki.pl?WxWidgets_Compared_To_Other_Toolkits" "Mozilla/4.0 (compatible; MSIE 6.0; Windows NT 5.1; (R1 1.5); .NET CLR 1.1.4322; .NET CLR 1.0.3705; .NET CLR 2.0.50215)"
84.114.151.105 - - [19/Jun/2005:22:45:44 +0200] "GET /wximages/wxwidgets02-small.png HTTP/1.0" 200 12468 "http://wiki.wxwidgets.org/wiki.pl?WxWidgets_Compared_To_Other_Toolkits" "Mozilla/4.0 (compatible; MSIE 6.0; Windows NT 5.1; (R1 1.5); .NET CLR 1.1.4322; .NET CLR 1.0.3705; .NET CLR 2.0.50215)"
84.58.147.195 - - [19/Jun/2005:22:46:14 +0200] "GET /wxwiki.css HTTP/1.1" 200 1540 "http://wiki.wxwidgets.org/wiki.pl?Table_Of_Contents" "Mozilla/4.0 (compatible; MSIE 6.0; Windows NT 5.1) Opera 7.54 [de]"
84.58.147.195 - - [19/Jun/2005:22:46:14 +0200] "GET /wiki.pl?Table_Of_Contents HTTP/1.1" 200 26242 "http://www.google.de/search?hl=de&q=wxwidgets+osx+windows+cross+tutorial&btnG=Suche&meta=" "Mozilla/4.0 (compatible; MSIE 6.0; Windows NT 5.1) Opera 7.54 [de]"
84.58.147.195 - - [19/Jun/2005:22:46:14 +0200] "GET /favicon.ico HTTP/1.1" 200 3262 "http://wiki.wxwidgets.org/wiki.pl?Table_Of_Contents" "Mozilla/4.0 (compatible; MSIE 6.0; Windows NT 5.1) Opera 7.54 [de]"
84.58.147.195 - - [19/Jun/2005:22:46:14 +0200] "GET /wximages/wxwidgets02-small.png HTTP/1.1" 200 12468 "http://wiki.wxwidgets.org/wiki.pl?Table_Of_Contents" "Mozilla/4.0 (compatible; MSIE 6.0; Windows NT 5.1) Opera 7.54 [de]"
84.58.147.195 - - [19/Jun/2005:22:46:21 +0200] "GET /wiki.pl?Dev-CPP_Setup_Guide HTTP/1.1" 200 10495 "http://wiki.wxwidgets.org/wiki.pl?Table_Of_Contents" "Mozilla/4.0 (compatible; MSIE 6.0; Windows NT 5.1) Opera 7.54 [de]"
84.58.147.195 - - [19/Jun/2005:22:46:21 +0200] "GET /wxwiki.css HTTP/1.1" 304 - "http://wiki.wxwidgets.org/wiki.pl?Dev-CPP_Setup_Guide" "Mozilla/4.0 (compatible; MSIE 6.0; Windows NT 5.1) Opera 7.54 [de]"
84.58.147.195 - - [19/Jun/2005:22:46:22 +0200] "GET /wximages/wxwidgets02-small.png HTTP/1.1" 304 - "http://wiki.wxwidgets.org/wiki.pl?Dev-CPP_Setup_Guide" "Mozilla/4.0 (compatible; MSIE 6.0; Windows NT 5.1) Opera 7.54 [de]"
82.212.52.234 - - [19/Jun/2005:22:46:26 +0200] "GET /wiki.pl?Installing_WxWin_For_MS_Free_Tools HTTP/1.1" 200 9668 "http://www.google.de/search?hs=dKl&hl=de&client=firefox-a&rls=org.mozilla%3Ade-DE%3Aofficial&q=%22MSVC+Tools%22&btnG=Suche&meta=" "Mozilla/5.0 (Windows; U; Windows NT 5.1; de-DE; rv:1.7.8) Gecko/20050511 Firefox/1.0.4"
82.212.52.234 - - [19/Jun/2005:22:46:26 +0200] "GET /wxwiki.css HTTP/1.1" 200 1540 "http://wiki.wxwidgets.org/wiki.pl?Installing_WxWin_For_MS_Free_Tools" "Mozilla/5.0 (Windows; U; Windows NT 5.1; de-DE; rv:1.7.8) Gecko/20050511 Firefox/1.0.4"
82.212.52.234 - - [19/Jun/2005:22:46:26 +0200] "GET /wximages/wxwidgets02-small.png HTTP/1.1" 200 12468 "http://wiki.wxwidgets.org/wiki.pl?Installing_WxWin_For_MS_Free_Tools" "Mozilla/5.0 (Windows; U; Windows NT 5.1; de-DE; rv:1.7.8) Gecko/20050511 Firefox/1.0.4"
82.212.52.234 - - [19/Jun/2005:22:46:26 +0200] "GET /favicon.ico HTTP/1.1" 200 3262 "-" "Mozilla/5.0 (Windows; U; Windows NT 5.1; de-DE; rv:1.7.8) Gecko/20050511 Firefox/1.0.4"
84.58.147.195 - - [19/Jun/2005:22:46:47 +0200] "GET /wiki.pl?MSVC_Setup_Guide_For_Wx_2.5.4_And_Later HTTP/1.1" 200 3069 "http://wiki.wxwidgets.org/wiki.pl?Table_Of_Contents" "Mozilla/4.0 (compatible; MSIE 6.0; Windows NT 5.1) Opera 7.54 [de]"
84.58.147.195 - - [19/Jun/2005:22:46:47 +0200] "GET /wxwiki.css HTTP/1.1" 304 - "http://wiki.wxwidgets.org/wiki.pl?MSVC_Setup_Guide_For_Wx_2.5.4_And_Later" "Mozilla/4.0 (compatible; MSIE 6.0; Windows NT 5.1) Opera 7.54 [de]"
84.58.147.195 - - [19/Jun/2005:22:46:47 +0200] "GET /wximages/wxwidgets02-small.png HTTP/1.1" 304 - "http://wiki.wxwidgets.org/wiki.pl?MSVC_Setup_Guide_For_Wx_2.5.4_And_Later" "Mozilla/4.0 (compatible; MSIE 6.0; Windows NT 5.1) Opera 7.54 [de]"
84.114.151.105 - - [19/Jun/2005:22:46:51 +0200] "GET /wiki.pl?WxWiki HTTP/1.0" 200 3369 "http://wiki.wxwidgets.org/wiki.pl?WxWidgets_Compared_To_Other_Toolkits" "Mozilla/4.0 (compatible; MSIE 6.0; Windows NT 5.1; (R1 1.5); .NET CLR 1.1.4322; .NET CLR 1.0.3705; .NET CLR 2.0.50215)"
66.74.176.116 - - [19/Jun/2005:22:46:58 +0200] "GET / HTTP/1.1" 200 3381 "http://www.wxwidgets.org/docs.htm" "Mozilla/5.0 (Windows; U; Windows NT 5.1; en-US; rv:1.7.6) Gecko/20050317 Firefox/1.0.2"
66.74.176.116 - - [19/Jun/2005:22:47:02 +0200] "GET /wiki.pl?Table_Of_Contents HTTP/1.1" 200 26242 "http://wiki.wxwidgets.org/" "Mozilla/5.0 (Windows; U; Windows NT 5.1; en-US; rv:1.7.6) Gecko/20050317 Firefox/1.0.2"
221.254.203.118 - - [19/Jun/2005:22:47:03 +0200] "GET /wiki.pl?Installing_WxWin_For_MS_Free_Tools HTTP/1.1" 200 9668 "http://wiki.wxwidgets.org/" "Mozilla/5.0 (Windows; U; Windows NT 5.1; de-DE; rv:1.7.8) Gecko/20050511 Firefox/1.0.4"
221.254.203.118 - - [19/Jun/2005:22:47:04 +0200] "GET /wxwiki.css HTTP/1.1" 200 1540 "http://wiki.wxwidgets.org/" "Mozilla/5.0 (Windows; U; Windows NT 5.1; de-DE; rv:1.7.8) Gecko/20050511 Firefox/1.0.4"
221.254.203.118 - - [19/Jun/2005:22:47:06 +0200] "GET /wximages/wxwidgets02-small.png HTTP/1.1" 200 12468 "http://wiki.wxwidgets.org/" "Mozilla/5.0 (Windows; U; Windows NT 5.1; de-DE; rv:1.7.8) Gecko/20050511 Firefox/1.0.4"
66.74.176.116 - - [19/Jun/2005:22:47:08 +0200] "GET /wiki.pl?WxProcess HTTP/1.1" 200 3453 "http://wiki.wxwidgets.org/wiki.pl?Table_Of_Contents" "Mozilla/5.0 (Windows; U; Windows NT 5.1; en-US; rv:1.7.6) Gecko/20050317 Firefox/1.0.2"
84.58.147.195 - - [19/Jun/2005:22:52:01 +0200] "GET /wiki.pl?Compiling_WxWidgets HTTP/1.1" 200 15599 "http://www.google.de/search?hl=de&q=wxwidgets+dev+c%2B%2B+build+mac&btnG=Google-Suche&meta=" "Mozilla/4.0 (compatible; MSIE 6.0; Windows NT 5.1) Opera 7.54 [de]"
84.58.147.195 - - [19/Jun/2005:22:52:01 +0200] "GET /wxwiki.css HTTP/1.1" 304 - "http://wiki.wxwidgets.org/wiki.pl?Compiling_WxWidgets" "Mozilla/4.0 (compatible; MSIE 6.0; Windows NT 5.1) Opera 7.54 [de]"
84.58.147.195 - - [19/Jun/2005:22:52:01 +0200] "GET /wximages/wxwidgets02-small.png HTTP/1.1" 304 - "http://wiki.wxwidgets.org/wiki.pl?Compiling_WxWidgets" "Mozilla/4.0 (compatible; MSIE 6.0; Windows NT 5.1) Opera 7.54 [de]"
69.226.210.81 - - [19/Jun/2005:22:53:23 +0200] "GET / HTTP/1.1" 200 3381 "http://www.wxwidgets.org/docs.htm" "Mozilla/5.0 (Windows; U; Windows NT 5.1; en-US; rv:1.7.8) Gecko/20050511 Firefox/1.0.4"
69.226.210.81 - - [19/Jun/2005:22:53:24 +0200] "GET /wxwiki.css HTTP/1.1" 200 1540 "http://wiki.wxwidgets.org/" "Mozilla/5.0 (Windows; U; Windows NT 5.1; en-US; rv:1.7.8) Gecko/20050511 Firefox/1.0.4"
69.226.210.81 - - [19/Jun/2005:22:53:24 +0200] "GET /wximages/wxwidgets02-small.png HTTP/1.1" 200 12468 "http://wiki.wxwidgets.org/" "Mozilla/5.0 (Windows; U; Windows NT 5.1; en-US; rv:1.7.8) Gecko/20050511 Firefox/1.0.4"
69.226.210.81 - - [19/Jun/2005:22:53:24 +0200] "GET /favicon.ico HTTP/1.1" 200 3262 "-" "Mozilla/5.0 (Windows; U; Windows NT 5.1; en-US; rv:1.7.8) Gecko/20050511 Firefox/1.0.4"
69.226.210.81 - - [19/Jun/2005:22:53:36 +0200] "GET /wiki.pl?Table_Of_Contents HTTP/1.1" 200 26242 "http://wiki.wxwidgets.org/" "Mozilla/5.0 (Windows; U; Windows NT 5.1; en-US; rv:1.7.8) Gecko/20050511 Firefox/1.0.4"
69.226.210.81 - - [19/Jun/2005:22:53:48 +0200] "GET /wiki.pl?Writing_Your_First_Application HTTP/1.1" 200 3109 "http://wiki.wxwidgets.org/wiki.pl?Table_Of_Contents" "Mozilla/5.0 (Windows; U; Windows NT 5.1; en-US; rv:1.7.8) Gecko/20050511 Firefox/1.0.4"
69.226.210.81 - - [19/Jun/2005:22:54:01 +0200] "GET /wiki.pl?Writing_Your_First_Application/Common_Dialogs HTTP/1.1" 200 10157 "http://wiki.wxwidgets.org/wiki.pl?Writing_Your_First_Application" "Mozilla/5.0 (Windows; U; Windows NT 5.1; en-US; rv:1.7.8) Gecko/20050511 Firefox/1.0.4"
69.226.210.81 - - [19/Jun/2005:22:54:29 +0200] "GET /wiki.pl?WxMenu HTTP/1.1" 200 5002 "http://wiki.wxwidgets.org/wiki.pl?Table_Of_Contents" "Mozilla/5.0 (Windows; U; Windows NT 5.1; en-US; rv:1.7.8) Gecko/20050511 Firefox/1.0.4"
69.226.210.81 - - [19/Jun/2005:22:55:04 +0200] "GET /wiki.pl?Events HTTP/1.1" 200 8542 "http://wiki.wxwidgets.org/wiki.pl?Table_Of_Contents" "Mozilla/5.0 (Windows; U; Windows NT 5.1; en-US; rv:1.7.8) Gecko/20050511 Firefox/1.0.4"
84.58.147.195 - - [19/Jun/2005:22:57:56 +0200] "GET /wxwiki.css HTTP/1.1" 304 - "http://wiki.wxwidgets.org/wiki.pl?WxWidgets_Compared_To_Other_Toolkits" "Mozilla/4.0 (compatible; MSIE 6.0; Windows NT 5.1) Opera 7.54 [de]"
84.58.147.195 - - [19/Jun/2005:22:57:56 +0200] "GET /wiki.pl?WxWidgets_Compared_To_Other_Toolkits HTTP/1.1" 200 19476 "http://wiki.wxwidgets.org/wiki.pl?Table_Of_Contents" "Mozilla/4.0 (compatible; MSIE 6.0; Windows NT 5.1) Opera 7.54 [de]"
84.58.147.195 - - [19/Jun/2005:22:57:56 +0200] "GET /wximages/wxwidgets02-small.png HTTP/1.1" 304 - "http://wiki.wxwidgets.org/wiki.pl?WxWidgets_Compared_To_Other_Toolkits" "Mozilla/4.0 (compatible; MSIE 6.0; Windows NT 5.1) Opera 7.54 [de]"
61.237.213.8 - - [19/Jun/2005:22:58:40 +0200] "GET /wximages/wxwidgets02-small.png HTTP/1.1" 200 12468 "http://blog.vckbase.com/bastet/" "Mozilla/4.0 (compatible; MSIE 6.0; Windows 98)"
68.142.250.123 - - [19/Jun/2005:22:59:47 +0200] "GET /robots.txt HTTP/1.0" 200 138 "-" "Mozilla/5.0 (compatible; Yahoo! Slurp; http://help.yahoo.com/help/us/ysearch/slurp)"
68.142.251.21 - - [19/Jun/2005:22:59:48 +0200] "GET /wiki.pl?Namespaces HTTP/1.0" 200 2082 "-" "Mozilla/5.0 (compatible; Yahoo! Slurp; http://help.yahoo.com/help/us/ysearch/slurp)"
84.58.147.195 - - [19/Jun/2005:23:01:08 +0200] "GET /wiki.pl?Writing_Your_First_Application HTTP/1.1" 200 3109 "http://wiki.wxwidgets.org/wiki.pl?Table_Of_Contents" "Mozilla/4.0 (compatible; MSIE 6.0; Windows NT 5.1) Opera 7.54 [de]"
84.58.147.195 - - [19/Jun/2005:23:01:08 +0200] "GET /wxwiki.css HTTP/1.1" 304 - "http://wiki.wxwidgets.org/wiki.pl?Writing_Your_First_Application" "Mozilla/4.0 (compatible; MSIE 6.0; Windows NT 5.1) Opera 7.54 [de]"
84.58.147.195 - - [19/Jun/2005:23:01:08 +0200] "GET /wximages/wxwidgets02-small.png HTTP/1.1" 304 - "http://wiki.wxwidgets.org/wiki.pl?Writing_Your_First_Application" "Mozilla/4.0 (compatible; MSIE 6.0; Windows NT 5.1) Opera 7.54 [de]"
84.58.147.195 - - [19/Jun/2005:23:01:13 +0200] "GET /wiki.pl?Hello_World HTTP/1.1" 200 5425 "http://wiki.wxwidgets.org/wiki.pl?Writing_Your_First_Application" "Mozilla/4.0 (compatible; MSIE 6.0; Windows NT 5.1) Opera 7.54 [de]"
84.58.147.195 - - [19/Jun/2005:23:01:13 +0200] "GET /wxwiki.css HTTP/1.1" 304 - "http://wiki.wxwidgets.org/wiki.pl?Hello_World" "Mozilla/4.0 (compatible; MSIE 6.0; Windows NT 5.1) Opera 7.54 [de]"
84.58.147.195 - - [19/Jun/2005:23:01:13 +0200] "GET /wximages/wxwidgets02-small.png HTTP/1.1" 304 - "http://wiki.wxwidgets.org/wiki.pl?Hello_World" "Mozilla/4.0 (compatible; MSIE 6.0; Windows NT 5.1) Opera 7.54 [de]"
