84.58.147.195 - - [19/Jun/2005:23:01:55 +0200] "GET /wiki.pl?Writing_Your_First_Application/Introduction HTTP/1.1" 200 7803 "http://wiki.wxwidgets.org/wiki.pl?Writing_Your_First_Application" "Mozilla/4.0 (compatible; MSIE 6.0; Windows NT 5.1) Opera 7.54 [de]"
84.58.147.195 - - [19/Jun/2005:23:01:55 +0200] "GET /wxwiki.css HTTP/1.1" 304 - "http://wiki.wxwidgets.org/wiki.pl?Writing_Your_First_Application/Introduction" "Mozilla/4.0 (compatible; MSIE 6.0; Windows NT 5.1) Opera 7.54 [de]"
84.58.147.195 - - [19/Jun/2005:23:01:56 +0200] "GET /wximages/wxwidgets02-small.png HTTP/1.1" 304 - "http://wiki.wxwidgets.org/wiki.pl?Writing_Your_First_Application/Introduction" "Mozilla/4.0 (compatible; MSIE 6.0; Windows NT 5.1) Opera 7.54 [de]"
84.58.147.195 - - [19/Jun/2005:23:02:01 +0200] "GET /wiki.pl?Writing_Your_First_Application/Closing_Remarks HTTP/1.1" 200 3088 "http://wiki.wxwidgets.org/wiki.pl?Writing_Your_First_Application" "Mozilla/4.0 (compatible; MSIE 6.0; Windows NT 5.1) Opera 7.54 [de]"
84.58.147.195 - - [19/Jun/2005:23:02:01 +0200] "GET /wxwiki.css HTTP/1.1" 304 - "http://wiki.wxwidgets.org/wiki.pl?Writing_Your_First_Application/Closing_Remarks" "Mozilla/4.0 (compatible; MSIE 6.0; Windows NT 5.1) Opera 7.54 [de]"
84.58.147.195 - - [19/Jun/2005:23:02:01 +0200] "GET /wximages/wxwidgets02-small.png HTTP/1.1" 304 - "http://wiki.wxwidgets.org/wiki.pl?Writing_Your_First_Application/Closing_Remarks" "Mozilla/4.0 (compatible; MSIE 6.0; Windows NT 5.1) Opera 7.54 [de]"
84.58.147.195 - - [19/Jun/2005:23:02:51 +0200] "GET /wxwiki.css HTTP/1.1" 304 - "http://wiki.wxwidgets.org/wiki.pl?Installing_WxMac" "Mozilla/4.0 (compatible; MSIE 6.0; Windows NT 5.1) Opera 7.54 [de]"
84.58.147.195 - - [19/Jun/2005:23:02:51 +0200] "GET /wximages/wxwidgets02-small.png HTTP/1.1" 304 - "http://wiki.wxwidgets.org/wiki.pl?Installing_WxMac" "Mozilla/4.0 (compatible; MSIE 6.0; Windows NT 5.1) Opera 7.54 [de]"
84.58.147.195 - - [19/Jun/2005:23:02:51 +0200] "GET /wiki.pl?Installing_WxMac HTTP/1.1" 200 44393 "http://wiki.wxwidgets.org/wiki.pl?Table_Of_Contents" "Mozilla/4.0 (compatible; MSIE 6.0; Windows NT 5.1) Opera 7.54 [de]"
65.54.188.139 - - [19/Jun/2005:23:04:29 +0200] "GET /wiki.pl?Developers_Notebook/WxMac_WxGetKeyState HTTP/1.0" 200 2211 "-" "msnbot/1.0 (+http://search.msn.com/msnbot.htm)"
195.36.222.183 - - [19/Jun/2005:23:05:28 +0200] "GET /wiki.pl?MSVC_Setup_Guide HTTP/1.1" 200 18691 "-" "Mozilla/5.0 (Windows; U; Windows NT 5.1; fr-FR; rv:1.7.8) Gecko/20050511 Firefox/1.0.4"
66.138.228.207 - - [19/Jun/2005:23:05:57 +0200] "GET /wiki.pl?WxWiki HTTP/1.1" 200 3381 "-" "Mozilla/4.0 (compatible; grub-client-2.6.0)"
81.208.36.87 - - [19/Jun/2005:23:07:02 +0200] "GET /wiki.pl?Developers_Notebook/WxWinCECompiling HTTP/1.1" 200 11076 "http://www.google.com/search?q=samples+embedded+visual+c%2B%2B&hl=fr&lr=&start=20&sa=N" "Mozilla/4.0 (compatible; MSIE 6.0; Windows NT 5.1; .NET CLR 1.1.4322)"
81.208.36.87 - - [19/Jun/2005:23:07:03 +0200] "GET /wxwiki.css HTTP/1.1" 200 1540 "http://wiki.wxwidgets.org/wiki.pl?Developers_Notebook/WxWinCECompiling" "Mozilla/4.0 (compatible; MSIE 6.0; Windows NT 5.1; .NET CLR 1.1.4322)"
81.208.36.87 - - [19/Jun/2005:23:07:03 +0200] "GET /wximages/wxwidgets02-small.png HTTP/1.1" 200 12468 "http://wiki.wxwidgets.org/wiki.pl?Developers_Notebook/WxWinCECompiling" "Mozilla/4.0 (compatible; MSIE 6.0; Windows NT 5.1; .NET CLR 1.1.4322)"
81.208.36.87 - - [19/Jun/2005:23:07:52 +0200] "GET /wiki.pl?WxWiki HTTP/1.1" 200 3381 "http://wiki.wxwidgets.org/wiki.pl?Developers_Notebook/WxWinCECompiling" "Mozilla/4.0 (compatible; MSIE 6.0; Windows NT 5.1; .NET CLR 1.1.4322)"
81.208.36.87 - - [19/Jun/2005:23:08:02 +0200] "GET /wiki.pl?Table_Of_Contents HTTP/1.1" 200 26242 "http://wiki.wxwidgets.org/wiki.pl?WxWiki" "Mozilla/4.0 (compatible; MSIE 6.0; Windows NT 5.1; .NET CLR 1.1.4322)"
195.36.222.183 - - [19/Jun/2005:23:10:17 +0200] "GET /wiki.pl_fichiers/wxwidgets02-small.png HTTP/1.1" 404 319 "http://wiki.wxwidgets.org/wiki.pl?MSVC_Setup_Guide" "Mozilla/5.0 (Windows; U; Windows NT 5.1; fr-FR; rv:1.7.8) Gecko/20050511 Firefox/1.0.4"
65.54.188.139 - - [19/Jun/2005:23:10:38 +0200] "GET /wiki.pl?RyanNorton HTTP/1.0" 200 1772 "-" "msnbot/1.0 (+http://search.msn.com/msnbot.htm)"
220.166.215.63 - - [19/Jun/2005:23:11:13 +0200] "GET /wximages/wxwidgets02-small.png HTTP/1.1" 200 12468 "http://blog.vckbase.com/bastet/" "Mozilla/4.0 (compatible; MSIE 6.0; Windows NT 5.1)"
65.54.188.139 - - [19/Jun/2005:23:15:11 +0200] "GET /wiki.pl?Developers_Notebook/WxMac_WxTaskBarIcon HTTP/1.0" 200 2211 "-" "msnbot/1.0 (+http://search.msn.com/msnbot.htm)"
65.54.188.139 - - [19/Jun/2005:23:15:44 +0200] "GET /wiki.pl?WxWidgets_Bounties HTTP/1.0" 200 8846 "-" "msnbot/1.0 (+http://search.msn.com/msnbot.htm)"
65.54.188.139 - - [19/Jun/2005:23:17:24 +0200] "GET /wiki.pl?Precompiled_Headers HTTP/1.0" 200 5369 "-" "msnbot/1.0 (+http://search.msn.com/msnbot.htm)"
84.135.194.129 - - [19/Jun/2005:23:17:29 +0200] "GET /wiki.pl?Instructions HTTP/1.1" 200 19650 "http://www.google.es/search?q=wxWidgets+setting+callback&start=0&start=0&ie=utf-8&oe=utf-8&client=firefox-a&rls=org.mozilla:es-ES:official" "Mozilla/5.0 (X11; U; Linux i686; es-ES; rv:1.7.6) Gecko/20050322 Firefox/1.0.2"
84.135.194.129 - - [19/Jun/2005:23:17:29 +0200] "GET /wxwiki.css HTTP/1.1" 200 1540 "http://wiki.wxwidgets.org/wiki.pl?Instructions" "Mozilla/5.0 (X11; U; Linux i686; es-ES; rv:1.7.6) Gecko/20050322 Firefox/1.0.2"
84.135.194.129 - - [19/Jun/2005:23:17:29 +0200] "GET /wximages/wxwidgets02-small.png HTTP/1.1" 200 12468 "http://wiki.wxwidgets.org/wiki.pl?Instructions" "Mozilla/5.0 (X11; U; Linux i686; es-ES; rv:1.7.6) Gecko/20050322 Firefox/1.0.2"
84.135.194.129 - - [19/Jun/2005:23:17:29 +0200] "GET /favicon.ico HTTP/1.1" 200 3262 "-" "Mozilla/5.0 (X11; U; Linux i686; es-ES; rv:1.7.6) Gecko/20050322 Firefox/1.0.2"
65.54.188.139 - - [19/Jun/2005:23:17:52 +0200] "GET /wiki.pl?Tim_Griesser HTTP/1.0" 200 1920 "-" "msnbot/1.0 (+http://search.msn.com/msnbot.htm)"
65.54.188.139 - - [19/Jun/2005:23:20:33 +0200] "GET /wiki.pl?back=JaakkoSalli HTTP/1.0" 200 1526 "-" "msnbot/1.0 (+http://search.msn.com/msnbot.htm)"
65.54.188.139 - - [19/Jun/2005:23:22:36 +0200] "GET /wiki.pl?back=Bakefile+Basic HTTP/1.0" 200 1607 "-" "msnbot/1.0 (+http://search.msn.com/msnbot.htm)"
65.54.188.139 - - [19/Jun/2005:23:22:40 +0200] "GET /wiki.pl?back=YaDoo HTTP/1.0" 200 1571 "-" "msnbot/1.0 (+http://search.msn.com/msnbot.htm)"
65.54.188.139 - - [19/Jun/2005:23:22:53 +0200] "GET /wiki.pl?back=Bakefile+Tips HTTP/1.0" 200 1603 "-" "msnbot/1.0 (+http://search.msn.com/msnbot.htm)"
65.54.188.139 - - [19/Jun/2005:23:22:58 +0200] "GET /wiki.pl?back=Using+XML+With+WxWidgets HTTP/1.0" 200 1823 "-" "msnbot/1.0 (+http://search.msn.com/msnbot.htm)"
83.176.75.187 - - [19/Jun/2005:23:23:32 +0200] "GET /wxwiki.css HTTP/1.1" 200 1540 "http://wiki.wxwidgets.org/wiki.pl?Table_Of_Contents" "Mozilla/5.0 (Windows; U; Windows NT 5.1; it-IT; rv:1.7.8) Gecko/20050511 Firefox/1.0.4"
83.176.75.187 - - [19/Jun/2005:23:23:32 +0200] "GET /wximages/wxwidgets02-small.png HTTP/1.1" 200 12468 "http://wiki.wxwidgets.org/wiki.pl?Table_Of_Contents" "Mozilla/5.0 (Windows; U; Windows NT 5.1; it-IT; rv:1.7.8) Gecko/20050511 Firefox/1.0.4"
83.176.75.187 - - [19/Jun/2005:23:23:32 +0200] "GET /wiki.pl?Table_Of_Contents HTTP/1.1" 200 26314 "-" "Mozilla/5.0 (Windows; U; Windows NT 5.1; it-IT; rv:1.7.8) Gecko/20050511 Firefox/1.0.4"
83.176.75.187 - - [19/Jun/2005:23:23:33 +0200] "GET /favicon.ico HTTP/1.1" 200 3262 "-" "Mozilla/5.0 (Windows; U; Windows NT 5.1; it-IT; rv:1.7.8) Gecko/20050511 Firefox/1.0.4"
83.176.75.187 - - [19/Jun/2005:23:23:38 +0200] "GET /wiki.pl?Bakefile_Utils HTTP/1.1" 200 15093 "http://wiki.wxwidgets.org/wiki.pl?Table_Of_Contents" "Mozilla/5.0 (Windows; U; Windows NT 5.1; it-IT; rv:1.7.8) Gecko/20050511 Firefox/1.0.4"
66.82.9.67 - - [19/Jun/2005:23:24:23 +0200] "GET /wiki.pl?WxWiki HTTP/1.0" 200 3369 "-" "Mozilla/4.0 (compatible; MSIE 6.0; Windows NT 5.1; SV1; .NET CLR 1.1.4322; .NET CLR 1.0.3705)"
66.82.9.67 - - [19/Jun/2005:23:24:23 +0200] "GET /wxwiki.css HTTP/1.0" 200 1540 "http://wiki.wxwidgets.org/wiki.pl?WxWiki" "Mozilla/4.0 (compatible; MSIE 6.0; Windows NT 5.1; SV1; .NET CLR 1.1.4322; .NET CLR 1.0.3705)"
66.82.9.67 - - [19/Jun/2005:23:24:23 +0200] "GET /wximages/wxwidgets02-small.png HTTP/1.0" 200 12468 "http://wiki.wxwidgets.org/wiki.pl?WxWiki" "Mozilla/4.0 (compatible; MSIE 6.0; Windows NT 5.1; SV1; .NET CLR 1.1.4322; .NET CLR 1.0.3705)"
65.54.188.139 - - [19/Jun/2005:23:24:31 +0200] "GET /wiki.pl?XRC HTTP/1.0" 200 1904 "-" "msnbot/1.0 (+http://search.msn.com/msnbot.htm)"
65.54.188.139 - - [19/Jun/2005:23:24:34 +0200] "GET /wiki.pl?action=rc&from=1119147180 HTTP/1.0" 200 2430 "-" "msnbot/1.0 (+http://search.msn.com/msnbot.htm)"
80.55.244.74 - - [19/Jun/2005:23:24:34 +0200] "GET / HTTP/1.0" 200 3369 "-" "Mozilla/5.0 (X11; U; Linux i686; en-US; rv:1.7.8) Gecko/20050513 Galeon/1.3.21 (Debian package 1.3.21-1+gnome28+1)"
80.55.244.74 - - [19/Jun/2005:23:24:34 +0200] "GET /wxwiki.css HTTP/1.0" 200 1540 "http://wiki.wxwidgets.org/" "Mozilla/5.0 (X11; U; Linux i686; en-US; rv:1.7.8) Gecko/20050513 Galeon/1.3.21 (Debian package 1.3.21-1+gnome28+1)"
80.55.244.74 - - [19/Jun/2005:23:24:34 +0200] "GET /wximages/wxwidgets02-small.png HTTP/1.0" 200 12468 "http://wiki.wxwidgets.org/" "Mozilla/5.0 (X11; U; Linux i686; en-US; rv:1.7.8) Gecko/20050513 Galeon/1.3.21 (Debian package 1.3.21-1+gnome28+1)"
65.54.188.139 - - [19/Jun/2005:23:24:42 +0200] "GET /wiki.pl?Mac_OS_X_And_Xcode_For_Beginners HTTP/1.0" 200 31927 "-" "msnbot/1.0 (+http://search.msn.com/msnbot.htm)"
66.82.9.67 - - [19/Jun/2005:23:24:57 +0200] "GET /wiki.pl?Table_Of_Contents HTTP/1.0" 200 26183 "http://wiki.wxwidgets.org/wiki.pl?WxWiki" "Mozilla/4.0 (compatible; MSIE 6.0; Windows NT 5.1; SV1; .NET CLR 1.1.4322; .NET CLR 1.0.3705)"
66.82.9.67 - - [19/Jun/2005:23:24:57 +0200] "GET /wxwiki.css HTTP/1.0" 200 1540 "http://wiki.wxwidgets.org/wiki.pl?Table_Of_Contents" "Mozilla/4.0 (compatible; MSIE 6.0; Windows NT 5.1; SV1; .NET CLR 1.1.4322; .NET CLR 1.0.3705)"
66.82.9.67 - - [19/Jun/2005:23:25:22 +0200] "GET /wiki.pl?MSVC_Setup_Guide_For_Wx_2.5.4_And_Later HTTP/1.0" 200 3057 "http://wiki.wxwidgets.org/wiki.pl?Table_Of_Contents" "Mozilla/4.0 (compatible; MSIE 6.0; Windows NT 5.1; SV1; .NET CLR 1.1.4322; .NET CLR 1.0.3705)"
66.82.9.67 - - [19/Jun/2005:23:25:22 +0200] "GET /wxwiki.css HTTP/1.0" 200 1540 "http://wiki.wxwidgets.org/wiki.pl?MSVC_Setup_Guide_For_Wx_2.5.4_And_Later" "Mozilla/4.0 (compatible; MSIE 6.0; Windows NT 5.1; SV1; .NET CLR 1.1.4322; .NET CLR 1.0.3705)"
80.55.244.74 - - [19/Jun/2005:23:25:44 +0200] "GET /wiki.pl?How_To_Use_This_Wiki HTTP/1.0" 200 4977 "http://wiki.wxwidgets.org/" "Mozilla/5.0 (X11; U; Linux i686; en-US; rv:1.7.8) Gecko/20050513 Galeon/1.3.21 (Debian package 1.3.21-1+gnome28+1)"
80.55.244.74 - - [19/Jun/2005:23:26:00 +0200] "GET /wiki.pl?WxWiki HTTP/1.0" 200 3369 "http://wiki.wxwidgets.org/wiki.pl?How_To_Use_This_Wiki" "Mozilla/5.0 (X11; U; Linux i686; en-US; rv:1.7.8) Gecko/20050513 Galeon/1.3.21 (Debian package 1.3.21-1+gnome28+1)"
80.55.244.74 - - [19/Jun/2005:23:26:04 +0200] "GET /wiki.pl?Table_Of_Contents HTTP/1.0" 200 26183 "http://wiki.wxwidgets.org/wiki.pl?WxWiki" "Mozilla/5.0 (X11; U; Linux i686; en-US; rv:1.7.8) Gecko/20050513 Galeon/1.3.21 (Debian package 1.3.21-1+gnome28+1)"
80.55.244.74 - - [19/Jun/2005:23:26:17 +0200] "GET /wiki.pl?Writing_Your_First_Application HTTP/1.0" 200 3097 "http://wiki.wxwidgets.org/wiki.pl?Table_Of_Contents" "Mozilla/5.0 (X11; U; Linux i686; en-US; rv:1.7.8) Gecko/20050513 Galeon/1.3.21 (Debian package 1.3.21-1+gnome28+1)"
80.55.244.74 - - [19/Jun/2005:23:26:28 +0200] "GET /wiki.pl?Resources HTTP/1.0" 200 5863 "-" "Mozilla/5.0 (X11; U; Linux i686; en-US; rv:1.7.8) Gecko/20050513 Galeon/1.3.21 (Debian package 1.3.21-1+gnome28+1)"
80.55.244.74 - - [19/Jun/2005:23:26:31 +0200] "GET /wiki.pl?Hello_World HTTP/1.0" 200 5406 "http://wiki.wxwidgets.org/wiki.pl?Writing_Your_First_Application" "Mozilla/5.0 (X11; U; Linux i686; en-US; rv:1.7.8) Gecko/20050513 Galeon/1.3.21 (Debian package 1.3.21-1+gnome28+1)"
66.82.9.67 - - [19/Jun/2005:23:26:33 +0200] "GET /wiki.pl?Table_Of_Contents HTTP/1.0" 200 26183 "http://wiki.wxwidgets.org/wiki.pl?WxWiki" "Mozilla/4.0 (compatible; MSIE 6.0; Windows NT 5.1; SV1; .NET CLR 1.1.4322; .NET CLR 1.0.3705)"
66.82.9.67 - - [19/Jun/2005:23:26:34 +0200] "GET /wxwiki.css HTTP/1.0" 200 1540 "http://wiki.wxwidgets.org/wiki.pl?Table_Of_Contents" "Mozilla/4.0 (compatible; MSIE 6.0; Windows NT 5.1; SV1; .NET CLR 1.1.4322; .NET CLR 1.0.3705)"
66.82.9.67 - - [19/Jun/2005:23:26:36 +0200] "GET /wximages/wxwidgets02-small.png HTTP/1.0" 304 - "http://wiki.wxwidgets.org/wiki.pl?Table_Of_Contents" "Mozilla/4.0 (compatible; MSIE 6.0; Windows NT 5.1; SV1; .NET CLR 1.1.4322; .NET CLR 1.0.3705)"
218.90.139.122 - - [19/Jun/2005:23:28:05 +0200] "GET /wximages/wxwidgets02-small.png HTTP/1.1" 200 12468 "http://blog.vckbase.com/bastet/" "Mozilla/4.0 (compatible; MSIE 6.0; Windows NT 5.0)"
65.54.188.139 - - [19/Jun/2005:23:28:37 +0200] "GET /wiki.pl?Developers_Notebook/WxMac_WxSound HTTP/1.0" 200 2171 "-" "msnbot/1.0 (+http://search.msn.com/msnbot.htm)"
66.82.9.67 - - [19/Jun/2005:23:28:55 +0200] "GET /wiki.pl?Bakefile HTTP/1.0" 200 32916 "http://wiki.wxwidgets.org/wiki.pl?Table_Of_Contents" "Mozilla/4.0 (compatible; MSIE 6.0; Windows NT 5.1; SV1; .NET CLR 1.1.4322; .NET CLR 1.0.3705)"
66.82.9.67 - - [19/Jun/2005:23:28:55 +0200] "GET /wxwiki.css HTTP/1.0" 200 1540 "http://wiki.wxwidgets.org/wiki.pl?Bakefile" "Mozilla/4.0 (compatible; MSIE 6.0; Windows NT 5.1; SV1; .NET CLR 1.1.4322; .NET CLR 1.0.3705)"
66.82.9.67 - - [19/Jun/2005:23:28:55 +0200] "GET /wximages/wxwidgets02-small.png HTTP/1.0" 200 12468 "http://wiki.wxwidgets.org/wiki.pl?Bakefile" "Mozilla/4.0 (compatible; MSIE 6.0; Windows NT 5.1; SV1; .NET CLR 1.1.4322; .NET CLR 1.0.3705)"
134.130.181.55 - - [19/Jun/2005:23:29:23 +0200] "GET /wiki.pl?WxDockIt HTTP/1.1" 200 7489 "http://www.google.de/search?client=firefox-a&rls=org.mozilla%3Aen-US%3Aofficial_s&hl=de&q=wxDockIt&meta=&btnG=Google-Suche" "Mozilla/5.0 (Windows; U; Windows NT 5.1; en-US; rv:1.7.8) Gecko/20050511 Firefox/1.0.4"
12.217.227.163 - - [19/Jun/2005:23:30:09 +0200] "GET /wxwiki.css HTTP/1.1" 200 1540 "http://wiki.wxwidgets.org/wiki.pl?Table_Of_Contents" "Mozilla/5.0 (Windows; U; Windows NT 5.1; en-US; rv:1.7.8) Gecko/20050511 Firefox/1.0.4"
12.217.227.163 - - [19/Jun/2005:23:30:09 +0200] "GET /wximages/wxwidgets02-small.png HTTP/1.1" 200 12468 "http://wiki.wxwidgets.org/wiki.pl?Table_Of_Contents" "Mozilla/5.0 (Windows; U; Windows NT 5.1; en-US; rv:1.7.8) Gecko/20050511 Firefox/1.0.4"
12.217.227.163 - - [19/Jun/2005:23:30:09 +0200] "GET /wiki.pl?Table_Of_Contents HTTP/1.1" 200 26242 "http://wiki.wxpython.org/index.cgi/FrontPage" "Mozilla/5.0 (Windows; U; Windows NT 5.1; en-US; rv:1.7.8) Gecko/20050511 Firefox/1.0.4"
12.217.227.163 - - [19/Jun/2005:23:30:09 +0200] "GET /favicon.ico HTTP/1.1" 200 3262 "-" "Mozilla/5.0 (Windows; U; Windows NT 5.1; en-US; rv:1.7.8) Gecko/20050511 Firefox/1.0.4"
65.54.188.139 - - [19/Jun/2005:23:30:45 +0200] "GET /wiki.pl?Bob_McCown HTTP/1.0" 200 1772 "-" "msnbot/1.0 (+http://search.msn.com/msnbot.htm)"
86.126.35.29 - - [19/Jun/2005:23:31:01 +0200] "GET /wiki.pl?WxWidgets_Bounties HTTP/1.1" 200 8873 "http://www.wxwidgets.org/develop2.htm" "Mozilla/5.0 (Windows; U; Windows NT 5.0; en-US; rv:1.7.8) Gecko/20050511 Firefox/1.0.4"
12.217.227.163 - - [19/Jun/2005:23:31:33 +0200] "GET /wiki.pl?Reducing_Executable_Size HTTP/1.1" 200 5549 "http://wiki.wxwidgets.org/wiki.pl?Table_Of_Contents" "Mozilla/5.0 (Windows; U; Windows NT 5.1; en-US; rv:1.7.8) Gecko/20050511 Firefox/1.0.4"
66.82.9.67 - - [19/Jun/2005:23:32:05 +0200] "GET /wiki.pl?Writing_Your_First_Application HTTP/1.0" 200 3097 "http://wiki.wxwidgets.org/wiki.pl?Table_Of_Contents" "Mozilla/4.0 (compatible; MSIE 6.0; Windows NT 5.1; SV1; .NET CLR 1.1.4322; .NET CLR 1.0.3705)"
66.82.9.67 - - [19/Jun/2005:23:32:05 +0200] "GET /wxwiki.css HTTP/1.0" 200 1540 "http://wiki.wxwidgets.org/wiki.pl?Writing_Your_First_Application" "Mozilla/4.0 (compatible; MSIE 6.0; Windows NT 5.1; SV1; .NET CLR 1.1.4322; .NET CLR 1.0.3705)"
66.82.9.67 - - [19/Jun/2005:23:32:17 +0200] "GET /wiki.pl?Hello_World HTTP/1.0" 200 5406 "http://wiki.wxwidgets.org/wiki.pl?Writing_Your_First_Application" "Mozilla/4.0 (compatible; MSIE 6.0; Windows NT 5.1; SV1; .NET CLR 1.1.4322; .NET CLR 1.0.3705)"
66.82.9.67 - - [19/Jun/2005:23:32:17 +0200] "GET /wxwiki.css HTTP/1.0" 200 1540 "http://wiki.wxwidgets.org/wiki.pl?Hello_World" "Mozilla/4.0 (compatible; MSIE 6.0; Windows NT 5.1; SV1; .NET CLR 1.1.4322; .NET CLR 1.0.3705)"
213.135.240.171 - - [19/Jun/2005:23:32:35 +0200] "GET /wiki.pl?Installing_WxWin_MinGW HTTP/1.1" 200 6219 "-" "Mozilla/5.0 (Windows; U; Windows NT 5.1; en-US; rv:1.7.8) Gecko/20050511 Firefox/1.0.4"
213.135.240.171 - - [19/Jun/2005:23:32:35 +0200] "GET /wxwiki.css HTTP/1.1" 200 1540 "http://wiki.wxwidgets.org/wiki.pl?Installing_WxWin_MinGW" "Mozilla/5.0 (Windows; U; Windows NT 5.1; en-US; rv:1.7.8) Gecko/20050511 Firefox/1.0.4"
213.135.240.171 - - [19/Jun/2005:23:32:35 +0200] "GET /wximages/wxwidgets02-small.png HTTP/1.1" 200 12468 "http://wiki.wxwidgets.org/wiki.pl?Installing_WxWin_MinGW" "Mozilla/5.0 (Windows; U; Windows NT 5.1; en-US; rv:1.7.8) Gecko/20050511 Firefox/1.0.4"
213.135.240.171 - - [19/Jun/2005:23:32:35 +0200] "GET /favicon.ico HTTP/1.1" 200 3262 "-" "Mozilla/5.0 (Windows; U; Windows NT 5.1; en-US; rv:1.7.8) Gecko/20050511 Firefox/1.0.4"
12.217.227.163 - - [19/Jun/2005:23:34:42 +0200] "GET /wiki.pl?WxWiki HTTP/1.1" 200 3381 "http://wiki.wxwidgets.org/wiki.pl?Table_Of_Contents" "Mozilla/5.0 (Windows; U; Windows NT 5.1; en-US; rv:1.7.8) Gecko/20050511 Firefox/1.0.4"
12.217.227.163 - - [19/Jun/2005:23:34:53 +0200] "GET /wiki.pl?Table_Of_Contents HTTP/1.1" 200 26242 "http://wiki.wxwidgets.org/wiki.pl?WxWiki" "Mozilla/5.0 (Windows; U; Windows NT 5.1; en-US; rv:1.7.8) Gecko/20050511 Firefox/1.0.4"
12.217.227.163 - - [19/Jun/2005:23:35:06 +0200] "GET /wiki.pl?Events HTTP/1.1" 200 8542 "http://wiki.wxwidgets.org/wiki.pl?Table_Of_Contents" "Mozilla/5.0 (Windows; U; Windows NT 5.1; en-US; rv:1.7.8) Gecko/20050511 Firefox/1.0.4"
12.217.227.163 - - [19/Jun/2005:23:36:32 +0200] "GET /wiki.pl?Example_Of_Using_Connect_For_Events HTTP/1.1" 200 4124 "http://wiki.wxwidgets.org/wiki.pl?Events" "Mozilla/5.0 (Windows; U; Windows NT 5.1; en-US; rv:1.7.8) Gecko/20050511 Firefox/1.0.4"
162.83.227.254 - - [19/Jun/2005:23:37:26 +0200] "GET /wxwiki.css HTTP/1.1" 200 1540 "http://wiki.wxwidgets.org/wiki.pl?WxWidgets_Compared_To_Other_Toolkits" "Mozilla/5.0 (Macintosh; U; PPC Mac OS X Mach-O; en-US; rv:1.7.8) Gecko/20050511 Firefox/1.0.4"
162.83.227.254 - - [19/Jun/2005:23:37:26 +0200] "GET /wiki.pl?WxWidgets_Compared_To_Other_Toolkits HTTP/1.1" 200 19476 "http://groups-beta.google.com/group/comp.lang.c++.moderated/browse_thread/thread/75abf19b33a2cd72/7c7cbce517163d68" "Mozilla/5.0 (Macintosh; U; PPC Mac OS X Mach-O; en-US; rv:1.7.8) Gecko/20050511 Firefox/1.0.4"
162.83.227.254 - - [19/Jun/2005:23:37:26 +0200] "GET /wximages/wxwidgets02-small.png HTTP/1.1" 200 12468 "http://wiki.wxwidgets.org/wiki.pl?WxWidgets_Compared_To_Other_Toolkits" "Mozilla/5.0 (Macintosh; U; PPC Mac OS X Mach-O; en-US; rv:1.7.8) Gecko/20050511 Firefox/1.0.4"
162.83.227.254 - - [19/Jun/2005:23:37:27 +0200] "GET /favicon.ico HTTP/1.1" 200 3262 "-" "Mozilla/5.0 (Macintosh; U; PPC Mac OS X Mach-O; en-US; rv:1.7.8) Gecko/20050511 Firefox/1.0.4"
213.119.229.43 - - [19/Jun/2005:23:37:32 +0200] "GET /wiki.pl?WxTaskBarIcon HTTP/1.1" 200 6625 "http://www.google.com/search?q=trayicon+wxWidgets&sourceid=opera&num=50&ie=utf-8&oe=utf-8" "Mozilla/4.0 (compatible; MSIE 6.0; Windows NT 5.1; en) Opera 8.01"
213.119.229.43 - - [19/Jun/2005:23:37:32 +0200] "GET /wxwiki.css HTTP/1.1" 200 1540 "http://wiki.wxwidgets.org/wiki.pl?WxTaskBarIcon" "Mozilla/4.0 (compatible; MSIE 6.0; Windows NT 5.1; en) Opera 8.01"
213.119.229.43 - - [19/Jun/2005:23:37:32 +0200] "GET /wximages/wxwidgets02-small.png HTTP/1.1" 200 12468 "http://wiki.wxwidgets.org/wiki.pl?WxTaskBarIcon" "Mozilla/4.0 (compatible; MSIE 6.0; Windows NT 5.1; en) Opera 8.01"
213.119.229.43 - - [19/Jun/2005:23:37:32 +0200] "GET /favicon.ico HTTP/1.1" 200 3262 "http://wiki.wxwidgets.org/wiki.pl?WxTaskBarIcon" "Mozilla/4.0 (compatible; MSIE 6.0; Windows NT 5.1; en) Opera 8.01"
66.153.13.245 - - [19/Jun/2005:23:39:28 +0200] "GET / HTTP/1.1" 200 3381 "http://www.wxwidgets.org/develop2.htm" "Mozilla/5.0 (Windows; U; Windows NT 5.1; en-US; rv:1.7.8) Gecko/20050511 Firefox/1.0.4"
66.153.13.245 - - [19/Jun/2005:23:39:35 +0200] "GET /wxwiki.css HTTP/1.1" 200 1540 "http://wiki.wxwidgets.org/" "Mozilla/5.0 (Windows; U; Windows NT 5.1; en-US; rv:1.7.8) Gecko/20050511 Firefox/1.0.4"
66.153.13.245 - - [19/Jun/2005:23:39:39 +0200] "GET /wximages/wxwidgets02-small.png HTTP/1.1" 200 12468 "http://wiki.wxwidgets.org/" "Mozilla/5.0 (Windows; U; Windows NT 5.1; en-US; rv:1.7.8) Gecko/20050511 Firefox/1.0.4"
66.153.13.245 - - [19/Jun/2005:23:39:52 +0200] "GET /wiki.pl?WikiSpam_Hall_Of_Shame HTTP/1.1" 200 3693 "http://wiki.wxwidgets.org/" "Mozilla/5.0 (Windows; U; Windows NT 5.1; en-US; rv:1.7.8) Gecko/20050511 Firefox/1.0.4"
66.153.13.245 - - [19/Jun/2005:23:39:54 +0200] "GET /favicon.ico HTTP/1.1" 200 3262 "-" "Mozilla/5.0 (Windows; U; Windows NT 5.1; en-US; rv:1.7.8) Gecko/20050511 Firefox/1.0.4"
66.153.13.245 - - [19/Jun/2005:23:39:57 +0200] "GET /wiki.pl?WxWiki HTTP/1.1" 200 3381 "http://wiki.wxwidgets.org/" "Mozilla/5.0 (Windows; U; Windows NT 5.1; en-US; rv:1.7.8) Gecko/20050511 Firefox/1.0.4"
66.153.13.245 - - [19/Jun/2005:23:40:06 +0200] "GET /wiki.pl?Table_Of_Contents HTTP/1.1" 200 26242 "http://wiki.wxwidgets.org/wiki.pl?WxWiki" "Mozilla/5.0 (Windows; U; Windows NT 5.1; en-US; rv:1.7.8) Gecko/20050511 Firefox/1.0.4"
213.119.229.43 - - [19/Jun/2005:23:42:04 +0200] "GET / HTTP/1.1" 200 3381 "http://www.wxwidgets.org/docs.htm" "Mozilla/4.0 (compatible; MSIE 6.0; Windows NT 5.1; en) Opera 8.01"
213.119.229.43 - - [19/Jun/2005:23:42:08 +0200] "GET /wiki.pl?Table_Of_Contents HTTP/1.1" 200 26242 "http://wiki.wxwidgets.org/" "Mozilla/4.0 (compatible; MSIE 6.0; Windows NT 5.1; en) Opera 8.01"
212.205.214.69 - - [19/Jun/2005:23:42:26 +0200] "GET / HTTP/1.1" 200 3381 "http://www.wxwidgets.org/docs.htm" "Mozilla/4.0 (compatible; MSIE 5.01; Windows 98; AUTOSIGN W98 WNT VER03)"
83.141.123.71 - - [19/Jun/2005:23:43:20 +0200] "GET /wiki.pl?WxWidgets_Compared_To_Other_Toolkits HTTP/1.1" 200 19476 "http://www.google.ie/search?q=qt+vs+gtk+vs+fox&hl=en&hs=3Bm&lr=&client=firefox-a&rls=org.mozilla:en-US:official_s&start=10&sa=N" "Mozilla/5.0 (Windows; U; Windows NT 5.0; en-US; rv:1.7.8) Gecko/20050511 Firefox/1.0.4"
83.141.123.71 - - [19/Jun/2005:23:43:20 +0200] "GET /wxwiki.css HTTP/1.1" 200 1540 "http://wiki.wxwidgets.org/wiki.pl?WxWidgets_Compared_To_Other_Toolkits" "Mozilla/5.0 (Windows; U; Windows NT 5.0; en-US; rv:1.7.8) Gecko/20050511 Firefox/1.0.4"
83.141.123.71 - - [19/Jun/2005:23:43:20 +0200] "GET /wximages/wxwidgets02-small.png HTTP/1.1" 200 12468 "http://wiki.wxwidgets.org/wiki.pl?WxWidgets_Compared_To_Other_Toolkits" "Mozilla/5.0 (Windows; U; Windows NT 5.0; en-US; rv:1.7.8) Gecko/20050511 Firefox/1.0.4"
83.141.123.71 - - [19/Jun/2005:23:43:21 +0200] "GET /favicon.ico HTTP/1.1" 200 3262 "-" "Mozilla/5.0 (Windows; U; Windows NT 5.0; en-US; rv:1.7.8) Gecko/20050511 Firefox/1.0.4"
212.205.214.69 - - [19/Jun/2005:23:43:26 +0200] "GET /wxwiki.css HTTP/1.1" 304 - "http://wiki.wxwidgets.org/" "Mozilla/4.0 (compatible; MSIE 5.01; Windows 98; AUTOSIGN W98 WNT VER03)"
212.205.214.69 - - [19/Jun/2005:23:43:29 +0200] "GET /wximages/wxwidgets02-small.png HTTP/1.1" 200 12468 "http://wiki.wxwidgets.org/" "Mozilla/4.0 (compatible; MSIE 5.01; Windows 98; AUTOSIGN W98 WNT VER03)"
24.43.191.16 - - [19/Jun/2005:23:43:35 +0200] "GET /wiki.pl?Project_List HTTP/1.1" 200 7463 "http://www.google.com/search?q=simple+wxpython+music+player&btnG=Search&hl=en&lr=&client=firefox&rls=org.mozilla%3Aen-US%3Aunofficial&biw=" "Mozilla/5.0 (Windows; U; Windows NT 5.1; en-US; rv:1.8b2) Gecko/20050616 Firefox/1.0+"
24.43.191.16 - - [19/Jun/2005:23:43:35 +0200] "GET /wxwiki.css HTTP/1.1" 200 1540 "http://wiki.wxwidgets.org/wiki.pl?Project_List" "Mozilla/5.0 (Windows; U; Windows NT 5.1; en-US; rv:1.8b2) Gecko/20050616 Firefox/1.0+"
24.43.191.16 - - [19/Jun/2005:23:43:35 +0200] "GET /wximages/wxwidgets02-small.png HTTP/1.1" 200 12468 "http://wiki.wxwidgets.org/wiki.pl?Project_List" "Mozilla/5.0 (Windows; U; Windows NT 5.1; en-US; rv:1.8b2) Gecko/20050616 Firefox/1.0+"
24.43.191.16 - - [19/Jun/2005:23:43:36 +0200] "GET /favicon.ico HTTP/1.1" 200 3262 "-" "Mozilla/5.0 (Windows; U; Windows NT 5.1; en-US; rv:1.8b2) Gecko/20050616 Firefox/1.0+"
212.205.214.69 - - [19/Jun/2005:23:43:37 +0200] "GET /wiki.pl?Table_Of_Contents HTTP/1.1" 200 26242 "http://wiki.wxwidgets.org/" "Mozilla/4.0 (compatible; MSIE 5.01; Windows 98; AUTOSIGN W98 WNT VER03)"
213.119.229.43 - - [19/Jun/2005:23:43:39 +0200] "GET /wiki.pl?Reducing_Executable_Size HTTP/1.1" 200 5549 "http://wiki.wxwidgets.org/wiki.pl?Table_Of_Contents" "Mozilla/4.0 (compatible; MSIE 6.0; Windows NT 5.1; en) Opera 8.01"
212.205.214.69 - - [19/Jun/2005:23:44:01 +0200] "GET /wiki.pl?WxConfig HTTP/1.1" 200 2473 "http://wiki.wxwidgets.org/wiki.pl?Table_Of_Contents" "Mozilla/4.0 (compatible; MSIE 5.01; Windows 98; AUTOSIGN W98 WNT VER03)"
62.194.12.90 - - [19/Jun/2005:23:44:13 +0200] "GET /wiki.pl?Sascha_Doerdelmann HTTP/1.1" 200 1990 "-" "Mozilla/4.0 (compatible; MSIE 6.0; Windows NT 5.0)"
213.119.229.43 - - [19/Jun/2005:23:44:49 +0200] "GET /wiki.pl?Developers_Notebook HTTP/1.1" 200 3273 "http://wiki.wxwidgets.org/wiki.pl?Table_Of_Contents" "Mozilla/4.0 (compatible; MSIE 6.0; Windows NT 5.1; en) Opera 8.01"
202.228.229.72 - - [19/Jun/2005:23:44:50 +0200] "GET /wiki.pl?Using_DLL_Version_Of_WxWidgets_Compiled_With_Open_Watcom HTTP/1.1" 200 6013 "http://www.google.com.au/search?hl=en&q=wxTheApp+HINSTANCE&btnG=Google+Search&meta=" "Mozilla/5.0 (Windows; U; Windows NT 5.1; en-US; rv:1.7.8) Gecko/20050511 Firefox/1.0.4"
202.228.229.72 - - [19/Jun/2005:23:44:51 +0200] "GET /wxwiki.css HTTP/1.1" 200 1540 "http://wiki.wxwidgets.org/wiki.pl?Using_DLL_Version_Of_WxWidgets_Compiled_With_Open_Watcom" "Mozilla/5.0 (Windows; U; Windows NT 5.1; en-US; rv:1.7.8) Gecko/20050511 Firefox/1.0.4"
202.228.229.72 - - [19/Jun/2005:23:44:51 +0200] "GET /wximages/wxwidgets02-small.png HTTP/1.1" 200 12468 "http://wiki.wxwidgets.org/wiki.pl?Using_DLL_Version_Of_WxWidgets_Compiled_With_Open_Watcom" "Mozilla/5.0 (Windows; U; Windows NT 5.1; en-US; rv:1.7.8) Gecko/20050511 Firefox/1.0.4"
202.228.229.72 - - [19/Jun/2005:23:44:53 +0200] "GET /favicon.ico HTTP/1.1" 200 3262 "-" "Mozilla/5.0 (Windows; U; Windows NT 5.1; en-US; rv:1.7.8) Gecko/20050511 Firefox/1.0.4"
213.119.229.43 - - [19/Jun/2005:23:44:56 +0200] "GET /wiki.pl?Developers_Notebook/Docs HTTP/1.1" 200 9013 "http://wiki.wxwidgets.org/wiki.pl?Developers_Notebook" "Mozilla/4.0 (compatible; MSIE 6.0; Windows NT 5.1; en) Opera 8.01"
68.142.250.122 - - [19/Jun/2005:23:46:35 +0200] "GET /wiki.pl?DinFo HTTP/1.0" 200 1859 "-" "Mozilla/5.0 (compatible; Yahoo! Slurp; http://help.yahoo.com/help/us/ysearch/slurp)"
68.142.250.16 - - [19/Jun/2005:23:46:51 +0200] "GET /wiki.pl?DinAo HTTP/1.0" 200 1859 "-" "Mozilla/5.0 (compatible; Yahoo! Slurp; http://help.yahoo.com/help/us/ysearch/slurp)"
218.90.139.122 - - [19/Jun/2005:23:47:25 +0200] "GET /wximages/wxwidgets02-small.png HTTP/1.1" 304 - "http://blog.vckbase.com/bastet/" "Mozilla/4.0 (compatible; MSIE 6.0; Windows NT 5.0)"
62.10.89.109 - - [19/Jun/2005:23:51:54 +0200] "GET /wiki.pl?IDEs HTTP/1.1" 200 10212 "http://www.google.it/search?hl=it&q=opencascade+%2Bmingw&btnG=Cerca+con+Google&meta=" "Mozilla/5.0 (Windows; U; Windows NT 5.1; en-US; rv:1.7.8) Gecko/20050511 Firefox/1.0.4"
62.10.89.109 - - [19/Jun/2005:23:51:54 +0200] "GET /wxwiki.css HTTP/1.1" 200 1540 "http://wiki.wxwidgets.org/wiki.pl?IDEs" "Mozilla/5.0 (Windows; U; Windows NT 5.1; en-US; rv:1.7.8) Gecko/20050511 Firefox/1.0.4"
62.10.89.109 - - [19/Jun/2005:23:51:55 +0200] "GET /wximages/wxwidgets02-small.png HTTP/1.1" 200 12468 "http://wiki.wxwidgets.org/wiki.pl?IDEs" "Mozilla/5.0 (Windows; U; Windows NT 5.1; en-US; rv:1.7.8) Gecko/20050511 Firefox/1.0.4"
62.10.89.109 - - [19/Jun/2005:23:51:58 +0200] "GET /favicon.ico HTTP/1.1" 200 3262 "-" "Mozilla/5.0 (Windows; U; Windows NT 5.1; en-US; rv:1.7.8) Gecko/20050511 Firefox/1.0.4"
24.17.38.201 - - [19/Jun/2005:23:53:44 +0200] "GET / HTTP/1.1" 200 3381 "http://www.wxwidgets.org/docs.htm" "Mozilla/5.0 (Windows; U; Windows NT 5.1; en-US; rv:1.7.8) Gecko/20050511 Firefox/1.0.4"
24.17.38.201 - - [19/Jun/2005:23:53:45 +0200] "GET /wxwiki.css HTTP/1.1" 200 1540 "http://wiki.wxwidgets.org/" "Mozilla/5.0 (Windows; U; Windows NT 5.1; en-US; rv:1.7.8) Gecko/20050511 Firefox/1.0.4"
24.17.38.201 - - [19/Jun/2005:23:53:45 +0200] "GET /wximages/wxwidgets02-small.png HTTP/1.1" 200 12468 "http://wiki.wxwidgets.org/" "Mozilla/5.0 (Windows; U; Windows NT 5.1; en-US; rv:1.7.8) Gecko/20050511 Firefox/1.0.4"
24.17.38.201 - - [19/Jun/2005:23:53:45 +0200] "GET /favicon.ico HTTP/1.1" 200 3262 "-" "Mozilla/5.0 (Windows; U; Windows NT 5.1; en-US; rv:1.7.8) Gecko/20050511 Firefox/1.0.4"
24.17.38.201 - - [19/Jun/2005:23:53:51 +0200] "GET /wiki.pl?Table_Of_Contents HTTP/1.1" 200 15775 "-" "Mozilla/5.0 (Windows; U; Windows NT 5.1; en-US; rv:1.7.8) Gecko/20050511 Firefox/1.0.4"
24.17.38.201 - - [19/Jun/2005:23:53:57 +0200] "GET /wiki.pl?Table_Of_Contents HTTP/1.1" 200 15775 "-" "Mozilla/5.0 (Windows; U; Windows NT 5.1; en-US; rv:1.7.8) Gecko/20050511 Firefox/1.0.4"
24.17.38.201 - - [19/Jun/2005:23:54:01 +0200] "GET /wiki.pl?Table_Of_Contents HTTP/1.1" 200 15774 "-" "Mozilla/5.0 (Windows; U; Windows NT 5.1; en-US; rv:1.7.8) Gecko/20050511 Firefox/1.0.4"
24.17.38.201 - - [19/Jun/2005:23:54:02 +0200] "GET /wiki.pl?Table_Of_Contents HTTP/1.1" 200 15774 "-" "Mozilla/5.0 (Windows; U; Windows NT 5.1; en-US; rv:1.7.8) Gecko/20050511 Firefox/1.0.4"
24.17.38.201 - - [19/Jun/2005:23:54:03 +0200] "GET /wiki.pl?Table_Of_Contents HTTP/1.1" 200 15774 "-" "Mozilla/5.0 (Windows; U; Windows NT 5.1; en-US; rv:1.7.8) Gecko/20050511 Firefox/1.0.4"
24.17.38.201 - - [19/Jun/2005:23:54:12 +0200] "GET /wiki.pl?WxWiki HTTP/1.1" 200 3381 "-" "Mozilla/5.0 (Windows; U; Windows NT 5.1; en-US; rv:1.7.8) Gecko/20050511 Firefox/1.0.4"
65.54.188.139 - - [19/Jun/2005:23:56:14 +0200] "GET /wiki.pl?App_Not_Getting_Input_When_Run HTTP/1.0" 200 3035 "-" "msnbot/1.0 (+http://search.msn.com/msnbot.htm)"
65.54.188.139 - - [19/Jun/2005:23:56:35 +0200] "GET /wiki.pl?Abernitz HTTP/1.0" 200 1758 "-" "msnbot/1.0 (+http://search.msn.com/msnbot.htm)"
82.218.28.41 - - [19/Jun/2005:23:57:26 +0200] "GET /wiki.pl?Mac_OS_X_And_Xcode_1.5_Project_Setup_Guide HTTP/1.1" 200 3989 "-" "Mozilla/5.0 (Macintosh; U; PPC Mac OS X; en) AppleWebKit/412 (KHTML, like Gecko) Safari/412"
82.218.28.41 - - [19/Jun/2005:23:57:26 +0200] "GET /wxwiki.css HTTP/1.1" 200 1540 "http://wiki.wxwidgets.org/wiki.pl?Mac_OS_X_And_Xcode_1.5_Project_Setup_Guide" "Mozilla/5.0 (Macintosh; U; PPC Mac OS X; en) AppleWebKit/412 (KHTML, like Gecko) Safari/412"
82.218.28.41 - - [19/Jun/2005:23:57:26 +0200] "GET /wximages/wxwidgets02-small.png HTTP/1.1" 200 12468 "http://wiki.wxwidgets.org/wiki.pl?Mac_OS_X_And_Xcode_1.5_Project_Setup_Guide" "Mozilla/5.0 (Macintosh; U; PPC Mac OS X; en) AppleWebKit/412 (KHTML, like Gecko) Safari/412"
82.218.28.41 - - [19/Jun/2005:23:57:27 +0200] "GET /favicon.ico HTTP/1.1" 200 3262 "-" "Mozilla/5.0 (Macintosh; U; PPC Mac OS X; en) AppleWebKit/412 (KHTML, like Gecko) Safari/412"
82.41.173.136 - - [19/Jun/2005:23:58:29 +0200] "GET /wiki.pl?WxWidgets_Vacancies HTTP/1.1" 200 3602 "http://www.wxwidgets.org/toolbar.htm" "Mozilla/5.0 (Windows; U; Windows NT 5.1; en-US; rv:1.8b2) Gecko/20050531 Firefox/1.0+"
82.41.173.136 - - [19/Jun/2005:23:58:30 +0200] "GET /wxwiki.css HTTP/1.1" 200 1540 "http://wiki.wxwidgets.org/wiki.pl?WxWidgets_Vacancies" "Mozilla/5.0 (Windows; U; Windows NT 5.1; en-US; rv:1.8b2) Gecko/20050531 Firefox/1.0+"
82.41.173.136 - - [19/Jun/2005:23:58:30 +0200] "GET /wximages/wxwidgets02-small.png HTTP/1.1" 200 12468 "http://wiki.wxwidgets.org/wiki.pl?WxWidgets_Vacancies" "Mozilla/5.0 (Windows; U; Windows NT 5.1; en-US; rv:1.8b2) Gecko/20050531 Firefox/1.0+"
81.227.113.35 - - [19/Jun/2005:23:58:57 +0200] "GET /wiki.pl?WxWidgets_Bounties HTTP/1.1" 200 8873 "http://wxwidgets.org/toolbar.htm" "Mozilla/5.0 (X11; U; Linux i686; en-US; rv:1.7.5) Gecko/20041107 Firefox/1.0"
81.227.113.35 - - [19/Jun/2005:23:58:57 +0200] "GET /wxwiki.css HTTP/1.1" 200 1540 "http://wiki.wxwidgets.org/wiki.pl?WxWidgets_Bounties" "Mozilla/5.0 (X11; U; Linux i686; en-US; rv:1.7.5) Gecko/20041107 Firefox/1.0"
81.227.113.35 - - [19/Jun/2005:23:58:58 +0200] "GET /wximages/wxwidgets02-small.png HTTP/1.1" 200 12468 "http://wiki.wxwidgets.org/wiki.pl?WxWidgets_Bounties" "Mozilla/5.0 (X11; U; Linux i686; en-US; rv:1.7.5) Gecko/20041107 Firefox/1.0"
81.227.113.35 - - [19/Jun/2005:23:58:58 +0200] "GET /favicon.ico HTTP/1.1" 200 3262 "-" "Mozilla/5.0 (X11; U; Linux i686; en-US; rv:1.7.5) Gecko/20041107 Firefox/1.0"
65.54.188.139 - - [20/Jun/2005:00:00:20 +0200] "GET /wiki.pl?back=Wegstar HTTP/1.0" 200 1518 "-" "msnbot/1.0 (+http://search.msn.com/msnbot.htm)"
81.227.113.35 - - [20/Jun/2005:00:00:45 +0200] "GET /wiki.pl?WxWidgets_Vacancies HTTP/1.1" 200 3602 "http://wxwidgets.org/toolbar.htm" "Mozilla/5.0 (X11; U; Linux i686; en-US; rv:1.7.5) Gecko/20041107 Firefox/1.0"
84.173.156.231 - - [20/Jun/2005:00:03:23 +0200] "GET / HTTP/1.1" 200 3381 "-" "Mozilla/5.0 (Windows; U; Windows NT 5.1; de-DE; rv:1.7.8) Gecko/20050511 Firefox/1.0.4"
84.173.156.231 - - [20/Jun/2005:00:03:23 +0200] "GET /wxwiki.css HTTP/1.1" 200 1540 "http://wiki.wxwidgets.org/" "Mozilla/5.0 (Windows; U; Windows NT 5.1; de-DE; rv:1.7.8) Gecko/20050511 Firefox/1.0.4"
84.173.156.231 - - [20/Jun/2005:00:03:23 +0200] "GET /wximages/wxwidgets02-small.png HTTP/1.1" 200 12468 "http://wiki.wxwidgets.org/" "Mozilla/5.0 (Windows; U; Windows NT 5.1; de-DE; rv:1.7.8) Gecko/20050511 Firefox/1.0.4"
84.173.156.231 - - [20/Jun/2005:00:03:24 +0200] "GET /favicon.ico HTTP/1.1" 200 3262 "-" "Mozilla/5.0 (Windows; U; Windows NT 5.1; de-DE; rv:1.7.8) Gecko/20050511 Firefox/1.0.4"
84.173.156.231 - - [20/Jun/2005:00:03:27 +0200] "GET /wiki.pl?Resources HTTP/1.1" 200 5882 "http://wiki.wxwidgets.org/" "Mozilla/5.0 (Windows; U; Windows NT 5.1; de-DE; rv:1.7.8) Gecko/20050511 Firefox/1.0.4"
84.173.156.231 - - [20/Jun/2005:00:03:33 +0200] "GET /wiki.pl?WxWiki HTTP/1.1" 200 3381 "http://wiki.wxwidgets.org/wiki.pl?Resources" "Mozilla/5.0 (Windows; U; Windows NT 5.1; de-DE; rv:1.7.8) Gecko/20050511 Firefox/1.0.4"
84.173.156.231 - - [20/Jun/2005:00:03:36 +0200] "GET /wiki.pl?Table_Of_Contents HTTP/1.1" 200 26242 "http://wiki.wxwidgets.org/wiki.pl?WxWiki" "Mozilla/5.0 (Windows; U; Windows NT 5.1; de-DE; rv:1.7.8) Gecko/20050511 Firefox/1.0.4"
84.173.156.231 - - [20/Jun/2005:00:03:56 +0200] "GET /wiki.pl?Graphics HTTP/1.1" 200 2834 "http://wiki.wxwidgets.org/wiki.pl?Table_Of_Contents" "Mozilla/5.0 (Windows; U; Windows NT 5.1; de-DE; rv:1.7.8) Gecko/20050511 Firefox/1.0.4"
81.227.113.35 - - [20/Jun/2005:00:03:58 +0200] "GET /wiki.pl?WxWidgets_Bounties HTTP/1.1" 200 8873 "http://www.opensourcexperts.com/bountylist.html" "Mozilla/5.0 (X11; U; Linux i686; en-US; rv:1.7.5) Gecko/20041107 Firefox/1.0"
81.218.213.9 - - [20/Jun/2005:00:05:27 +0200] "GET /wiki.pl?Instructions HTTP/1.1" 200 19650 "http://www.google.com/search?q=how+to+debug+bcb+vcl&hl=en&hs=fhR&lr=&client=firefox-a&rls=org.mozilla:en-US:official_s&start=20&sa=N" "Mozilla/5.0 (Windows; U; Windows NT 5.1; en-US; rv:1.7.8) Gecko/20050511 Firefox/1.0.4"
81.218.213.9 - - [20/Jun/2005:00:05:27 +0200] "GET /wxwiki.css HTTP/1.1" 200 1540 "http://wiki.wxwidgets.org/wiki.pl?Instructions" "Mozilla/5.0 (Windows; U; Windows NT 5.1; en-US; rv:1.7.8) Gecko/20050511 Firefox/1.0.4"
81.218.213.9 - - [20/Jun/2005:00:05:27 +0200] "GET /wximages/wxwidgets02-small.png HTTP/1.1" 200 12468 "http://wiki.wxwidgets.org/wiki.pl?Instructions" "Mozilla/5.0 (Windows; U; Windows NT 5.1; en-US; rv:1.7.8) Gecko/20050511 Firefox/1.0.4"
81.218.213.9 - - [20/Jun/2005:00:05:28 +0200] "GET /favicon.ico HTTP/1.1" 200 3262 "-" "Mozilla/5.0 (Windows; U; Windows NT 5.1; en-US; rv:1.7.8) Gecko/20050511 Firefox/1.0.4"
61.181.7.30 - - [20/Jun/2005:00:07:04 +0200] "GET /wximages/wxwidgets02-small.png HTTP/1.1" 200 12468 "http://blog.vckbase.com/bastet/" "Mozilla/4.0 (compatible; MSIE 6.0; Windows NT 5.1)"
200.193.151.201 - - [20/Jun/2005:00:07:50 +0200] "GET /wiki.pl?WxWidgets_Vacancies HTTP/1.1" 200 3602 "http://www.wxwidgets.org/toolbar.htm" "Mozilla/5.0 (X11; U; Linux i686; en-US; rv:1.7.8) Gecko/20050513 Fedora/1.0.4-1.3.1 Firefox/1.0.4"
200.193.151.201 - - [20/Jun/2005:00:07:55 +0200] "GET /wxwiki.css HTTP/1.1" 200 1540 "http://wiki.wxwidgets.org/wiki.pl?WxWidgets_Vacancies" "Mozilla/5.0 (X11; U; Linux i686; en-US; rv:1.7.8) Gecko/20050513 Fedora/1.0.4-1.3.1 Firefox/1.0.4"
200.193.151.201 - - [20/Jun/2005:00:07:56 +0200] "GET /wximages/wxwidgets02-small.png HTTP/1.1" 200 12468 "http://wiki.wxwidgets.org/wiki.pl?WxWidgets_Vacancies" "Mozilla/5.0 (X11; U; Linux i686; en-US; rv:1.7.8) Gecko/20050513 Fedora/1.0.4-1.3.1 Firefox/1.0.4"
148.65.84.150 - - [20/Jun/2005:00:11:03 +0200] "GET /wiki.pl?IDEs HTTP/1.1" 200 10212 "http://www.google.com/search?hl=en&q=code%3A%3Ablocks+wxWidgets+setup" "Mozilla/4.0 (compatible; MSIE 6.0; Windows NT 5.1; SV1; .NET CLR 1.1.4322; .NET CLR 2.0.50215)"
148.65.84.150 - - [20/Jun/2005:00:11:05 +0200] "GET /wximages/wxwidgets02-small.png HTTP/1.1" 304 - "http://wiki.wxwidgets.org/wiki.pl?IDEs" "Mozilla/4.0 (compatible; MSIE 6.0; Windows NT 5.1; SV1; .NET CLR 1.1.4322; .NET CLR 2.0.50215)"
148.65.84.150 - - [20/Jun/2005:00:11:13 +0200] "GET /wxwiki.css HTTP/1.1" 304 - "http://wiki.wxwidgets.org/wiki.pl?IDEs" "Mozilla/4.0 (compatible; MSIE 6.0; Windows NT 5.1; SV1; .NET CLR 1.1.4322; .NET CLR 2.0.50215)"
81.218.213.9 - - [20/Jun/2005:00:12:54 +0200] "GET /wiki.pl?WxWiki HTTP/1.1" 200 3381 "http://wiki.wxwidgets.org/wiki.pl?Instructions" "Mozilla/5.0 (Windows; U; Windows NT 5.1; en-US; rv:1.7.8) Gecko/20050511 Firefox/1.0.4"
84.59.33.245 - - [20/Jun/2005:00:13:12 +0200] "GET / HTTP/1.1" 200 3381 "http://www.wxwidgets.org/docs.htm" "Mozilla/5.0 (Macintosh; U; PPC Mac OS X Mach-O; de-DE; rv:1.7.8) Gecko/20050511 Firefox/1.0.4"
84.59.33.245 - - [20/Jun/2005:00:13:12 +0200] "GET /wxwiki.css HTTP/1.1" 200 1540 "http://wiki.wxwidgets.org/" "Mozilla/5.0 (Macintosh; U; PPC Mac OS X Mach-O; de-DE; rv:1.7.8) Gecko/20050511 Firefox/1.0.4"
84.59.33.245 - - [20/Jun/2005:00:13:12 +0200] "GET /wximages/wxwidgets02-small.png HTTP/1.1" 200 12468 "http://wiki.wxwidgets.org/" "Mozilla/5.0 (Macintosh; U; PPC Mac OS X Mach-O; de-DE; rv:1.7.8) Gecko/20050511 Firefox/1.0.4"
84.59.33.245 - - [20/Jun/2005:00:13:13 +0200] "GET /favicon.ico HTTP/1.1" 200 3262 "-" "Mozilla/5.0 (Macintosh; U; PPC Mac OS X Mach-O; de-DE; rv:1.7.8) Gecko/20050511 Firefox/1.0.4"
84.59.33.245 - - [20/Jun/2005:00:13:25 +0200] "GET /docs.cgi?q=macos&target=wiki HTTP/1.1" 200 253 "http://wiki.wxwidgets.org/" "Mozilla/5.0 (Macintosh; U; PPC Mac OS X Mach-O; de-DE; rv:1.7.8) Gecko/20050511 Firefox/1.0.4"
84.59.33.245 - - [20/Jun/2005:00:13:25 +0200] "GET /topfram2.html HTTP/1.1" 200 1251 "http://wiki.wxwidgets.org/docs.cgi?q=macos&target=wiki" "Mozilla/5.0 (Macintosh; U; PPC Mac OS X Mach-O; de-DE; rv:1.7.8) Gecko/20050511 Firefox/1.0.4"
84.59.33.245 - - [20/Jun/2005:00:13:25 +0200] "GET /man.cgi?q=macos&target=wiki HTTP/1.1" 200 140 "http://wiki.wxwidgets.org/docs.cgi?q=macos&target=wiki" "Mozilla/5.0 (Macintosh; U; PPC Mac OS X Mach-O; de-DE; rv:1.7.8) Gecko/20050511 Firefox/1.0.4"
84.59.33.245 - - [20/Jun/2005:00:13:26 +0200] "GET /wiki.pl?search=macos&dosearch=1 HTTP/1.1" 200 3496 "-" "Mozilla/5.0 (Macintosh; U; PPC Mac OS X Mach-O; de-DE; rv:1.7.8) Gecko/20050511 Firefox/1.0.4"
84.59.33.245 - - [20/Jun/2005:00:13:30 +0200] "GET /wiki.pl?Building_WxWidgets_With_MacOS_X HTTP/1.1" 200 4052 "http://wiki.wxwidgets.org/wiki.pl?search=macos&dosearch=1" "Mozilla/5.0 (Macintosh; U; PPC Mac OS X Mach-O; de-DE; rv:1.7.8) Gecko/20050511 Firefox/1.0.4"
84.59.33.245 - - [20/Jun/2005:00:13:36 +0200] "GET /wiki.pl?MacOS_X_ProjectBuilder_Setup_Guide HTTP/1.1" 200 5958 "http://wiki.wxwidgets.org/wiki.pl?Building_WxWidgets_With_MacOS_X" "Mozilla/5.0 (Macintosh; U; PPC Mac OS X Mach-O; de-DE; rv:1.7.8) Gecko/20050511 Firefox/1.0.4"
60.36.198.211 - - [20/Jun/2005:00:18:15 +0200] "GET /wiki.pl?RecentChanges HTTP/1.1" 200 11573 "-" "Mozilla/4.0 (compatible; MSIE 6.0; Windows 98; Q312461)"
60.36.198.211 - - [20/Jun/2005:00:18:15 +0200] "GET /wxwiki.css HTTP/1.1" 200 1540 "http://wiki.wxwidgets.org/wiki.pl?RecentChanges" "Mozilla/4.0 (compatible; MSIE 6.0; Windows 98; Q312461)"
60.36.198.211 - - [20/Jun/2005:00:18:16 +0200] "GET /wximages/wxwidgets02-small.png HTTP/1.1" 200 12468 "http://wiki.wxwidgets.org/wiki.pl?RecentChanges" "Mozilla/4.0 (compatible; MSIE 6.0; Windows 98; Q312461)"
81.218.213.9 - - [20/Jun/2005:00:18:35 +0200] "GET /wiki.pl?Table_Of_Contents HTTP/1.1" 200 26242 "http://wiki.wxwidgets.org/wiki.pl?WxWiki" "Mozilla/5.0 (Windows; U; Windows NT 5.1; en-US; rv:1.7.8) Gecko/20050511 Firefox/1.0.4"
203.5.217.4 - - [20/Jun/2005:00:19:07 +0200] "GET /wiki.pl?WxIFM HTTP/1.0" 200 5279 "http://www.google.com.au/search?hl=en&q=wxifm&btnG=Search&meta=" "Mozilla/5.0 (Windows; U; Windows NT 5.1; en-US; rv:1.7.8) Gecko/20050511 Firefox/1.0.4"
203.5.217.4 - - [20/Jun/2005:00:19:07 +0200] "GET /wxwiki.css HTTP/1.0" 200 1540 "http://wiki.wxwidgets.org/wiki.pl?WxIFM" "Mozilla/5.0 (Windows; U; Windows NT 5.1; en-US; rv:1.7.8) Gecko/20050511 Firefox/1.0.4"
203.5.217.4 - - [20/Jun/2005:00:19:08 +0200] "GET /wximages/wxwidgets02-small.png HTTP/1.0" 200 12468 "http://wiki.wxwidgets.org/wiki.pl?WxIFM" "Mozilla/5.0 (Windows; U; Windows NT 5.1; en-US; rv:1.7.8) Gecko/20050511 Firefox/1.0.4"
203.5.217.4 - - [20/Jun/2005:00:19:09 +0200] "GET /favicon.ico HTTP/1.0" 200 3262 "-" "Mozilla/5.0 (Windows; U; Windows NT 5.1; en-US; rv:1.7.8) Gecko/20050511 Firefox/1.0.4"
219.139.58.30 - - [20/Jun/2005:00:19:34 +0200] "GET /wximages/wxwidgets02-small.png HTTP/1.1" 200 12468 "http://blog.vckbase.com/bastet/" "Mozilla/4.0 (compatible; MSIE 6.0; Windows NT 5.1)"
69.55.238.178 - - [20/Jun/2005:00:20:43 +0200] "POST /pypaste/cvsannounce.cgi HTTP/1.0" 200 1 "-" "Python-urllib/1.15"
68.142.250.123 - - [20/Jun/2005:00:21:46 +0200] "GET /robots.txt HTTP/1.0" 200 138 "-" "Mozilla/5.0 (compatible; Yahoo! Slurp; http://help.yahoo.com/help/us/ysearch/slurp)"
68.142.250.167 - - [20/Jun/2005:00:21:47 +0200] "GET /wiki.pl?MSVC_Setup_Guide HTTP/1.0" 200 18648 "-" "Mozilla/5.0 (compatible; Yahoo! Slurp; http://help.yahoo.com/help/us/ysearch/slurp)"
82.225.99.118 - - [20/Jun/2005:00:24:07 +0200] "GET /wiki.pl?Mac_OS_X_And_Xcode_1.5_Project_Setup_Guide HTTP/1.0" 200 3977 "http://www.google.fr/search?biw=1081&hl=fr&q=wxwidgets+compile+demos+xcode&btnG=Recherche+Google&meta=" "Mozilla/5.0 (Macintosh; U; PPC Mac OS X; fr) AppleWebKit/412 (KHTML, like Gecko) Safari/412"
82.225.99.118 - - [20/Jun/2005:00:24:07 +0200] "GET /wxwiki.css HTTP/1.0" 200 1540 "http://wiki.wxwidgets.org/wiki.pl?Mac_OS_X_And_Xcode_1.5_Project_Setup_Guide" "Mozilla/5.0 (Macintosh; U; PPC Mac OS X; fr) AppleWebKit/412 (KHTML, like Gecko) Safari/412"
82.225.99.118 - - [20/Jun/2005:00:24:07 +0200] "GET /wximages/wxwidgets02-small.png HTTP/1.0" 200 12468 "http://wiki.wxwidgets.org/wiki.pl?Mac_OS_X_And_Xcode_1.5_Project_Setup_Guide" "Mozilla/5.0 (Macintosh; U; PPC Mac OS X; fr) AppleWebKit/412 (KHTML, like Gecko) Safari/412"
82.225.99.118 - - [20/Jun/2005:00:24:07 +0200] "GET /favicon.ico HTTP/1.0" 200 3262 "-" "Mozilla/5.0 (Macintosh; U; PPC Mac OS X; fr) AppleWebKit/412 (KHTML, like Gecko) Safari/412"
221.203.226.72 - - [20/Jun/2005:00:26:55 +0200] "GET /wximages/wxwidgets02-small.png HTTP/1.1" 200 12468 "http://blog.vckbase.com/bastet/default.aspx?opt=msg" "Mozilla/4.0 (compatible; MSIE 6.0; Windows NT 5.1)"
213.135.240.171 - - [20/Jun/2005:00:29:13 +0200] "GET /wiki.pl?Precompiled_Headers HTTP/1.1" 200 5388 "http://www.google.com/search?q=gcc+precompiled+headers&hl=en&lr=&start=10&sa=N" "Mozilla/5.0 (Windows; U; Windows NT 5.1; en-US; rv:1.7.8) Gecko/20050511 Firefox/1.0.4"
202.0.42.119 - - [20/Jun/2005:00:31:51 +0200] "GET / HTTP/1.1" 200 3381 "http://www.wxwidgets.org/docs.htm" "Opera/7.54 (Windows NT 5.1; U) [en]"
202.0.42.119 - - [20/Jun/2005:00:32:01 +0200] "GET /wiki.pl?Table_Of_Contents HTTP/1.1" 200 26242 "http://wiki.wxwidgets.org/" "Opera/7.54 (Windows NT 5.1; U) [en]"
202.0.42.119 - - [20/Jun/2005:00:32:30 +0200] "GET /wiki.pl?WxGauge HTTP/1.1" 200 3635 "http://wiki.wxwidgets.org/wiki.pl?Table_Of_Contents" "Opera/7.54 (Windows NT 5.1; U) [en]"
202.0.42.119 - - [20/Jun/2005:00:33:15 +0200] "GET /wiki.pl?WxSlider HTTP/1.1" 200 2116 "http://wiki.wxwidgets.org/wiki.pl?WxGauge" "Opera/7.54 (Windows NT 5.1; U) [en]"
69.55.238.178 - - [20/Jun/2005:00:35:05 +0200] "POST /pypaste/cvsannounce.cgi HTTP/1.0" 200 1 "-" "Python-urllib/1.15"
221.218.147.228 - - [20/Jun/2005:00:35:40 +0200] "GET /wximages/wxwidgets02-small.png HTTP/1.1" 200 12468 "http://blog.vckbase.com/bastet/" "Mozilla/4.0 (compatible; MSIE 5.0; Windows 98; DigExt)"
82.82.191.129 - - [20/Jun/2005:00:38:24 +0200] "GET /wiki.pl?MacOS_X_ProjectBuilder_Setup_Guide HTTP/1.1" 200 5958 "http://wiki.wxwidgets.org/wiki.pl?Building_WxWidgets_With_MacOS_X" "Mozilla/5.0 (Macintosh; U; PPC Mac OS X Mach-O; de-DE; rv:1.7.8) Gecko/20050511 Firefox/1.0.4"
69.55.238.178 - - [20/Jun/2005:00:42:15 +0200] "POST /pypaste/cvsannounce.cgi HTTP/1.0" 200 1 "-" "Python-urllib/1.15"
65.54.188.139 - - [20/Jun/2005:00:43:29 +0200] "GET /wiki.pl?back=Precompiled+Headers HTTP/1.0" 200 2402 "-" "msnbot/1.0 (+http://search.msn.com/msnbot.htm)"
82.82.194.246 - - [20/Jun/2005:00:44:41 +0200] "GET /wiki.pl?MacOS_X_ProjectBuilder_Setup_Guide HTTP/1.1" 200 5958 "http://wiki.wxwidgets.org/wiki.pl?Building_WxWidgets_With_MacOS_X" "Mozilla/5.0 (Macintosh; U; PPC Mac OS X Mach-O; de-DE; rv:1.7.8) Gecko/20050511 Firefox/1.0.4"
221.211.19.161 - - [20/Jun/2005:00:45:17 +0200] "GET /wximages/wxwidgets02-small.png HTTP/1.1" 200 12468 "http://blog.vckbase.com/bastet/" "Mozilla/4.0 (compatible; MSIE 6.0; Windows NT 5.1; SV1)"
65.54.188.139 - - [20/Jun/2005:00:45:54 +0200] "GET /wiki.pl?back=Ryan+Norton HTTP/1.0" 200 2112 "-" "msnbot/1.0 (+http://search.msn.com/msnbot.htm)"
83.112.51.81 - - [20/Jun/2005:00:48:25 +0200] "GET /wiki.pl?MSVC HTTP/1.1" 200 1940 "-" "Mozilla/4.0 (compatible; MSIE 6.0; Windows NT 5.1; SV1; .NET CLR 1.1.4322)"
83.112.51.81 - - [20/Jun/2005:00:48:26 +0200] "GET /wxwiki.css HTTP/1.1" 200 1540 "http://wiki.wxwidgets.org/wiki.pl?MSVC" "Mozilla/4.0 (compatible; MSIE 6.0; Windows NT 5.1; SV1; .NET CLR 1.1.4322)"
83.112.51.81 - - [20/Jun/2005:00:48:26 +0200] "GET /wximages/wxwidgets02-small.png HTTP/1.1" 200 12468 "http://wiki.wxwidgets.org/wiki.pl?MSVC" "Mozilla/4.0 (compatible; MSIE 6.0; Windows NT 5.1; SV1; .NET CLR 1.1.4322)"
83.112.51.81 - - [20/Jun/2005:00:48:33 +0200] "GET /wiki.pl?MSVC_.NET_Setup_Guide HTTP/1.1" 200 12582 "http://wiki.wxwidgets.org/wiki.pl?MSVC" "Mozilla/4.0 (compatible; MSIE 6.0; Windows NT 5.1; SV1; .NET CLR 1.1.4322)"
83.112.51.81 - - [20/Jun/2005:00:48:33 +0200] "GET /wxwiki.css HTTP/1.1" 304 - "http://wiki.wxwidgets.org/wiki.pl?MSVC_.NET_Setup_Guide" "Mozilla/4.0 (compatible; MSIE 6.0; Windows NT 5.1; SV1; .NET CLR 1.1.4322)"
83.112.51.81 - - [20/Jun/2005:00:48:34 +0200] "GET /wximages/wxwidgets02-small.png HTTP/1.1" 304 - "http://wiki.wxwidgets.org/wiki.pl?MSVC_.NET_Setup_Guide" "Mozilla/4.0 (compatible; MSIE 6.0; Windows NT 5.1; SV1; .NET CLR 1.1.4322)"
61.242.184.99 - - [20/Jun/2005:00:48:59 +0200] "GET /wximages/wxwidgets02-small.png HTTP/1.1" 200 12468 "http://blog.vckbase.com/bastet/default.aspx?opt=msg" "Mozilla/4.0 (compatible; MSIE 6.0; Windows 98)"
61.242.184.99 - - [20/Jun/2005:00:49:19 +0200] "GET /wximages/wxwidgets02-small.png HTTP/1.1" 304 - "http://blog.vckbase.com/bastet/" "Mozilla/4.0 (compatible; MSIE 6.0; Windows 98)"
61.242.184.99 - - [20/Jun/2005:00:50:10 +0200] "GET /wximages/wxwidgets02-small.png HTTP/1.1" 304 - "http://blog.vckbase.com/bastet/" "Mozilla/4.0 (compatible; MSIE 6.0; Windows 98)"
70.109.118.204 - - [20/Jun/2005:00:53:15 +0200] "GET //wiki.pl?action=browse&diff=2&id=WxGrid HTTP/1.1" 200 9810 "http://www.google.com/search?q=wxGRIDTABLE_REQUEST_VIEW_GET_VALUES&hl=en&lr=&start=10&sa=N" "Mozilla/4.0 (compatible; MSIE 6.0; Windows NT 5.1; SV1; .NET CLR 1.0.3705; .NET CLR 1.1.4322)"
70.109.118.204 - - [20/Jun/2005:00:53:15 +0200] "GET /wximages/wxwidgets02-small.png HTTP/1.1" 200 12468 "http://wiki.wxwidgets.org//wiki.pl?action=browse&diff=2&id=WxGrid" "Mozilla/4.0 (compatible; MSIE 6.0; Windows NT 5.1; SV1; .NET CLR 1.0.3705; .NET CLR 1.1.4322)"
70.109.118.204 - - [20/Jun/2005:00:53:15 +0200] "GET /wxwiki.css HTTP/1.1" 200 1540 "http://wiki.wxwidgets.org//wiki.pl?action=browse&diff=2&id=WxGrid" "Mozilla/4.0 (compatible; MSIE 6.0; Windows NT 5.1; SV1; .NET CLR 1.0.3705; .NET CLR 1.1.4322)"
83.176.75.187 - - [20/Jun/2005:00:54:33 +0200] "GET /wiki.pl?Table_Of_Contents HTTP/1.1" 200 26314 "-" "Mozilla/5.0 (Windows; U; Windows NT 5.1; it-IT; rv:1.7.8) Gecko/20050511 Firefox/1.0.4"
83.176.75.187 - - [20/Jun/2005:00:54:36 +0200] "GET /wiki.pl?Bakefile_Utils HTTP/1.1" 200 15093 "http://wiki.wxwidgets.org/wiki.pl?Table_Of_Contents" "Mozilla/5.0 (Windows; U; Windows NT 5.1; it-IT; rv:1.7.8) Gecko/20050511 Firefox/1.0.4"
83.176.75.187 - - [20/Jun/2005:00:54:43 +0200] "GET /wiki.pl?action=edit&id=Bakefile_Utils HTTP/1.1" 200 15888 "http://wiki.wxwidgets.org/wiki.pl?Bakefile_Utils" "Mozilla/5.0 (Windows; U; Windows NT 5.1; it-IT; rv:1.7.8) Gecko/20050511 Firefox/1.0.4"
