83.176.75.187 - - [20/Jun/2005:00:55:04 +0200] "POST /wiki.pl HTTP/1.1" 302 176 "http://wiki.wxwidgets.org/wiki.pl?action=edit&id=Bakefile_Utils" "Mozilla/5.0 (Windows; U; Windows NT 5.1; it-IT; rv:1.7.8) Gecko/20050511 Firefox/1.0.4"
83.176.75.187 - - [20/Jun/2005:00:55:04 +0200] "GET /wiki.pl?Bakefile_Utils HTTP/1.1" 200 14556 "http://wiki.wxwidgets.org/wiki.pl?action=edit&id=Bakefile_Utils" "Mozilla/5.0 (Windows; U; Windows NT 5.1; it-IT; rv:1.7.8) Gecko/20050511 Firefox/1.0.4"
83.112.51.81 - - [20/Jun/2005:00:56:04 +0200] "GET /wiki.pl?MSVC HTTP/1.1" 200 1940 "-" "Mozilla/4.0 (compatible; MSIE 6.0; Windows NT 5.1; SV1; .NET CLR 1.1.4322)"
83.112.51.81 - - [20/Jun/2005:00:56:04 +0200] "GET /wxwiki.css HTTP/1.1" 304 - "http://wiki.wxwidgets.org/wiki.pl?MSVC" "Mozilla/4.0 (compatible; MSIE 6.0; Windows NT 5.1; SV1; .NET CLR 1.1.4322)"
83.112.51.81 - - [20/Jun/2005:00:56:05 +0200] "GET /wximages/wxwidgets02-small.png HTTP/1.1" 304 - "http://wiki.wxwidgets.org/wiki.pl?MSVC" "Mozilla/4.0 (compatible; MSIE 6.0; Windows NT 5.1; SV1; .NET CLR 1.1.4322)"
83.112.51.81 - - [20/Jun/2005:00:56:06 +0200] "GET /wiki.pl?MSVC_.NET_Setup_Guide HTTP/1.1" 200 12582 "http://wiki.wxwidgets.org/wiki.pl?MSVC" "Mozilla/4.0 (compatible; MSIE 6.0; Windows NT 5.1; SV1; .NET CLR 1.1.4322)"
65.54.188.139 - - [20/Jun/2005:00:57:40 +0200] "GET /wiki.pl?back=Jfath HTTP/1.0" 200 1514 "-" "msnbot/1.0 (+http://search.msn.com/msnbot.htm)"
65.54.188.139 - - [20/Jun/2005:00:57:56 +0200] "GET /wiki.pl?back=RyanNorton HTTP/1.0" 200 1683 "-" "msnbot/1.0 (+http://search.msn.com/msnbot.htm)"
68.76.121.17 - - [20/Jun/2005:00:58:51 +0200] "GET /wiki.pl?IDEs HTTP/1.1" 200 10212 "http://www.google.com/search?hl=en&q=WxWidgets+AutoComplete&btnG=Google+Search" "Mozilla/5.0 (Windows; U; Windows NT 5.1; en-US; rv:1.7.8) Gecko/20050511 Firefox/1.0.4 (ax)"
68.76.121.17 - - [20/Jun/2005:00:58:51 +0200] "GET /wxwiki.css HTTP/1.1" 200 1540 "http://wiki.wxwidgets.org/wiki.pl?IDEs" "Mozilla/5.0 (Windows; U; Windows NT 5.1; en-US; rv:1.7.8) Gecko/20050511 Firefox/1.0.4 (ax)"
68.76.121.17 - - [20/Jun/2005:00:58:52 +0200] "GET /wximages/wxwidgets02-small.png HTTP/1.1" 200 12468 "http://wiki.wxwidgets.org/wiki.pl?IDEs" "Mozilla/5.0 (Windows; U; Windows NT 5.1; en-US; rv:1.7.8) Gecko/20050511 Firefox/1.0.4 (ax)"
68.76.121.17 - - [20/Jun/2005:00:58:52 +0200] "GET /favicon.ico HTTP/1.1" 200 3262 "-" "Mozilla/5.0 (Windows; U; Windows NT 5.1; en-US; rv:1.7.8) Gecko/20050511 Firefox/1.0.4 (ax)"
217.129.14.137 - - [20/Jun/2005:01:00:59 +0200] "GET /wiki.pl?WxBasic_Tutorial HTTP/1.1" 200 2957 "http://www.google.pt/search?q=wxbasic&sourceid=mozilla-search&start=0&start=0&ie=utf-8&oe=utf-8&client=firefox-a&rls=org.mozilla:en-US:official" "Mozilla/5.0 (Windows; U; Windows NT 5.1; en-US; rv:1.7.8) Gecko/20050511 Firefox/1.0.4"
217.129.14.137 - - [20/Jun/2005:01:00:59 +0200] "GET /wxwiki.css HTTP/1.1" 200 1540 "http://wiki.wxwidgets.org/wiki.pl?WxBasic_Tutorial" "Mozilla/5.0 (Windows; U; Windows NT 5.1; en-US; rv:1.7.8) Gecko/20050511 Firefox/1.0.4"
217.129.14.137 - - [20/Jun/2005:01:00:59 +0200] "GET /wximages/wxwidgets02-small.png HTTP/1.1" 200 12468 "http://wiki.wxwidgets.org/wiki.pl?WxBasic_Tutorial" "Mozilla/5.0 (Windows; U; Windows NT 5.1; en-US; rv:1.7.8) Gecko/20050511 Firefox/1.0.4"
217.129.14.137 - - [20/Jun/2005:01:00:59 +0200] "GET /favicon.ico HTTP/1.1" 200 3262 "-" "Mozilla/5.0 (Windows; U; Windows NT 5.1; en-US; rv:1.7.8) Gecko/20050511 Firefox/1.0.4"
217.129.14.137 - - [20/Jun/2005:01:01:06 +0200] "GET /wiki.pl?WxBitmapButton HTTP/1.1" 200 4086 "http://wiki.wxwidgets.org/wiki.pl?WxBasic_Tutorial" "Mozilla/5.0 (Windows; U; Windows NT 5.1; en-US; rv:1.7.8) Gecko/20050511 Firefox/1.0.4"
217.129.14.137 - - [20/Jun/2005:01:02:16 +0200] "GET /wiki.pl?Table_Of_Contents HTTP/1.1" 200 26242 "http://www.google.pt/search?q=wxbasic+guide&sourceid=mozilla-search&start=0&start=0&ie=utf-8&oe=utf-8&client=firefox-a&rls=org.mozilla:en-US:official" "Mozilla/5.0 (Windows; U; Windows NT 5.1; en-US; rv:1.7.8) Gecko/20050511 Firefox/1.0.4"
207.68.146.55 - - [20/Jun/2005:01:04:24 +0200] "GET /robots.txt HTTP/1.0" 200 138 "-" "msnbot/1.0 (+http://search.msn.com/msnbot.htm)"
207.68.146.55 - - [20/Jun/2005:01:04:25 +0200] "GET /wiki.pl?WxWidgets_Vacancies HTTP/1.0" 200 3590 "-" "msnbot/1.0 (+http://search.msn.com/msnbot.htm)"
217.129.14.137 - - [20/Jun/2005:01:04:27 +0200] "GET /wiki.pl?WxWidgets_Bounties HTTP/1.1" 200 8873 "http://www.wxwidgets.org/toolbar.htm" "Mozilla/5.0 (Windows; U; Windows NT 5.1; en-US; rv:1.7.8) Gecko/20050511 Firefox/1.0.4"
65.54.188.139 - - [20/Jun/2005:01:06:12 +0200] "GET /wiki.pl?back=Bob+McCown HTTP/1.0" 200 1524 "-" "msnbot/1.0 (+http://search.msn.com/msnbot.htm)"
69.242.34.217 - - [20/Jun/2005:01:06:32 +0200] "GET /wiki.pl?Dev-Cpp_Instructions HTTP/1.1" 200 2056 "http://www.wxwidgets.org/devcpp.htm" "Mozilla/4.0 (compatible; MSIE 6.0; Windows NT 5.1; SV1; .NET CLR 1.1.4322)"
69.242.34.217 - - [20/Jun/2005:01:06:32 +0200] "GET /wximages/wxwidgets02-small.png HTTP/1.1" 200 12468 "http://wiki.wxwidgets.org/wiki.pl?Dev-Cpp_Instructions" "Mozilla/4.0 (compatible; MSIE 6.0; Windows NT 5.1; SV1; .NET CLR 1.1.4322)"
69.242.34.217 - - [20/Jun/2005:01:06:32 +0200] "GET /wxwiki.css HTTP/1.1" 200 1540 "http://wiki.wxwidgets.org/wiki.pl?Dev-Cpp_Instructions" "Mozilla/4.0 (compatible; MSIE 6.0; Windows NT 5.1; SV1; .NET CLR 1.1.4322)"
69.242.34.217 - - [20/Jun/2005:01:06:57 +0200] "GET /wiki.pl?WxWiki HTTP/1.1" 200 3381 "http://wiki.wxwidgets.org/wiki.pl?Dev-Cpp_Instructions" "Mozilla/4.0 (compatible; MSIE 6.0; Windows NT 5.1; SV1; .NET CLR 1.1.4322)"
24.206.72.103 - - [20/Jun/2005:01:08:19 +0200] "GET /wxwiki.css HTTP/1.1" 200 1540 "http://wiki.wxwidgets.org/wiki.pl?WxWidgets_Compared_To_Other_Toolkits" "Mozilla/4.0 (compatible; MSIE 6.0; Windows NT 5.1; SV1; .NET CLR 1.1.4322)"
24.206.72.103 - - [20/Jun/2005:01:08:19 +0200] "GET /wiki.pl?WxWidgets_Compared_To_Other_Toolkits HTTP/1.1" 200 19476 "-" "Mozilla/4.0 (compatible; MSIE 6.0; Windows NT 5.1; SV1; .NET CLR 1.1.4322)"
24.206.72.103 - - [20/Jun/2005:01:08:19 +0200] "GET /wximages/wxwidgets02-small.png HTTP/1.1" 200 12468 "http://wiki.wxwidgets.org/wiki.pl?WxWidgets_Compared_To_Other_Toolkits" "Mozilla/4.0 (compatible; MSIE 6.0; Windows NT 5.1; SV1; .NET CLR 1.1.4322)"
24.206.72.103 - - [20/Jun/2005:01:10:48 +0200] "GET /favicon.ico HTTP/1.1" 200 3262 "-" "Mozilla/4.0 (compatible; MSIE 6.0; Windows NT 5.1; SV1; .NET CLR 1.1.4322)"
65.54.188.139 - - [20/Jun/2005:01:11:09 +0200] "GET /wiki.pl?back=/WxMac+WxGetKeyState HTTP/1.0" 200 1674 "-" "msnbot/1.0 (+http://search.msn.com/msnbot.htm)"
65.54.188.139 - - [20/Jun/2005:01:16:40 +0200] "GET /wiki.pl?WxArt2d HTTP/1.0" 200 4085 "-" "msnbot/1.0 (+http://search.msn.com/msnbot.htm)"
84.163.120.252 - - [20/Jun/2005:01:17:20 +0200] "GET /wxwiki.css HTTP/1.1" 200 1540 "http://wiki.wxwidgets.org/wiki.pl?Mac_OS_X_And_Xcode_For_Beginners" "Mozilla/5.0 (Macintosh; U; PPC Mac OS X; de-de) AppleWebKit/412 (KHTML, like Gecko) Safari/412"
84.163.120.252 - - [20/Jun/2005:01:17:20 +0200] "GET /wximages/wxwidgets02-small.png HTTP/1.1" 200 12468 "http://wiki.wxwidgets.org/wiki.pl?Mac_OS_X_And_Xcode_For_Beginners" "Mozilla/5.0 (Macintosh; U; PPC Mac OS X; de-de) AppleWebKit/412 (KHTML, like Gecko) Safari/412"
84.163.120.252 - - [20/Jun/2005:01:17:20 +0200] "GET /wiki.pl?Mac_OS_X_And_Xcode_For_Beginners HTTP/1.1" 200 31994 "http://www.google.com/search?client=safari&rls=de-de&q=makefile+xcode&ie=UTF-8&oe=UTF-8" "Mozilla/5.0 (Macintosh; U; PPC Mac OS X; de-de) AppleWebKit/412 (KHTML, like Gecko) Safari/412"
84.163.120.252 - - [20/Jun/2005:01:17:21 +0200] "GET /favicon.ico HTTP/1.1" 200 3262 "-" "Mozilla/5.0 (Macintosh; U; PPC Mac OS X; de-de) AppleWebKit/412 (KHTML, like Gecko) Safari/412"
207.68.146.55 - - [20/Jun/2005:01:19:56 +0200] "GET /wiki.pl?WxWidgets_Bounties HTTP/1.0" 200 8846 "-" "msnbot/1.0 (+http://search.msn.com/msnbot.htm)"
65.54.188.139 - - [20/Jun/2005:01:20:12 +0200] "GET /wiki.pl?back=/WxMac+WxTaskBarIcon HTTP/1.0" 200 1674 "-" "msnbot/1.0 (+http://search.msn.com/msnbot.htm)"
221.204.145.113 - - [20/Jun/2005:01:21:18 +0200] "GET /wximages/wxwidgets02-small.png HTTP/1.1" 200 12468 "http://blog.vckbase.com/bastet/" "Mozilla/4.0 (compatible; MSIE 5.0; Windows 98; DigExt)"
65.54.188.139 - - [20/Jun/2005:01:21:43 +0200] "GET /wiki.pl?WxWiki_WxCaret HTTP/1.0" 200 6395 "-" "msnbot/1.0 (+http://search.msn.com/msnbot.htm)"
222.46.90.181 - - [20/Jun/2005:01:24:03 +0200] "GET /wximages/wxwidgets02-small.png HTTP/1.1" 200 12468 "http://blog.vckbase.com/bastet/" "Mozilla/4.0 (compatible; MSIE 6.0; Windows NT 5.1; SV1)"
68.142.250.23 - - [20/Jun/2005:01:24:45 +0200] "GET /robots.txt HTTP/1.0" 200 138 "-" "Mozilla/5.0 (compatible; Yahoo! Slurp; http://help.yahoo.com/help/us/ysearch/slurp)"
68.142.251.168 - - [20/Jun/2005:01:24:46 +0200] "GET /wiki.pl?MSVC_.NET_Setup_Guide HTTP/1.0" 200 12547 "-" "Mozilla/5.0 (compatible; Yahoo! Slurp; http://help.yahoo.com/help/us/ysearch/slurp)"
218.10.142.51 - - [20/Jun/2005:01:24:51 +0200] "GET /wximages/wxwidgets02-small.png HTTP/1.1" 200 12468 "http://blog.vckbase.com/bastet/" "Mozilla/4.0 (compatible; MSIE 5.5; Windows 98; Win 9x 4.90)"
81.218.213.9 - - [20/Jun/2005:01:29:25 +0200] "GET /wiki.pl?WxWiki HTTP/1.1" 200 3381 "http://wiki.wxwidgets.org/wiki.pl?Table_Of_Contents" "Mozilla/5.0 (Windows; U; Windows NT 5.1; en-US; rv:1.7.8) Gecko/20050511 Firefox/1.0.4"
65.54.188.139 - - [20/Jun/2005:01:30:10 +0200] "GET /wiki.pl?Developers_Notebook/LZ78 HTTP/1.0" 200 6390 "-" "msnbot/1.0 (+http://search.msn.com/msnbot.htm)"
64.53.176.60 - - [20/Jun/2005:01:32:07 +0200] "GET /wiki.pl?WxWidgets_Bounties HTTP/1.1" 200 8873 "http://wxwidgets.org/toolbar.htm" "Mozilla/4.0 (compatible; MSIE 6.0; Windows NT 5.0; .NET CLR 1.1.4322)"
64.53.176.60 - - [20/Jun/2005:01:32:08 +0200] "GET /wximages/wxwidgets02-small.png HTTP/1.1" 200 12468 "http://wiki.wxwidgets.org/wiki.pl?WxWidgets_Bounties" "Mozilla/4.0 (compatible; MSIE 6.0; Windows NT 5.0; .NET CLR 1.1.4322)"
64.53.176.60 - - [20/Jun/2005:01:32:08 +0200] "GET /wxwiki.css HTTP/1.1" 200 1540 "http://wiki.wxwidgets.org/wiki.pl?WxWidgets_Bounties" "Mozilla/4.0 (compatible; MSIE 6.0; Windows NT 5.0; .NET CLR 1.1.4322)"
204.244.199.38 - - [20/Jun/2005:01:38:14 +0200] "GET /wiki.pl?WxBasic_Implementation HTTP/1.1" 200 4139 "http://www.google.ca/search?hl=en&biw=1004&q=wxbasic&meta=" "Mozilla/4.0 (compatible; MSIE 6.0; Windows NT 5.1; SV1; .NET CLR 1.0.3705; .NET CLR 1.1.4322)"
204.244.199.38 - - [20/Jun/2005:01:38:14 +0200] "GET /wxwiki.css HTTP/1.1" 200 1540 "http://wiki.wxwidgets.org/wiki.pl?WxBasic_Implementation" "Mozilla/4.0 (compatible; MSIE 6.0; Windows NT 5.1; SV1; .NET CLR 1.0.3705; .NET CLR 1.1.4322)"
204.244.199.38 - - [20/Jun/2005:01:38:14 +0200] "GET /wximages/wxwidgets02-small.png HTTP/1.1" 200 12468 "http://wiki.wxwidgets.org/wiki.pl?WxBasic_Implementation" "Mozilla/4.0 (compatible; MSIE 6.0; Windows NT 5.1; SV1; .NET CLR 1.0.3705; .NET CLR 1.1.4322)"
12.75.205.0 - - [20/Jun/2005:01:40:36 +0200] "GET /wiki.pl?Compiling_WxWidgets_With_MSYS HTTP/1.1" 200 2051 "-" "Mozilla/5.0 (Windows; U; Win98; en-US; rv:1.7.8) Gecko/20050511 Firefox/1.0.4"
12.75.205.0 - - [20/Jun/2005:01:40:36 +0200] "GET /wiki.pl?Compiling_WxWidgets_With_MSYS HTTP/1.1" 200 2051 "-" "Mozilla/5.0 (Windows; U; Win98; en-US; rv:1.7.8) Gecko/20050511 Firefox/1.0.4"
12.75.205.0 - - [20/Jun/2005:01:40:43 +0200] "GET /wiki.pl?Compiling_WxWidgets_With_MSYS/MinGW HTTP/1.1" 200 5269 "http://wiki.wxwidgets.org/wiki.pl?Compiling_WxWidgets_With_MSYS" "Mozilla/5.0 (Windows; U; Win98; en-US; rv:1.7.8) Gecko/20050511 Firefox/1.0.4"
24.231.178.73 - - [20/Jun/2005:01:41:10 +0200] "GET /wiki.pl?Makefile HTTP/1.1" 200 4286 "-" "Mozilla/5.0 (X11; U; Linux i686; en-US; rv:1.7.8) Gecko/20050511 Firefox/1.0.4"
24.231.178.73 - - [20/Jun/2005:01:41:12 +0200] "GET /wiki.pl?RecentChanges HTTP/1.1" 200 11692 "-" "Mozilla/5.0 (X11; U; Linux i686; en-US; rv:1.7.8) Gecko/20050511 Firefox/1.0.4"
64.193.151.54 - - [20/Jun/2005:01:42:11 +0200] "GET /wiki.pl?WxWidgets_Bounties HTTP/1.1" 200 8873 "http://www.wxwidgets.org/toolbar.htm" "Mozilla/5.0 (Windows; U; Win 9x 4.90; en-US; rv:1.7.6) Gecko/20050223 Firefox/1.0.1"
64.193.151.54 - - [20/Jun/2005:01:42:15 +0200] "GET /wxwiki.css HTTP/1.1" 200 1540 "http://wiki.wxwidgets.org/wiki.pl?WxWidgets_Bounties" "Mozilla/5.0 (Windows; U; Win 9x 4.90; en-US; rv:1.7.6) Gecko/20050223 Firefox/1.0.1"
64.193.151.54 - - [20/Jun/2005:01:42:29 +0200] "GET /wximages/wxwidgets02-small.png HTTP/1.1" 200 12468 "http://wiki.wxwidgets.org/wiki.pl?WxWidgets_Bounties" "Mozilla/5.0 (Windows; U; Win 9x 4.90; en-US; rv:1.7.6) Gecko/20050223 Firefox/1.0.1"
65.54.188.139 - - [20/Jun/2005:01:42:54 +0200] "GET /wiki.pl?back=Mac+OS+X+And+Xcode+For+Beginners HTTP/1.0" 200 1815 "-" "msnbot/1.0 (+http://search.msn.com/msnbot.htm)"
66.93.236.233 - - [20/Jun/2005:01:43:11 +0200] "GET /wiki.pl?Installing_WxWin_For_MS_Free_Tools HTTP/1.1" 200 9668 "http://www.google.com/search?q=download+win64+visual+C%2B%2B+runtime+library&btnG=Search&hs=uk8&hl=en&lr=&client=firefox-a&rls=org.mozilla%3Aen-US%3Aofficial&biw=" "Mozilla/5.0 (Windows; U; Windows NT 5.2; en-US; rv:1.7.8) Gecko/20050511 Firefox/1.0.4"
66.93.236.233 - - [20/Jun/2005:01:43:12 +0200] "GET /wxwiki.css HTTP/1.1" 200 1540 "http://wiki.wxwidgets.org/wiki.pl?Installing_WxWin_For_MS_Free_Tools" "Mozilla/5.0 (Windows; U; Windows NT 5.2; en-US; rv:1.7.8) Gecko/20050511 Firefox/1.0.4"
66.93.236.233 - - [20/Jun/2005:01:43:12 +0200] "GET /wximages/wxwidgets02-small.png HTTP/1.1" 200 12468 "http://wiki.wxwidgets.org/wiki.pl?Installing_WxWin_For_MS_Free_Tools" "Mozilla/5.0 (Windows; U; Windows NT 5.2; en-US; rv:1.7.8) Gecko/20050511 Firefox/1.0.4"
66.93.236.233 - - [20/Jun/2005:01:43:14 +0200] "GET /favicon.ico HTTP/1.1" 200 3262 "-" "Mozilla/5.0 (Windows; U; Windows NT 5.2; en-US; rv:1.7.8) Gecko/20050511 Firefox/1.0.4"
207.46.98.84 - - [20/Jun/2005:01:44:36 +0200] "GET /robots.txt HTTP/1.0" 200 138 "-" "msnbot/1.0 (+http://search.msn.com/msnbot.htm)"
207.46.98.84 - - [20/Jun/2005:01:44:37 +0200] "GET /wiki.pl?back=Subclassing+WxControl HTTP/1.0" 200 1716 "-" "msnbot/1.0 (+http://search.msn.com/msnbot.htm)"
165.21.154.112 - - [20/Jun/2005:01:45:14 +0200] "GET /wximages/wxwidgets02-small.png HTTP/1.1" 200 12468 "http://blog.vckbase.com/bastet/" "Mozilla/4.0 (compatible; MSIE 6.0; Windows NT 5.1; .NET CLR 1.1.4322)"
80.121.58.83 - - [20/Jun/2005:01:45:46 +0200] "GET /wiki.pl?WxWidgets_Bounties HTTP/1.1" 200 8873 "http://www.wxwidgets.org/toolbar.htm" "Mozilla/5.0 (Windows; U; Windows NT 5.1; en-US; rv:1.7.8) Gecko/20050511 Firefox/1.0.4"
80.121.58.83 - - [20/Jun/2005:01:45:46 +0200] "GET /wxwiki.css HTTP/1.1" 200 1540 "http://wiki.wxwidgets.org/wiki.pl?WxWidgets_Bounties" "Mozilla/5.0 (Windows; U; Windows NT 5.1; en-US; rv:1.7.8) Gecko/20050511 Firefox/1.0.4"
80.121.58.83 - - [20/Jun/2005:01:45:46 +0200] "GET /wximages/wxwidgets02-small.png HTTP/1.1" 200 12468 "http://wiki.wxwidgets.org/wiki.pl?WxWidgets_Bounties" "Mozilla/5.0 (Windows; U; Windows NT 5.1; en-US; rv:1.7.8) Gecko/20050511 Firefox/1.0.4"
130.232.130.245 - - [20/Jun/2005:01:45:54 +0200] "GET /wiki.pl?WxWidgets_Compared_To_Other_Toolkits HTTP/1.1" 200 19476 "http://www.google.com/search?&q=wxwidgets%20sdl&sourceid=firefox" "Mozilla/5.0 (Windows; U; Windows NT 5.0; en-US; rv:1.7.8) Gecko/20050511 Firefox/1.0.4"
130.232.130.245 - - [20/Jun/2005:01:45:55 +0200] "GET /wxwiki.css HTTP/1.1" 200 1540 "http://wiki.wxwidgets.org/wiki.pl?WxWidgets_Compared_To_Other_Toolkits" "Mozilla/5.0 (Windows; U; Windows NT 5.0; en-US; rv:1.7.8) Gecko/20050511 Firefox/1.0.4"
130.232.130.245 - - [20/Jun/2005:01:45:55 +0200] "GET /wximages/wxwidgets02-small.png HTTP/1.1" 200 12468 "http://wiki.wxwidgets.org/wiki.pl?WxWidgets_Compared_To_Other_Toolkits" "Mozilla/5.0 (Windows; U; Windows NT 5.0; en-US; rv:1.7.8) Gecko/20050511 Firefox/1.0.4"
130.232.130.245 - - [20/Jun/2005:01:45:55 +0200] "GET /favicon.ico HTTP/1.1" 200 3262 "-" "Mozilla/5.0 (Windows; U; Windows NT 5.0; en-US; rv:1.7.8) Gecko/20050511 Firefox/1.0.4"
69.55.238.178 - - [20/Jun/2005:01:46:06 +0200] "POST /pypaste/cvsannounce.cgi HTTP/1.0" 200 1 "-" "Python-urllib/1.15"
24.107.25.47 - - [20/Jun/2005:01:46:07 +0200] "GET /wiki.pl?WxWidgets_Bounties HTTP/1.1" 200 8873 "http://www.wxwidgets.org/toolbar.htm" "Mozilla/4.0 (compatible; MSIE 6.0; Windows NT 5.1; Mon_AutoConfig_v1.02_STL; Monsanto; US; STL; .NET CLR 1.0.3705; .NET CLR 1.1.4322)"
24.107.25.47 - - [20/Jun/2005:01:46:07 +0200] "GET /wxwiki.css HTTP/1.1" 200 1540 "http://wiki.wxwidgets.org/wiki.pl?WxWidgets_Bounties" "Mozilla/4.0 (compatible; MSIE 6.0; Windows NT 5.1; Mon_AutoConfig_v1.02_STL; Monsanto; US; STL; .NET CLR 1.0.3705; .NET CLR 1.1.4322)"
24.107.25.47 - - [20/Jun/2005:01:46:07 +0200] "GET /wximages/wxwidgets02-small.png HTTP/1.1" 200 12468 "http://wiki.wxwidgets.org/wiki.pl?WxWidgets_Bounties" "Mozilla/4.0 (compatible; MSIE 6.0; Windows NT 5.1; Mon_AutoConfig_v1.02_STL; Monsanto; US; STL; .NET CLR 1.0.3705; .NET CLR 1.1.4322)"
66.82.9.81 - - [20/Jun/2005:01:46:28 +0200] "GET /wiki.pl?WxWiki HTTP/1.0" 200 3369 "-" "Mozilla/4.0 (compatible; MSIE 6.0; Windows NT 5.1; SV1; .NET CLR 1.1.4322; .NET CLR 1.0.3705)"
66.82.9.81 - - [20/Jun/2005:01:46:28 +0200] "GET /wxwiki.css HTTP/1.0" 200 1540 "http://wiki.wxwidgets.org/wiki.pl?WxWiki" "Mozilla/4.0 (compatible; MSIE 6.0; Windows NT 5.1; SV1; .NET CLR 1.1.4322; .NET CLR 1.0.3705)"
66.82.9.81 - - [20/Jun/2005:01:46:28 +0200] "GET /wximages/wxwidgets02-small.png HTTP/1.0" 200 12468 "http://wiki.wxwidgets.org/wiki.pl?WxWiki" "Mozilla/4.0 (compatible; MSIE 6.0; Windows NT 5.1; SV1; .NET CLR 1.1.4322; .NET CLR 1.0.3705)"
66.82.9.81 - - [20/Jun/2005:01:46:37 +0200] "GET /wiki.pl?WikiSpam_Hall_Of_Shame HTTP/1.0" 200 3681 "http://wiki.wxwidgets.org/wiki.pl?WxWiki" "Mozilla/4.0 (compatible; MSIE 6.0; Windows NT 5.1; SV1; .NET CLR 1.1.4322; .NET CLR 1.0.3705)"
66.82.9.81 - - [20/Jun/2005:01:46:37 +0200] "GET /wxwiki.css HTTP/1.0" 200 1540 "http://wiki.wxwidgets.org/wiki.pl?WikiSpam_Hall_Of_Shame" "Mozilla/4.0 (compatible; MSIE 6.0; Windows NT 5.1; SV1; .NET CLR 1.1.4322; .NET CLR 1.0.3705)"
66.82.9.81 - - [20/Jun/2005:01:46:42 +0200] "GET /wiki.pl?Table_Of_Contents HTTP/1.0" 200 26183 "http://wiki.wxwidgets.org/wiki.pl?WxWiki" "Mozilla/4.0 (compatible; MSIE 6.0; Windows NT 5.1; SV1; .NET CLR 1.1.4322; .NET CLR 1.0.3705)"
66.82.9.81 - - [20/Jun/2005:01:46:43 +0200] "GET /wxwiki.css HTTP/1.0" 200 1540 "http://wiki.wxwidgets.org/wiki.pl?Table_Of_Contents" "Mozilla/4.0 (compatible; MSIE 6.0; Windows NT 5.1; SV1; .NET CLR 1.1.4322; .NET CLR 1.0.3705)"
69.55.238.178 - - [20/Jun/2005:01:46:48 +0200] "POST /pypaste/cvsannounce.cgi HTTP/1.0" 200 1 "-" "Python-urllib/1.15"
83.144.86.118 - - [20/Jun/2005:01:46:51 +0200] "GET /wiki.pl?WxIFM HTTP/1.1" 200 5298 "http://www.google.com/search?hl=en&lr=&c2coff=1&biw=1278&q=wxifm&btnG=Search" "Mozilla/5.0 (Windows; U; Windows NT 5.1; en-US; rv:1.7.7) Gecko/20050414"
83.144.86.118 - - [20/Jun/2005:01:46:51 +0200] "GET /wxwiki.css HTTP/1.1" 200 1540 "http://wiki.wxwidgets.org/wiki.pl?WxIFM" "Mozilla/5.0 (Windows; U; Windows NT 5.1; en-US; rv:1.7.7) Gecko/20050414"
83.144.86.118 - - [20/Jun/2005:01:46:51 +0200] "GET /wximages/wxwidgets02-small.png HTTP/1.1" 200 12468 "http://wiki.wxwidgets.org/wiki.pl?WxIFM" "Mozilla/5.0 (Windows; U; Windows NT 5.1; en-US; rv:1.7.7) Gecko/20050414"
66.82.9.81 - - [20/Jun/2005:01:47:14 +0200] "GET /wiki.pl?MSVC_.NET_Setup_Guide HTTP/1.0" 200 12547 "http://wiki.wxwidgets.org/wiki.pl?Table_Of_Contents" "Mozilla/4.0 (compatible; MSIE 6.0; Windows NT 5.1; SV1; .NET CLR 1.1.4322; .NET CLR 1.0.3705)"
66.82.9.81 - - [20/Jun/2005:01:47:14 +0200] "GET /wxwiki.css HTTP/1.0" 200 1540 "http://wiki.wxwidgets.org/wiki.pl?MSVC_.NET_Setup_Guide" "Mozilla/4.0 (compatible; MSIE 6.0; Windows NT 5.1; SV1; .NET CLR 1.1.4322; .NET CLR 1.0.3705)"
66.82.9.81 - - [20/Jun/2005:01:47:27 +0200] "GET /wiki.pl?MSVC_Setup_Guide_For_Wx_2.5.4_And_Later HTTP/1.0" 200 3057 "http://wiki.wxwidgets.org/wiki.pl?Table_Of_Contents" "Mozilla/4.0 (compatible; MSIE 6.0; Windows NT 5.1; SV1; .NET CLR 1.1.4322; .NET CLR 1.0.3705)"
66.82.9.81 - - [20/Jun/2005:01:47:27 +0200] "GET /wxwiki.css HTTP/1.0" 200 1540 "http://wiki.wxwidgets.org/wiki.pl?MSVC_Setup_Guide_For_Wx_2.5.4_And_Later" "Mozilla/4.0 (compatible; MSIE 6.0; Windows NT 5.1; SV1; .NET CLR 1.1.4322; .NET CLR 1.0.3705)"
69.55.238.178 - - [20/Jun/2005:01:47:31 +0200] "POST /pypaste/cvsannounce.cgi HTTP/1.0" 200 1 "-" "Python-urllib/1.15"
66.82.9.81 - - [20/Jun/2005:01:47:37 +0200] "GET /docs.cgi?q=hello+world&target=wiki HTTP/1.0" 200 247 "http://wiki.wxwidgets.org/wiki.pl?MSVC_Setup_Guide_For_Wx_2.5.4_And_Later" "Mozilla/4.0 (compatible; MSIE 6.0; Windows NT 5.1; SV1; .NET CLR 1.1.4322; .NET CLR 1.0.3705)"
66.82.9.81 - - [20/Jun/2005:01:47:37 +0200] "GET /topfram2.html HTTP/1.0" 200 1251 "http://wiki.wxwidgets.org/docs.cgi?q=hello+world&target=wiki" "Mozilla/4.0 (compatible; MSIE 6.0; Windows NT 5.1; SV1; .NET CLR 1.1.4322; .NET CLR 1.0.3705)"
66.82.9.81 - - [20/Jun/2005:01:47:37 +0200] "GET /man.cgi?q=hello+world&target=wiki HTTP/1.0" 200 134 "http://wiki.wxwidgets.org/docs.cgi?q=hello+world&target=wiki" "Mozilla/4.0 (compatible; MSIE 6.0; Windows NT 5.1; SV1; .NET CLR 1.1.4322; .NET CLR 1.0.3705)"
66.82.9.81 - - [20/Jun/2005:01:47:38 +0200] "GET /wiki.pl?search=hello+world&dosearch=1 HTTP/1.0" 200 2793 "http://wiki.wxwidgets.org/docs.cgi?q=hello+world&target=wiki" "Mozilla/4.0 (compatible; MSIE 6.0; Windows NT 5.1; SV1; .NET CLR 1.1.4322; .NET CLR 1.0.3705)"
66.82.9.81 - - [20/Jun/2005:01:47:38 +0200] "GET /wxwiki.css HTTP/1.0" 200 1540 "http://wiki.wxwidgets.org/docs.cgi?q=hello+world&target=wiki" "Mozilla/4.0 (compatible; MSIE 6.0; Windows NT 5.1; SV1; .NET CLR 1.1.4322; .NET CLR 1.0.3705)"
66.82.9.81 - - [20/Jun/2005:01:47:40 +0200] "GET /wximages/wxwidgets02-small.png HTTP/1.0" 304 - "http://wiki.wxwidgets.org/wiki.pl?search=hello+world&dosearch=1" "Mozilla/4.0 (compatible; MSIE 6.0; Windows NT 5.1; SV1; .NET CLR 1.1.4322; .NET CLR 1.0.3705)"
66.82.9.81 - - [20/Jun/2005:01:47:43 +0200] "GET /wiki.pl?Hello_World HTTP/1.0" 200 5406 "http://wiki.wxwidgets.org/wiki.pl?search=hello+world&dosearch=1" "Mozilla/4.0 (compatible; MSIE 6.0; Windows NT 5.1; SV1; .NET CLR 1.1.4322; .NET CLR 1.0.3705)"
66.82.9.81 - - [20/Jun/2005:01:47:43 +0200] "GET /wxwiki.css HTTP/1.0" 200 1540 "http://wiki.wxwidgets.org/wiki.pl?Hello_World" "Mozilla/4.0 (compatible; MSIE 6.0; Windows NT 5.1; SV1; .NET CLR 1.1.4322; .NET CLR 1.0.3705)"
66.82.9.81 - - [20/Jun/2005:01:47:43 +0200] "GET /wximages/wxwidgets02-small.png HTTP/1.0" 200 12468 "http://wiki.wxwidgets.org/wiki.pl?Hello_World" "Mozilla/4.0 (compatible; MSIE 6.0; Windows NT 5.1; SV1; .NET CLR 1.1.4322; .NET CLR 1.0.3705)"
69.55.238.178 - - [20/Jun/2005:01:48:03 +0200] "POST /pypaste/cvsannounce.cgi HTTP/1.0" 200 1 "-" "Python-urllib/1.15"
203.32.87.250 - - [20/Jun/2005:01:49:11 +0200] "GET / HTTP/1.0" 200 3369 "http://www.wxwidgets.org/docs.htm" "Mozilla/5.0 (Windows; U; Windows NT 5.1; en-GB; rv:1.7.8) Gecko/20050511 Firefox/1.0.4"
203.32.87.250 - - [20/Jun/2005:01:49:12 +0200] "GET /wxwiki.css HTTP/1.0" 200 1540 "http://wiki.wxwidgets.org/" "Mozilla/5.0 (Windows; U; Windows NT 5.1; en-GB; rv:1.7.8) Gecko/20050511 Firefox/1.0.4"
203.32.87.250 - - [20/Jun/2005:01:49:13 +0200] "GET /wximages/wxwidgets02-small.png HTTP/1.0" 304 - "http://wiki.wxwidgets.org/" "Mozilla/5.0 (Windows; U; Windows NT 5.1; en-GB; rv:1.7.8) Gecko/20050511 Firefox/1.0.4"
203.32.87.250 - - [20/Jun/2005:01:49:14 +0200] "GET /favicon.ico HTTP/1.0" 304 - "-" "Mozilla/5.0 (Windows; U; Windows NT 5.1; en-GB; rv:1.7.8) Gecko/20050511 Firefox/1.0.4"
203.32.87.250 - - [20/Jun/2005:01:49:18 +0200] "GET /wiki.pl?Table_Of_Contents HTTP/1.0" 200 26183 "http://wiki.wxwidgets.org/" "Mozilla/5.0 (Windows; U; Windows NT 5.1; en-GB; rv:1.7.8) Gecko/20050511 Firefox/1.0.4"
203.32.87.250 - - [20/Jun/2005:01:50:25 +0200] "GET /wiki.pl?Getting_IP_Address_Of_Host HTTP/1.0" 200 2856 "http://wiki.wxwidgets.org/wiki.pl?Table_Of_Contents" "Mozilla/5.0 (Windows; U; Windows NT 5.1; en-GB; rv:1.7.8) Gecko/20050511 Firefox/1.0.4"
84.163.120.252 - - [20/Jun/2005:01:51:58 +0200] "GET /wiki.pl?Mac_OS_X_And_Xcode_For_Beginners HTTP/1.1" 200 31994 "http://www.google.com/search?hl=de&client=safari&rls=de-de&q=makefile+debug+with+xcode&btnG=Suche&lr=" "Mozilla/5.0 (Macintosh; U; PPC Mac OS X; de-de) AppleWebKit/412 (KHTML, like Gecko) Safari/412"
65.54.188.139 - - [20/Jun/2005:01:54:17 +0200] "GET /wiki.pl?How_To_Use_TinyXML_With_WxWidgets HTTP/1.0" 200 2058 "-" "msnbot/1.0 (+http://search.msn.com/msnbot.htm)"
201.249.86.239 - - [20/Jun/2005:01:54:39 +0200] "GET / HTTP/1.1" 200 3381 "http://wxwidgets.org/develop2.htm" "Mozilla/5.0 (X11; U; Linux i686; es-AR; rv:1.7.8) Gecko/20050517 Firefox/1.0.4 (Debian package 1.0.4-2)"
201.249.86.239 - - [20/Jun/2005:01:54:39 +0200] "GET /wxwiki.css HTTP/1.1" 200 1540 "http://wiki.wxwidgets.org/" "Mozilla/5.0 (X11; U; Linux i686; es-AR; rv:1.7.8) Gecko/20050517 Firefox/1.0.4 (Debian package 1.0.4-2)"
201.249.86.239 - - [20/Jun/2005:01:54:39 +0200] "GET /wximages/wxwidgets02-small.png HTTP/1.1" 200 12468 "http://wiki.wxwidgets.org/" "Mozilla/5.0 (X11; U; Linux i686; es-AR; rv:1.7.8) Gecko/20050517 Firefox/1.0.4 (Debian package 1.0.4-2)"
201.249.86.239 - - [20/Jun/2005:01:54:40 +0200] "GET /favicon.ico HTTP/1.1" 200 3262 "-" "Mozilla/5.0 (X11; U; Linux i686; es-AR; rv:1.7.8) Gecko/20050517 Firefox/1.0.4 (Debian package 1.0.4-2)"
24.107.25.47 - - [20/Jun/2005:01:55:15 +0200] "GET /wiki.pl?WxWidgets_Bounties HTTP/1.1" 200 8873 "http://www.wxwidgets.org/toolbar.htm" "Mozilla/4.0 (compatible; MSIE 6.0; Windows NT 5.1; Mon_AutoConfig_v1.02_STL; Monsanto; US; STL; .NET CLR 1.0.3705; .NET CLR 1.1.4322)"
24.107.25.47 - - [20/Jun/2005:01:55:16 +0200] "GET /wxwiki.css HTTP/1.1" 304 - "http://wiki.wxwidgets.org/wiki.pl?WxWidgets_Bounties" "Mozilla/4.0 (compatible; MSIE 6.0; Windows NT 5.1; Mon_AutoConfig_v1.02_STL; Monsanto; US; STL; .NET CLR 1.0.3705; .NET CLR 1.1.4322)"
24.107.25.47 - - [20/Jun/2005:01:55:16 +0200] "GET /wximages/wxwidgets02-small.png HTTP/1.1" 304 - "http://wiki.wxwidgets.org/wiki.pl?WxWidgets_Bounties" "Mozilla/4.0 (compatible; MSIE 6.0; Windows NT 5.1; Mon_AutoConfig_v1.02_STL; Monsanto; US; STL; .NET CLR 1.0.3705; .NET CLR 1.1.4322)"
206.180.134.124 - - [20/Jun/2005:01:57:07 +0200] "GET / HTTP/1.1" 200 3381 "http://www.wxwidgets.org/docs.htm" "Mozilla/5.0 (Windows; U; Windows NT 5.0; en-US; rv:1.7.8) Gecko/20050511 Firefox/1.0.4"
206.180.134.124 - - [20/Jun/2005:01:57:13 +0200] "GET /wxwiki.css HTTP/1.1" 200 1540 "http://wiki.wxwidgets.org/" "Mozilla/5.0 (Windows; U; Windows NT 5.0; en-US; rv:1.7.8) Gecko/20050511 Firefox/1.0.4"
206.180.134.124 - - [20/Jun/2005:01:57:14 +0200] "GET /wximages/wxwidgets02-small.png HTTP/1.1" 200 12468 "http://wiki.wxwidgets.org/" "Mozilla/5.0 (Windows; U; Windows NT 5.0; en-US; rv:1.7.8) Gecko/20050511 Firefox/1.0.4"
206.180.134.124 - - [20/Jun/2005:01:57:20 +0200] "GET /favicon.ico HTTP/1.1" 200 3262 "-" "Mozilla/5.0 (Windows; U; Windows NT 5.0; en-US; rv:1.7.8) Gecko/20050511 Firefox/1.0.4"
201.249.86.239 - - [20/Jun/2005:01:57:50 +0200] "GET /docs.cgi?q=debian&target=wiki HTTP/1.1" 200 254 "http://wiki.wxwidgets.org/" "Mozilla/5.0 (X11; U; Linux i686; es-AR; rv:1.7.8) Gecko/20050517 Firefox/1.0.4 (Debian package 1.0.4-2)"
201.249.86.239 - - [20/Jun/2005:01:57:50 +0200] "GET /topfram2.html HTTP/1.1" 200 1251 "http://wiki.wxwidgets.org/docs.cgi?q=debian&target=wiki" "Mozilla/5.0 (X11; U; Linux i686; es-AR; rv:1.7.8) Gecko/20050517 Firefox/1.0.4 (Debian package 1.0.4-2)"
201.249.86.239 - - [20/Jun/2005:01:57:51 +0200] "GET /man.cgi?q=debian&target=wiki HTTP/1.1" 200 141 "http://wiki.wxwidgets.org/docs.cgi?q=debian&target=wiki" "Mozilla/5.0 (X11; U; Linux i686; es-AR; rv:1.7.8) Gecko/20050517 Firefox/1.0.4 (Debian package 1.0.4-2)"
201.249.86.239 - - [20/Jun/2005:01:57:52 +0200] "GET /wiki.pl?search=debian&dosearch=1 HTTP/1.1" 200 2033 "-" "Mozilla/5.0 (X11; U; Linux i686; es-AR; rv:1.7.8) Gecko/20050517 Firefox/1.0.4 (Debian package 1.0.4-2)"
201.249.86.239 - - [20/Jun/2005:01:57:58 +0200] "GET /wiki.pl?Compiling_WxWidgets HTTP/1.1" 200 15599 "http://wiki.wxwidgets.org/wiki.pl?search=debian&dosearch=1" "Mozilla/5.0 (X11; U; Linux i686; es-AR; rv:1.7.8) Gecko/20050517 Firefox/1.0.4 (Debian package 1.0.4-2)"
66.82.9.81 - - [20/Jun/2005:01:58:29 +0200] "GET /wiki.pl?WxWiki HTTP/1.0" 200 3369 "-" "Mozilla/4.0 (compatible; MSIE 6.0; Windows NT 5.1; SV1; .NET CLR 1.1.4322; .NET CLR 1.0.3705)"
66.82.9.81 - - [20/Jun/2005:01:58:29 +0200] "GET /wxwiki.css HTTP/1.0" 200 1540 "http://wiki.wxwidgets.org/wiki.pl?WxWiki" "Mozilla/4.0 (compatible; MSIE 6.0; Windows NT 5.1; SV1; .NET CLR 1.1.4322; .NET CLR 1.0.3705)"
66.82.9.81 - - [20/Jun/2005:01:58:30 +0200] "GET /wximages/wxwidgets02-small.png HTTP/1.0" 304 - "http://wiki.wxwidgets.org/wiki.pl?WxWiki" "Mozilla/4.0 (compatible; MSIE 6.0; Windows NT 5.1; SV1; .NET CLR 1.1.4322; .NET CLR 1.0.3705)"
66.82.9.81 - - [20/Jun/2005:01:58:39 +0200] "GET /docs.cgi?q=Category%3A+Precompiled+Headers+&target=wiki HTTP/1.0" 200 268 "http://wiki.wxwidgets.org/wiki.pl?WxWiki" "Mozilla/4.0 (compatible; MSIE 6.0; Windows NT 5.1; SV1; .NET CLR 1.1.4322; .NET CLR 1.0.3705)"
66.82.9.81 - - [20/Jun/2005:01:58:39 +0200] "GET /topfram2.html HTTP/1.0" 200 1251 "http://wiki.wxwidgets.org/docs.cgi?q=Category%3A+Precompiled+Headers+&target=wiki" "Mozilla/4.0 (compatible; MSIE 6.0; Windows NT 5.1; SV1; .NET CLR 1.1.4322; .NET CLR 1.0.3705)"
66.82.9.81 - - [20/Jun/2005:01:58:39 +0200] "GET /man.cgi?q=category%3a+precompiled+headers+&target=wiki HTTP/1.0" 200 155 "http://wiki.wxwidgets.org/docs.cgi?q=Category%3A+Precompiled+Headers+&target=wiki" "Mozilla/4.0 (compatible; MSIE 6.0; Windows NT 5.1; SV1; .NET CLR 1.1.4322; .NET CLR 1.0.3705)"
66.82.9.81 - - [20/Jun/2005:01:58:40 +0200] "GET /wiki.pl?search=category%3a+precompiled+headers+&dosearch=1 HTTP/1.0" 200 1558 "http://wiki.wxwidgets.org/docs.cgi?q=Category%3A+Precompiled+Headers+&target=wiki" "Mozilla/4.0 (compatible; MSIE 6.0; Windows NT 5.1; SV1; .NET CLR 1.1.4322; .NET CLR 1.0.3705)"
66.82.9.81 - - [20/Jun/2005:01:58:40 +0200] "GET /wxwiki.css HTTP/1.0" 200 1540 "http://wiki.wxwidgets.org/docs.cgi?q=Category%3A+Precompiled+Headers+&target=wiki" "Mozilla/4.0 (compatible; MSIE 6.0; Windows NT 5.1; SV1; .NET CLR 1.1.4322; .NET CLR 1.0.3705)"
66.82.9.81 - - [20/Jun/2005:01:58:41 +0200] "GET /wximages/wxwidgets02-small.png HTTP/1.0" 200 12468 "http://wiki.wxwidgets.org/docs.cgi?q=Category%3A+Precompiled+Headers+&target=wiki" "Mozilla/4.0 (compatible; MSIE 6.0; Windows NT 5.1; SV1; .NET CLR 1.1.4322; .NET CLR 1.0.3705)"
65.54.188.139 - - [20/Jun/2005:01:58:43 +0200] "GET /wiki.pl?back=WxWidgets+Bounties HTTP/1.0" 200 1773 "-" "msnbot/1.0 (+http://search.msn.com/msnbot.htm)"
66.82.9.81 - - [20/Jun/2005:01:58:49 +0200] "GET /wiki.pl?WxWiki HTTP/1.0" 200 3369 "http://wiki.wxwidgets.org/wiki.pl?search=category%3a+precompiled+headers+&dosearch=1" "Mozilla/4.0 (compatible; MSIE 6.0; Windows NT 5.1; SV1; .NET CLR 1.1.4322; .NET CLR 1.0.3705)"
66.82.9.81 - - [20/Jun/2005:01:58:49 +0200] "GET /wxwiki.css HTTP/1.0" 200 1540 "http://wiki.wxwidgets.org/wiki.pl?WxWiki" "Mozilla/4.0 (compatible; MSIE 6.0; Windows NT 5.1; SV1; .NET CLR 1.1.4322; .NET CLR 1.0.3705)"
66.82.9.81 - - [20/Jun/2005:01:58:52 +0200] "GET /wiki.pl?Table_Of_Contents HTTP/1.0" 200 26183 "http://wiki.wxwidgets.org/wiki.pl?WxWiki" "Mozilla/4.0 (compatible; MSIE 6.0; Windows NT 5.1; SV1; .NET CLR 1.1.4322; .NET CLR 1.0.3705)"
66.82.9.81 - - [20/Jun/2005:01:58:53 +0200] "GET /wxwiki.css HTTP/1.0" 200 1540 "http://wiki.wxwidgets.org/wiki.pl?Table_Of_Contents" "Mozilla/4.0 (compatible; MSIE 6.0; Windows NT 5.1; SV1; .NET CLR 1.1.4322; .NET CLR 1.0.3705)"
66.82.9.81 - - [20/Jun/2005:01:59:37 +0200] "GET /find.cgi?q=Category%3A+Precompiled+Headers+&target=class&target=wiki HTTP/1.0" 200 146 "http://wiki.wxwidgets.org/topfram2.html" "Mozilla/4.0 (compatible; MSIE 6.0; Windows NT 5.1; SV1; .NET CLR 1.1.4322; .NET CLR 1.0.3705)"
66.82.9.81 - - [20/Jun/2005:01:59:37 +0200] "GET /man.cgi?target=class&q=category HTTP/1.0" 200 4671 "http://wiki.wxwidgets.org/find.cgi?q=Category%3A+Precompiled+Headers+&target=class&target=wiki" "Mozilla/4.0 (compatible; MSIE 6.0; Windows NT 5.1; SV1; .NET CLR 1.1.4322; .NET CLR 1.0.3705)"
66.82.9.81 - - [20/Jun/2005:01:59:37 +0200] "GET /man.cgi?target=wiki&q=category HTTP/1.0" 200 131 "http://wiki.wxwidgets.org/find.cgi?q=Category%3A+Precompiled+Headers+&target=class&target=wiki" "Mozilla/4.0 (compatible; MSIE 6.0; Windows NT 5.1; SV1; .NET CLR 1.1.4322; .NET CLR 1.0.3705)"
66.82.9.81 - - [20/Jun/2005:01:59:38 +0200] "GET /wiki.pl?search=category&dosearch=1 HTTP/1.0" 200 1896 "http://wiki.wxwidgets.org/find.cgi?q=Category%3A+Precompiled+Headers+&target=class&target=wiki" "Mozilla/4.0 (compatible; MSIE 6.0; Windows NT 5.1; SV1; .NET CLR 1.1.4322; .NET CLR 1.0.3705)"
66.82.9.81 - - [20/Jun/2005:01:59:38 +0200] "GET /wxwiki.css HTTP/1.0" 200 1540 "http://wiki.wxwidgets.org/find.cgi?q=Category%3A+Precompiled+Headers+&target=class&target=wiki" "Mozilla/4.0 (compatible; MSIE 6.0; Windows NT 5.1; SV1; .NET CLR 1.1.4322; .NET CLR 1.0.3705)"
66.82.9.81 - - [20/Jun/2005:01:59:40 +0200] "GET /wximages/wxwidgets02-small.png HTTP/1.0" 304 - "http://wiki.wxwidgets.org/wiki.pl?search=category&dosearch=1" "Mozilla/4.0 (compatible; MSIE 6.0; Windows NT 5.1; SV1; .NET CLR 1.1.4322; .NET CLR 1.0.3705)"
66.82.9.81 - - [20/Jun/2005:01:59:50 +0200] "GET / HTTP/1.0" 200 3369 "http://wiki.wxwidgets.org/man.cgi?target=class&q=category" "Mozilla/4.0 (compatible; MSIE 6.0; Windows NT 5.1; SV1; .NET CLR 1.1.4322; .NET CLR 1.0.3705)"
66.82.9.81 - - [20/Jun/2005:01:59:50 +0200] "GET /wxwiki.css HTTP/1.0" 200 1540 "http://wiki.wxwidgets.org/" "Mozilla/4.0 (compatible; MSIE 6.0; Windows NT 5.1; SV1; .NET CLR 1.1.4322; .NET CLR 1.0.3705)"
66.82.9.81 - - [20/Jun/2005:01:59:50 +0200] "GET /wximages/wxwidgets02-small.png HTTP/1.0" 200 12468 "http://wiki.wxwidgets.org/" "Mozilla/4.0 (compatible; MSIE 6.0; Windows NT 5.1; SV1; .NET CLR 1.1.4322; .NET CLR 1.0.3705)"
66.82.9.81 - - [20/Jun/2005:01:59:58 +0200] "GET /find.cgi?q=Precompiled+Headers+&target=class&target=wiki HTTP/1.0" 200 152 "http://wiki.wxwidgets.org/topfram2.html" "Mozilla/4.0 (compatible; MSIE 6.0; Windows NT 5.1; SV1; .NET CLR 1.1.4322; .NET CLR 1.0.3705)"
66.82.9.81 - - [20/Jun/2005:01:59:58 +0200] "GET /man.cgi?target=class&q=precompiled HTTP/1.0" 200 4689 "http://wiki.wxwidgets.org/find.cgi?q=Precompiled+Headers+&target=class&target=wiki" "Mozilla/4.0 (compatible; MSIE 6.0; Windows NT 5.1; SV1; .NET CLR 1.1.4322; .NET CLR 1.0.3705)"
66.82.9.81 - - [20/Jun/2005:01:59:59 +0200] "GET /man.cgi?target=wiki&q=precompiled HTTP/1.0" 200 134 "http://wiki.wxwidgets.org/find.cgi?q=Precompiled+Headers+&target=class&target=wiki" "Mozilla/4.0 (compatible; MSIE 6.0; Windows NT 5.1; SV1; .NET CLR 1.1.4322; .NET CLR 1.0.3705)"
66.82.9.81 - - [20/Jun/2005:02:00:00 +0200] "GET /wiki.pl?search=precompiled&dosearch=1 HTTP/1.0" 200 2681 "http://wiki.wxwidgets.org/find.cgi?q=Precompiled+Headers+&target=class&target=wiki" "Mozilla/4.0 (compatible; MSIE 6.0; Windows NT 5.1; SV1; .NET CLR 1.1.4322; .NET CLR 1.0.3705)"
66.82.9.81 - - [20/Jun/2005:02:00:00 +0200] "GET /wxwiki.css HTTP/1.0" 200 1540 "http://wiki.wxwidgets.org/find.cgi?q=Precompiled+Headers+&target=class&target=wiki" "Mozilla/4.0 (compatible; MSIE 6.0; Windows NT 5.1; SV1; .NET CLR 1.1.4322; .NET CLR 1.0.3705)"
66.82.9.81 - - [20/Jun/2005:02:00:29 +0200] "GET /wiki.pl?Precompiled_Headers HTTP/1.0" 200 5369 "http://wiki.wxwidgets.org/wiki.pl?search=precompiled&dosearch=1" "Mozilla/4.0 (compatible; MSIE 6.0; Windows NT 5.1; SV1; .NET CLR 1.1.4322; .NET CLR 1.0.3705)"
66.82.9.81 - - [20/Jun/2005:02:00:29 +0200] "GET /wxwiki.css HTTP/1.0" 200 1540 "http://wiki.wxwidgets.org/wiki.pl?Precompiled_Headers" "Mozilla/4.0 (compatible; MSIE 6.0; Windows NT 5.1; SV1; .NET CLR 1.1.4322; .NET CLR 1.0.3705)"
65.54.188.139 - - [20/Jun/2005:02:01:42 +0200] "GET /wiki.pl?Jblough HTTP/1.0" 200 1752 "-" "msnbot/1.0 (+http://search.msn.com/msnbot.htm)"
203.32.87.250 - - [20/Jun/2005:02:02:48 +0200] "GET /wiki.pl?WxFFile HTTP/1.0" 200 4392 "http://wiki.wxwidgets.org/wiki.pl?Table_Of_Contents" "Mozilla/5.0 (Windows; U; Windows NT 5.1; en-GB; rv:1.7.8) Gecko/20050511 Firefox/1.0.4"
218.78.204.216 - - [20/Jun/2005:02:03:46 +0200] "GET /wximages/wxwidgets02-small.png HTTP/1.1" 200 12468 "http://blog.vckbase.com/bastet/" "Mozilla/4.0 (compatible; MSIE 6.0; Windows NT 5.1; .NET CLR 1.1.4322)"
130.232.130.245 - - [20/Jun/2005:02:04:15 +0200] "GET /wiki.pl?WxWiki HTTP/1.1" 200 3381 "http://wiki.wxwidgets.org/wiki.pl?WxWidgets_Compared_To_Other_Toolkits" "Mozilla/5.0 (Windows; U; Windows NT 5.0; en-US; rv:1.7.8) Gecko/20050511 Firefox/1.0.4"
65.54.188.139 - - [20/Jun/2005:02:04:54 +0200] "GET /wiki.pl?Test_Frameworks HTTP/1.0" 200 3268 "-" "msnbot/1.0 (+http://search.msn.com/msnbot.htm)"
221.228.217.103 - - [20/Jun/2005:02:05:26 +0200] "GET /wximages/wxwidgets02-small.png HTTP/1.1" 200 12468 "http://blog.vckbase.com/bastet/" "Mozilla/4.0 (compatible; MSIE 6.0; Windows NT 5.1; SV1)"
202.97.134.107 - - [20/Jun/2005:02:05:48 +0200] "GET /wximages/wxwidgets02-small.png HTTP/1.1" 200 12468 "http://blog.vckbase.com/bastet/" "Mozilla/4.0 (compatible; MSIE 6.0; Windows NT 5.1; SV1; (R1 1.3))"
203.155.80.3 - - [20/Jun/2005:02:09:39 +0200] "GET /wiki.pl?Precompiled_Headers HTTP/1.0" 200 5369 "http://www.google.co.th/search?hl=th&q=wxwidgets+pch+mingw&meta=" "Mozilla/4.0 (compatible; MSIE 6.0; Windows NT 5.0; .NET CLR 1.1.4322)"
203.155.80.3 - - [20/Jun/2005:02:09:41 +0200] "GET /wxwiki.css HTTP/1.0" 304 - "http://wiki.wxwidgets.org/wiki.pl?Precompiled_Headers" "Mozilla/4.0 (compatible; MSIE 6.0; Windows NT 5.0; .NET CLR 1.1.4322)"
203.155.80.3 - - [20/Jun/2005:02:09:41 +0200] "GET /wximages/wxwidgets02-small.png HTTP/1.0" 304 - "http://wiki.wxwidgets.org/wiki.pl?Precompiled_Headers" "Mozilla/4.0 (compatible; MSIE 6.0; Windows NT 5.0; .NET CLR 1.1.4322)"
222.55.103.81 - - [20/Jun/2005:02:09:43 +0200] "GET /wximages/wxwidgets02-small.png HTTP/1.1" 200 12468 "http://blog.vckbase.com/bastet/" "Mozilla/4.0 (compatible; MSIE 6.0; Windows NT 5.1; SV1; Alexa Toolbar)"
203.155.80.3 - - [20/Jun/2005:02:09:52 +0200] "GET /wiki.pl?Precompiled_Headers HTTP/1.0" 200 5369 "-" "Mozilla/4.0 (compatible; MSIE 6.0; Windows NT 5.0; .NET CLR 1.1.4322)"
203.155.80.3 - - [20/Jun/2005:02:09:55 +0200] "GET /wxwiki.css HTTP/1.0" 304 - "http://wiki.wxwidgets.org/wiki.pl?Precompiled_Headers" "Mozilla/4.0 (compatible; MSIE 6.0; Windows NT 5.0; .NET CLR 1.1.4322)"
203.155.80.3 - - [20/Jun/2005:02:09:56 +0200] "GET /wximages/wxwidgets02-small.png HTTP/1.0" 304 - "-" "Mozilla/4.0 (compatible; MSIE 6.0; Windows NT 5.0; .NET CLR 1.1.4322)"
221.228.217.103 - - [20/Jun/2005:02:09:59 +0200] "GET /wximages/wxwidgets02-small.png HTTP/1.1" 304 - "http://blog.vckbase.com/bastet/" "Mozilla/4.0 (compatible; MSIE 6.0; Windows NT 5.1; SV1)"
64.193.151.54 - - [20/Jun/2005:02:10:59 +0200] "GET /wiki.pl?ODBC HTTP/1.1" 200 8717 "http://www.google.com/search?q=wxODBC&sourceid=mozilla-search&start=0&start=0&ie=utf-8&oe=utf-8&client=firefox-a&rls=org.mozilla:en-US:official" "Mozilla/5.0 (Windows; U; Win 9x 4.90; en-US; rv:1.7.6) Gecko/20050223 Firefox/1.0.1"
64.193.151.54 - - [20/Jun/2005:02:11:01 +0200] "GET /wximages/wxwidgets02-small.png HTTP/1.1" 206 7466 "http://wiki.wxwidgets.org/wiki.pl?ODBC" "Mozilla/5.0 (Windows; U; Win 9x 4.90; en-US; rv:1.7.6) Gecko/20050223 Firefox/1.0.1"
64.193.151.54 - - [20/Jun/2005:02:11:07 +0200] "GET /favicon.ico HTTP/1.1" 200 3262 "-" "Mozilla/5.0 (Windows; U; Win 9x 4.90; en-US; rv:1.7.6) Gecko/20050223 Firefox/1.0.1"
203.155.80.3 - - [20/Jun/2005:02:11:14 +0200] "GET / HTTP/1.0" 200 3369 "-" "Mozilla/4.0 (compatible; MSIE 6.0; Windows NT 5.0; .NET CLR 1.1.4322)"
202.165.102.187 - - [20/Jun/2005:02:11:27 +0200] "GET / HTTP/1.1" 200 3381 "-" "SpiderMan"
203.155.80.3 - - [20/Jun/2005:02:11:30 +0200] "GET /wiki.pl?Table_Of_Contents HTTP/1.0" 200 26183 "http://wiki.wxwidgets.org/" "Mozilla/4.0 (compatible; MSIE 6.0; Windows NT 5.0; .NET CLR 1.1.4322)"
203.155.80.3 - - [20/Jun/2005:02:11:38 +0200] "GET /wiki.pl?Dev-CPP_Setup_Guide HTTP/1.0" 200 10468 "http://wiki.wxwidgets.org/wiki.pl?Table_Of_Contents" "Mozilla/4.0 (compatible; MSIE 6.0; Windows NT 5.0; .NET CLR 1.1.4322)"
65.54.188.139 - - [20/Jun/2005:02:12:01 +0200] "GET /wiki.pl?RTTI HTTP/1.0" 200 8968 "-" "msnbot/1.0 (+http://search.msn.com/msnbot.htm)"
203.155.80.3 - - [20/Jun/2005:02:12:17 +0200] "GET /wiki.pl?Bakefile HTTP/1.0" 200 32916 "http://wiki.wxwidgets.org/wiki.pl?Table_Of_Contents" "Mozilla/4.0 (compatible; MSIE 6.0; Windows NT 5.0; .NET CLR 1.1.4322)"
68.89.144.115 - - [20/Jun/2005:02:12:34 +0200] "GET /wiki.pl?Compiling_A_WxWidgets_Application HTTP/1.1" 200 6068 "-" "Mozilla/5.0 (Windows; U; Windows NT 5.0; en-US; rv:1.7.8) Gecko/20050511 Firefox/1.0.4"
68.89.144.115 - - [20/Jun/2005:02:12:35 +0200] "GET /wxwiki.css HTTP/1.1" 200 1540 "http://wiki.wxwidgets.org/wiki.pl?Compiling_A_WxWidgets_Application" "Mozilla/5.0 (Windows; U; Windows NT 5.0; en-US; rv:1.7.8) Gecko/20050511 Firefox/1.0.4"
68.89.144.115 - - [20/Jun/2005:02:12:35 +0200] "GET /wximages/wxwidgets02-small.png HTTP/1.1" 200 12468 "http://wiki.wxwidgets.org/wiki.pl?Compiling_A_WxWidgets_Application" "Mozilla/5.0 (Windows; U; Windows NT 5.0; en-US; rv:1.7.8) Gecko/20050511 Firefox/1.0.4"
68.89.144.115 - - [20/Jun/2005:02:12:35 +0200] "GET /favicon.ico HTTP/1.1" 200 3262 "-" "Mozilla/5.0 (Windows; U; Windows NT 5.0; en-US; rv:1.7.8) Gecko/20050511 Firefox/1.0.4"
203.155.80.3 - - [20/Jun/2005:02:12:44 +0200] "GET /wiki.pl?Bakefile_Basic HTTP/1.0" 200 6158 "http://wiki.wxwidgets.org/wiki.pl?Table_Of_Contents" "Mozilla/4.0 (compatible; MSIE 6.0; Windows NT 5.0; .NET CLR 1.1.4322)"
61.91.206.56 - - [20/Jun/2005:02:12:51 +0200] "GET /wiki.pl?Scons HTTP/1.1" 200 11585 "http://www.google.co.th/search?q=scons+make&start=0&start=0&ie=utf-8&oe=utf-8&client=firefox-a&rls=org.mozilla:en-US:official" "Mozilla/5.0 (X11; U; Linux i686; en-US; rv:1.7.8) Gecko/20050511 Firefox/1.0.4 SUSE/1.0.4-1.1"
61.91.206.56 - - [20/Jun/2005:02:12:53 +0200] "GET /wxwiki.css HTTP/1.1" 200 1540 "http://wiki.wxwidgets.org/wiki.pl?Scons" "Mozilla/5.0 (X11; U; Linux i686; en-US; rv:1.7.8) Gecko/20050511 Firefox/1.0.4 SUSE/1.0.4-1.1"
203.155.80.3 - - [20/Jun/2005:02:13:01 +0200] "GET /wiki.pl?Bakefile_Wxbase HTTP/1.0" 200 37661 "http://wiki.wxwidgets.org/wiki.pl?Table_Of_Contents" "Mozilla/4.0 (compatible; MSIE 6.0; Windows NT 5.0; .NET CLR 1.1.4322)"
61.91.206.56 - - [20/Jun/2005:02:13:01 +0200] "GET /wximages/wxwidgets02-small.png HTTP/1.1" 200 12468 "http://wiki.wxwidgets.org/wiki.pl?Scons" "Mozilla/5.0 (X11; U; Linux i686; en-US; rv:1.7.8) Gecko/20050511 Firefox/1.0.4 SUSE/1.0.4-1.1"
61.91.206.56 - - [20/Jun/2005:02:13:07 +0200] "GET /favicon.ico HTTP/1.1" 200 3262 "-" "Mozilla/5.0 (X11; U; Linux i686; en-US; rv:1.7.8) Gecko/20050511 Firefox/1.0.4 SUSE/1.0.4-1.1"
203.155.80.3 - - [20/Jun/2005:02:13:20 +0200] "GET /wiki.pl?Bakefile_Utils HTTP/1.0" 200 14452 "http://wiki.wxwidgets.org/wiki.pl?Table_Of_Contents" "Mozilla/4.0 (compatible; MSIE 6.0; Windows NT 5.0; .NET CLR 1.1.4322)"
203.155.80.3 - - [20/Jun/2005:02:13:38 +0200] "GET /wxwiki.css HTTP/1.0" 304 - "http://wiki.wxwidgets.org/wiki.pl?Bakefile_Utils" "Mozilla/4.0 (compatible; MSIE 6.0; Windows NT 5.0; .NET CLR 1.1.4322)"
203.155.80.3 - - [20/Jun/2005:02:13:39 +0200] "GET /wiki.pl?Bakefile_Utils HTTP/1.0" 200 14452 "-" "Mozilla/4.0 (compatible; MSIE 6.0; Windows NT 5.0; .NET CLR 1.1.4322)"
203.155.80.3 - - [20/Jun/2005:02:13:46 +0200] "GET /wximages/wxwidgets02-small.png HTTP/1.0" 304 - "-" "Mozilla/4.0 (compatible; MSIE 6.0; Windows NT 5.0; .NET CLR 1.1.4322)"
222.174.179.164 - - [20/Jun/2005:02:14:12 +0200] "GET /wximages/wxwidgets02-small.png HTTP/1.1" 200 12468 "http://blog.vckbase.com/bastet/archive/2005/06/09/6274.HTML" "Mozilla/4.0 (compatible; MSIE 6.0; Windows NT 5.1; Poco 0.31)"
222.174.179.164 - - [20/Jun/2005:02:14:15 +0200] "GET /wximages/wxwidgets02-small.png HTTP/1.1" 304 - "http://blog.vckbase.com/bastet/archive/2005/06/09/6274.HTML" "Mozilla/4.0 (compatible; MSIE 6.0; Windows NT 5.1; Poco 0.31)"
203.155.80.3 - - [20/Jun/2005:02:14:19 +0200] "GET /wiki.pl?Table_Of_Contents HTTP/1.0" 200 18760 "http://wiki.wxwidgets.org/" "Mozilla/4.0 (compatible; MSIE 6.0; Windows NT 5.0; .NET CLR 1.1.4322)"
203.155.80.3 - - [20/Jun/2005:02:14:21 +0200] "GET /wiki.pl?Bakefile_Tips HTTP/1.0" 200 8036 "http://wiki.wxwidgets.org/wiki.pl?Table_Of_Contents" "Mozilla/4.0 (compatible; MSIE 6.0; Windows NT 5.0; .NET CLR 1.1.4322)"
203.155.80.3 - - [20/Jun/2005:02:14:48 +0200] "GET /wiki.pl?Table_Of_Contents HTTP/1.0" 200 26183 "http://wiki.wxwidgets.org/" "Mozilla/4.0 (compatible; MSIE 6.0; Windows NT 5.0; .NET CLR 1.1.4322)"
220.176.169.68 - - [20/Jun/2005:02:14:51 +0200] "GET /wximages/wxwidgets02-small.png HTTP/1.1" 200 12468 "http://blog.vckbase.com/bastet/" "Mozilla/4.0 (compatible; MSIE 6.0; Windows NT 5.1; SV1; Alexa Toolbar)"
203.155.80.3 - - [20/Jun/2005:02:15:16 +0200] "GET /wiki.pl?Makefile HTTP/1.0" 200 4267 "http://wiki.wxwidgets.org/wiki.pl?Table_Of_Contents" "Mozilla/4.0 (compatible; MSIE 6.0; Windows NT 5.0; .NET CLR 1.1.4322)"
203.155.80.3 - - [20/Jun/2005:02:15:22 +0200] "GET /wxwiki.css HTTP/1.0" 304 - "http://wiki.wxwidgets.org/wiki.pl?Makefile" "Mozilla/4.0 (compatible; MSIE 6.0; Windows NT 5.0; .NET CLR 1.1.4322)"
203.155.80.3 - - [20/Jun/2005:02:15:22 +0200] "GET /wximages/wxwidgets02-small.png HTTP/1.0" 304 - "http://wiki.wxwidgets.org/wiki.pl?Makefile" "Mozilla/4.0 (compatible; MSIE 6.0; Windows NT 5.0; .NET CLR 1.1.4322)"
203.155.80.3 - - [20/Jun/2005:02:16:42 +0200] "GET /wiki.pl?Table_Of_Contents HTTP/1.0" 200 26183 "http://wiki.wxwidgets.org/" "Mozilla/4.0 (compatible; MSIE 6.0; Windows NT 5.0; .NET CLR 1.1.4322)"
203.155.80.3 - - [20/Jun/2005:02:16:45 +0200] "GET /wiki.pl?Autoconf HTTP/1.0" 200 3585 "http://wiki.wxwidgets.org/wiki.pl?Table_Of_Contents" "Mozilla/4.0 (compatible; MSIE 6.0; Windows NT 5.0; .NET CLR 1.1.4322)"
203.155.80.3 - - [20/Jun/2005:02:17:03 +0200] "GET /wximages/wxwidgets02-small.png HTTP/1.0" 304 - "http://wiki.wxwidgets.org/wiki.pl?Table_Of_Contents" "Mozilla/4.0 (compatible; MSIE 6.0; Windows NT 5.0; .NET CLR 1.1.4322)"
203.155.80.3 - - [20/Jun/2005:02:17:03 +0200] "GET /wxwiki.css HTTP/1.0" 304 - "http://wiki.wxwidgets.org/wiki.pl?Table_Of_Contents" "Mozilla/4.0 (compatible; MSIE 6.0; Windows NT 5.0; .NET CLR 1.1.4322)"
203.155.80.3 - - [20/Jun/2005:02:17:07 +0200] "GET /wiki.pl?Table_Of_Contents HTTP/1.0" 200 26183 "http://wiki.wxwidgets.org/" "Mozilla/4.0 (compatible; MSIE 6.0; Windows NT 5.0; .NET CLR 1.1.4322)"
203.155.80.3 - - [20/Jun/2005:02:17:45 +0200] "GET /wiki.pl?Scons HTTP/1.0" 200 11558 "http://wiki.wxwidgets.org/wiki.pl?Table_Of_Contents" "Mozilla/4.0 (compatible; MSIE 6.0; Windows NT 5.0; .NET CLR 1.1.4322)"
203.155.80.3 - - [20/Jun/2005:02:17:50 +0200] "GET /wxwiki.css HTTP/1.0" 304 - "http://wiki.wxwidgets.org/wiki.pl?Scons" "Mozilla/4.0 (compatible; MSIE 6.0; Windows NT 5.0; .NET CLR 1.1.4322)"
203.155.80.3 - - [20/Jun/2005:02:17:50 +0200] "GET /wximages/wxwidgets02-small.png HTTP/1.0" 304 - "http://wiki.wxwidgets.org/wiki.pl?Scons" "Mozilla/4.0 (compatible; MSIE 6.0; Windows NT 5.0; .NET CLR 1.1.4322)"
207.46.98.84 - - [20/Jun/2005:02:18:48 +0200] "GET /wiki.pl?Extra_Features HTTP/1.0" 200 2183 "-" "msnbot/1.0 (+http://search.msn.com/msnbot.htm)"
203.155.80.3 - - [20/Jun/2005:02:18:56 +0200] "GET /wximages/wxwidgets02-small.png HTTP/1.0" 304 - "http://wiki.wxwidgets.org/wiki.pl?Table_Of_Contents" "Mozilla/4.0 (compatible; MSIE 6.0; Windows NT 5.0; .NET CLR 1.1.4322)"
203.155.80.3 - - [20/Jun/2005:02:18:56 +0200] "GET /wxwiki.css HTTP/1.0" 304 - "http://wiki.wxwidgets.org/wiki.pl?Table_Of_Contents" "Mozilla/4.0 (compatible; MSIE 6.0; Windows NT 5.0; .NET CLR 1.1.4322)"
203.155.80.3 - - [20/Jun/2005:02:19:02 +0200] "GET /wiki.pl?Table_Of_Contents HTTP/1.0" 200 26183 "http://wiki.wxwidgets.org/" "Mozilla/4.0 (compatible; MSIE 6.0; Windows NT 5.0; .NET CLR 1.1.4322)"
203.155.80.3 - - [20/Jun/2005:02:19:07 +0200] "GET /wiki.pl?CMake HTTP/1.0" 200 10731 "http://wiki.wxwidgets.org/wiki.pl?Table_Of_Contents" "Mozilla/4.0 (compatible; MSIE 6.0; Windows NT 5.0; .NET CLR 1.1.4322)"
203.155.80.3 - - [20/Jun/2005:02:19:36 +0200] "GET /wiki.pl?CMake HTTP/1.0" 200 10731 "-" "Mozilla/4.0 (compatible; MSIE 6.0; Windows NT 5.0; .NET CLR 1.1.4322)"
203.155.80.3 - - [20/Jun/2005:02:19:38 +0200] "GET /wxwiki.css HTTP/1.0" 304 - "http://wiki.wxwidgets.org/wiki.pl?CMake" "Mozilla/4.0 (compatible; MSIE 6.0; Windows NT 5.0; .NET CLR 1.1.4322)"
203.155.80.3 - - [20/Jun/2005:02:19:40 +0200] "GET /wximages/wxwidgets02-small.png HTTP/1.0" 304 - "-" "Mozilla/4.0 (compatible; MSIE 6.0; Windows NT 5.0; .NET CLR 1.1.4322)"
203.155.80.3 - - [20/Jun/2005:02:20:01 +0200] "GET /wiki.pl?Table_Of_Contents HTTP/1.0" 200 26183 "http://wiki.wxwidgets.org/" "Mozilla/4.0 (compatible; MSIE 6.0; Windows NT 5.0; .NET CLR 1.1.4322)"
203.155.80.3 - - [20/Jun/2005:02:20:09 +0200] "GET /wiki.pl?Bakefile HTTP/1.0" 200 32916 "http://wiki.wxwidgets.org/wiki.pl?Table_Of_Contents" "Mozilla/4.0 (compatible; MSIE 6.0; Windows NT 5.0; .NET CLR 1.1.4322)"
69.55.238.178 - - [20/Jun/2005:02:20:19 +0200] "POST /pypaste/cvsannounce.cgi HTTP/1.0" 200 1 "-" "Python-urllib/1.15"
65.54.188.139 - - [20/Jun/2005:02:20:34 +0200] "GET /wiki.pl?Example_Of_Using_Connect_For_Events HTTP/1.0" 200 4105 "-" "msnbot/1.0 (+http://search.msn.com/msnbot.htm)"
65.54.188.139 - - [20/Jun/2005:02:20:52 +0200] "GET /wiki.pl?back=App+Not+Getting+Input+When+Run HTTP/1.0" 200 1773 "-" "msnbot/1.0 (+http://search.msn.com/msnbot.htm)"
69.55.238.178 - - [20/Jun/2005:02:21:04 +0200] "POST /pypaste/cvsannounce.cgi HTTP/1.0" 200 1 "-" "Python-urllib/1.15"
