192.176.33.6 - - [20/Jun/2005:10:20:52 +0200] "GET /wiki.pl?WxDC HTTP/1.1" 200 2417 "http://wiki.wxwidgets.org/wiki.pl?Table_Of_Contents" "Mozilla/4.0 (compatible; MSIE 6.0; Windows NT 5.0)"
212.42.171.101 - - [20/Jun/2005:10:20:53 +0200] "GET /wiki.pl?Creating_A_DLL_Of_An_Application HTTP/1.1" 200 4924 "http://wiki.wxwidgets.org/wiki.pl?Table_Of_Contents" "Mozilla/5.0 (Windows; U; Windows NT 5.0; en-US; rv:1.7.8) Gecko/20050511 Firefox/1.0.4"
194.224.199.52 - - [20/Jun/2005:10:21:03 +0200] "GET /wiki.pl?action=browse&id=WxWiki&revision=198 HTTP/1.1" 200 4192 "http://wiki.wxwidgets.org/wiki.pl?action=history&id=WxWiki" "noxtrumbot/1.0 (crawler@noxtrum.com)"
207.46.98.84 - - [20/Jun/2005:10:21:30 +0200] "GET /wiki.pl?WxWiki HTTP/1.0" 200 3369 "-" "msnbot/1.0 (+http://search.msn.com/msnbot.htm)"
219.137.65.46 - - [20/Jun/2005:10:21:56 +0200] "GET /wiki.pl?Test_Frameworks HTTP/1.1" 200 3280 "http://wiki.wxwidgets.org/wiki.pl?RecentChanges" "Mozilla/4.0 (compatible; MSIE 6.0; Windows NT 5.1; SV1; Potu rss-reader(0.97); .NET CLR 1.1.4322)"
194.224.199.52 - - [20/Jun/2005:10:22:04 +0200] "GET /wiki.pl?Cq3d HTTP/1.1" 200 1746 "http://wiki.wxwidgets.org/wiki.pl?action=history&id=WxWiki" "noxtrumbot/1.0 (crawler@noxtrum.com)"
194.224.199.52 - - [20/Jun/2005:10:23:03 +0200] "GET /wiki.pl?action=browse&id=WxWiki&revision=197 HTTP/1.1" 200 3484 "http://wiki.wxwidgets.org/wiki.pl?action=history&id=WxWiki" "noxtrumbot/1.0 (crawler@noxtrum.com)"
192.176.33.6 - - [20/Jun/2005:10:23:26 +0200] "GET / HTTP/1.1" 200 3381 "http://www.wxwidgets.org/docs.htm" "Mozilla/4.0 (compatible; MSIE 6.0; Windows NT 5.0)"
192.176.33.6 - - [20/Jun/2005:10:23:26 +0200] "GET /wximages/wxwidgets02-small.png HTTP/1.1" 304 - "http://wiki.wxwidgets.org/" "Mozilla/4.0 (compatible; MSIE 6.0; Windows NT 5.0)"
192.176.33.6 - - [20/Jun/2005:10:23:26 +0200] "GET /wxwiki.css HTTP/1.1" 304 - "http://wiki.wxwidgets.org/" "Mozilla/4.0 (compatible; MSIE 6.0; Windows NT 5.0)"
192.176.33.6 - - [20/Jun/2005:10:23:30 +0200] "GET /wiki.pl?Table_Of_Contents HTTP/1.1" 200 26242 "http://wiki.wxwidgets.org/" "Mozilla/4.0 (compatible; MSIE 6.0; Windows NT 5.0)"
194.224.199.52 - - [20/Jun/2005:10:24:03 +0200] "GET /wiki.pl?action=browse&diff=3&id=WxWiki HTTP/1.1" 200 3665 "http://wiki.wxwidgets.org/wiki.pl?action=history&id=WxWiki" "noxtrumbot/1.0 (crawler@noxtrum.com)"
222.64.162.221 - - [20/Jun/2005:10:24:26 +0200] "GET /wximages/wxwidgets02-small.png HTTP/1.1" 200 12468 "http://blog.vckbase.com/bastet" "Mozilla/4.0 (compatible; MSIE 6.0; Windows NT 5.1; SV1; mxie; Alexa Toolbar; TencentTraveler ; .NET CLR 1.1.4322)"
192.176.33.6 - - [20/Jun/2005:10:24:41 +0200] "GET /wiki.pl?WxLog HTTP/1.1" 200 3068 "http://wiki.wxwidgets.org/wiki.pl?Table_Of_Contents" "Mozilla/4.0 (compatible; MSIE 6.0; Windows NT 5.0)"
192.176.33.6 - - [20/Jun/2005:10:24:47 +0200] "GET /docs.cgi?q=current+text+font&target=wiki HTTP/1.1" 200 265 "http://wiki.wxwidgets.org/wiki.pl?WxLog" "Mozilla/4.0 (compatible; MSIE 6.0; Windows NT 5.0)"
192.176.33.6 - - [20/Jun/2005:10:24:47 +0200] "GET /topfram2.html HTTP/1.1" 200 1251 "http://wiki.wxwidgets.org/docs.cgi?q=current+text+font&target=wiki" "Mozilla/4.0 (compatible; MSIE 6.0; Windows NT 5.0)"
192.176.33.6 - - [20/Jun/2005:10:24:47 +0200] "GET /man.cgi?q=current+text+font&target=wiki HTTP/1.1" 200 152 "http://wiki.wxwidgets.org/docs.cgi?q=current+text+font&target=wiki" "Mozilla/4.0 (compatible; MSIE 6.0; Windows NT 5.0)"
192.176.33.6 - - [20/Jun/2005:10:24:47 +0200] "GET /wxwiki.css HTTP/1.1" 304 - "http://wiki.wxwidgets.org/wiki.pl?search=current+text+font&dosearch=1" "Mozilla/4.0 (compatible; MSIE 6.0; Windows NT 5.0)"
192.176.33.6 - - [20/Jun/2005:10:24:47 +0200] "GET /wximages/wxwidgets02-small.png HTTP/1.1" 304 - "http://wiki.wxwidgets.org/wiki.pl?search=current+text+font&dosearch=1" "Mozilla/4.0 (compatible; MSIE 6.0; Windows NT 5.0)"
192.176.33.6 - - [20/Jun/2005:10:24:48 +0200] "GET /wiki.pl?search=current+text+font&dosearch=1 HTTP/1.1" 200 1565 "http://wiki.wxwidgets.org/docs.cgi?q=current+text+font&target=wiki" "Mozilla/4.0 (compatible; MSIE 6.0; Windows NT 5.0)"
192.176.33.6 - - [20/Jun/2005:10:24:55 +0200] "GET /docs.cgi?q=current+text+font&target=class&target=wiki HTTP/1.1" 200 278 "http://wiki.wxwidgets.org/wiki.pl?search=current+text+font&dosearch=1" "Mozilla/4.0 (compatible; MSIE 6.0; Windows NT 5.0)"
192.176.33.6 - - [20/Jun/2005:10:24:56 +0200] "GET /man.cgi?q=current+text+font&target=class&target=wiki HTTP/1.1" 200 4744 "http://wiki.wxwidgets.org/docs.cgi?q=current+text+font&target=class&target=wiki" "Mozilla/4.0 (compatible; MSIE 6.0; Windows NT 5.0)"
146.140.8.171 - - [20/Jun/2005:10:25:03 +0200] "GET /wxwiki.css HTTP/1.1" 200 1540 "http://wiki.wxwidgets.org/" "Mozilla/5.0 (X11; U; Linux i686; en-US; rv:1.7.8) Gecko/20050517 Firefox/1.0.4 (Debian package 1.0.4-2)"
146.140.8.171 - - [20/Jun/2005:10:25:03 +0200] "GET /wximages/wxwidgets02-small.png HTTP/1.1" 200 12468 "http://wiki.wxwidgets.org/" "Mozilla/5.0 (X11; U; Linux i686; en-US; rv:1.7.8) Gecko/20050517 Firefox/1.0.4 (Debian package 1.0.4-2)"
146.140.8.171 - - [20/Jun/2005:10:25:03 +0200] "GET / HTTP/1.1" 200 3381 "http://www.wxwidgets.org/develop2.htm" "Mozilla/5.0 (X11; U; Linux i686; en-US; rv:1.7.8) Gecko/20050517 Firefox/1.0.4 (Debian package 1.0.4-2)"
146.140.8.171 - - [20/Jun/2005:10:25:03 +0200] "GET /favicon.ico HTTP/1.1" 200 3262 "-" "Mozilla/5.0 (X11; U; Linux i686; en-US; rv:1.7.8) Gecko/20050517 Firefox/1.0.4 (Debian package 1.0.4-2)"
194.224.199.52 - - [20/Jun/2005:10:25:04 +0200] "GET /wiki.pl?back=Lestat HTTP/1.1" 200 1753 "http://wiki.wxwidgets.org/wiki.pl?Lestat" "noxtrumbot/1.0 (crawler@noxtrum.com)"
65.54.188.139 - - [20/Jun/2005:10:25:07 +0200] "GET /wiki.pl?ODBC HTTP/1.0" 200 8690 "-" "msnbot/1.0 (+http://search.msn.com/msnbot.htm)"
146.140.8.171 - - [20/Jun/2005:10:25:08 +0200] "GET /wiki.pl?Table_Of_Contents HTTP/1.1" 200 26242 "http://wiki.wxwidgets.org/" "Mozilla/5.0 (X11; U; Linux i686; en-US; rv:1.7.8) Gecko/20050517 Firefox/1.0.4 (Debian package 1.0.4-2)"
207.46.98.84 - - [20/Jun/2005:10:25:10 +0200] "GET /wiki.pl?WxWidgets_Bounties HTTP/1.0" 200 8846 "-" "msnbot/1.0 (+http://search.msn.com/msnbot.htm)"
65.214.44.47 - - [20/Jun/2005:10:25:19 +0200] "GET /wiki.pl?SsSu HTTP/1.0" 200 1833 "-" "Mozilla/2.0 (compatible; Ask Jeeves/Teoma; +http://sp.ask.com/docs/about/tech_crawling.html)"
146.140.8.171 - - [20/Jun/2005:10:25:34 +0200] "GET /wiki.pl?Compiling_WxWidgets HTTP/1.1" 200 15599 "http://wiki.wxwidgets.org/wiki.pl?Table_Of_Contents" "Mozilla/5.0 (X11; U; Linux i686; en-US; rv:1.7.8) Gecko/20050517 Firefox/1.0.4 (Debian package 1.0.4-2)"
194.224.199.52 - - [20/Jun/2005:10:26:03 +0200] "GET /wiki.pl?action=history&id=Lestat HTTP/1.1" 200 2249 "http://wiki.wxwidgets.org/wiki.pl?Lestat" "noxtrumbot/1.0 (crawler@noxtrum.com)"
194.224.199.52 - - [20/Jun/2005:10:27:03 +0200] "GET /wiki.pl?action=browse&diff=1&id=Lestat HTTP/1.1" 200 1919 "http://wiki.wxwidgets.org/wiki.pl?Lestat" "noxtrumbot/1.0 (crawler@noxtrum.com)"
65.54.188.139 - - [20/Jun/2005:10:27:14 +0200] "GET /wiki.pl?WxGLCanvas HTTP/1.0" 200 12526 "-" "msnbot/1.0 (+http://search.msn.com/msnbot.htm)"
203.215.160.146 - - [20/Jun/2005:10:27:51 +0200] "GET /wiki.pl?Dev-CPP_Setup_Guide HTTP/1.1" 200 10495 "http://www.google.com.pk/search?hl=en&client=firefox-a&rls=org.mozilla%3Aen-US%3Aofficial&q=install+lwsock32&btnG=Search&meta=" "Mozilla/5.0 (X11; U; Linux i686; rv:1.7.3) Gecko/20041020 Firefox/0.10.1"
203.215.160.146 - - [20/Jun/2005:10:27:51 +0200] "GET /wxwiki.css HTTP/1.1" 200 1540 "http://wiki.wxwidgets.org/wiki.pl?Dev-CPP_Setup_Guide" "Mozilla/5.0 (X11; U; Linux i686; rv:1.7.3) Gecko/20041020 Firefox/0.10.1"
203.215.160.146 - - [20/Jun/2005:10:27:52 +0200] "GET /wximages/wxwidgets02-small.png HTTP/1.1" 200 12468 "http://wiki.wxwidgets.org/wiki.pl?Dev-CPP_Setup_Guide" "Mozilla/5.0 (X11; U; Linux i686; rv:1.7.3) Gecko/20041020 Firefox/0.10.1"
203.215.160.146 - - [20/Jun/2005:10:27:55 +0200] "GET /favicon.ico HTTP/1.1" 200 3262 "-" "Mozilla/5.0 (X11; U; Linux i686; rv:1.7.3) Gecko/20041020 Firefox/0.10.1"
194.224.199.52 - - [20/Jun/2005:10:28:03 +0200] "GET /wiki.pl?action=edit&id=WxWiki HTTP/1.1" 200 3006 "http://wiki.wxwidgets.org/wiki.pl?action=browse&diff=1&id=WxWiki" "noxtrumbot/1.0 (crawler@noxtrum.com)"
207.46.98.84 - - [20/Jun/2005:10:28:10 +0200] "GET / HTTP/1.0" 200 3369 "-" "msnbot/1.0 (+http://search.msn.com/msnbot.htm)"
194.224.199.52 - - [20/Jun/2005:10:29:04 +0200] "GET /wiki.pl?back=YaDoo HTTP/1.1" 200 1611 "http://wiki.wxwidgets.org/wiki.pl?action=browse&diff=1&id=YaDoo" "noxtrumbot/1.0 (crawler@noxtrum.com)"
218.66.44.3 - - [20/Jun/2005:10:29:04 +0200] "GET /wximages/wxwidgets02-small.png HTTP/1.1" 200 12468 "http://blog.vckbase.com/bastet/" "Mozilla/4.0 (compatible; MSIE 6.0; Windows NT 5.1)"
65.54.188.139 - - [20/Jun/2005:10:29:17 +0200] "GET /wiki.pl?WxIcon HTTP/1.0" 200 3366 "-" "msnbot/1.0 (+http://search.msn.com/msnbot.htm)"
65.54.188.139 - - [20/Jun/2005:10:29:54 +0200] "GET /wiki.pl?Building_WxWidgets_With_MacOS_X HTTP/1.0" 200 4040 "-" "msnbot/1.0 (+http://search.msn.com/msnbot.htm)"
194.224.199.52 - - [20/Jun/2005:10:30:04 +0200] "GET /wiki.pl?action=edit&id=YaDoo HTTP/1.1" 200 1830 "http://wiki.wxwidgets.org/wiki.pl?action=browse&diff=1&id=YaDoo" "noxtrumbot/1.0 (crawler@noxtrum.com)"
207.46.98.84 - - [20/Jun/2005:10:30:06 +0200] "GET /wiki.pl?Table_Of_Contents HTTP/1.0" 200 26183 "-" "msnbot/1.0 (+http://search.msn.com/msnbot.htm)"
195.142.234.243 - - [20/Jun/2005:10:30:22 +0200] "GET /wiki.pl?Eclipse HTTP/1.1" 200 5724 "http://www.google.com.tr/search?q=eclipse+%2B+wxwidgets+%2Bplugin&start=0&start=0&ie=utf-8&oe=utf-8&client=firefox-a&rls=org.mozilla:en-US:official" "Mozilla/5.0 (X11; U; Linux i686; rv:1.7.3) Gecko/20041020 Firefox/0.10.1"
195.142.234.243 - - [20/Jun/2005:10:30:23 +0200] "GET /wxwiki.css HTTP/1.1" 200 1540 "http://wiki.wxwidgets.org/wiki.pl?Eclipse" "Mozilla/5.0 (X11; U; Linux i686; rv:1.7.3) Gecko/20041020 Firefox/0.10.1"
195.142.234.243 - - [20/Jun/2005:10:30:24 +0200] "GET /wximages/wxwidgets02-small.png HTTP/1.1" 200 12468 "http://wiki.wxwidgets.org/wiki.pl?Eclipse" "Mozilla/5.0 (X11; U; Linux i686; rv:1.7.3) Gecko/20041020 Firefox/0.10.1"
195.142.234.243 - - [20/Jun/2005:10:30:30 +0200] "GET /favicon.ico HTTP/1.1" 200 3262 "-" "Mozilla/5.0 (X11; U; Linux i686; rv:1.7.3) Gecko/20041020 Firefox/0.10.1"
83.25.162.178 - - [20/Jun/2005:10:30:55 +0200] "GET /wiki.pl?MSVC HTTP/1.1" 200 1940 "-" "Mozilla/5.0 (Windows; U; Windows NT 5.0; pl-PL; rv:1.7.8) Gecko/20050511 Firefox/1.0.4"
83.25.162.178 - - [20/Jun/2005:10:30:55 +0200] "GET /wxwiki.css HTTP/1.1" 200 1540 "http://wiki.wxwidgets.org/wiki.pl?MSVC" "Mozilla/5.0 (Windows; U; Windows NT 5.0; pl-PL; rv:1.7.8) Gecko/20050511 Firefox/1.0.4"
83.25.162.178 - - [20/Jun/2005:10:30:55 +0200] "GET /wximages/wxwidgets02-small.png HTTP/1.1" 200 12468 "http://wiki.wxwidgets.org/wiki.pl?MSVC" "Mozilla/5.0 (Windows; U; Windows NT 5.0; pl-PL; rv:1.7.8) Gecko/20050511 Firefox/1.0.4"
83.25.162.178 - - [20/Jun/2005:10:30:55 +0200] "GET /favicon.ico HTTP/1.1" 200 3262 "-" "Mozilla/5.0 (Windows; U; Windows NT 5.0; pl-PL; rv:1.7.8) Gecko/20050511 Firefox/1.0.4"
83.25.162.178 - - [20/Jun/2005:10:30:58 +0200] "GET /wiki.pl?MSVC_.NET_Setup_Guide HTTP/1.1" 200 12582 "http://wiki.wxwidgets.org/wiki.pl?MSVC" "Mozilla/5.0 (Windows; U; Windows NT 5.0; pl-PL; rv:1.7.8) Gecko/20050511 Firefox/1.0.4"
194.224.199.52 - - [20/Jun/2005:10:31:04 +0200] "GET /wiki.pl?action=browse&id=YaDoo&revision=1 HTTP/1.1" 200 8928 "http://wiki.wxwidgets.org/wiki.pl?action=history&id=YaDoo" "noxtrumbot/1.0 (crawler@noxtrum.com)"
60.26.47.51 - - [20/Jun/2005:10:31:09 +0200] "GET /wximages/wxwidgets02-small.png HTTP/1.1" 200 12468 "http://blog.vckbase.com/bastet/" "Mozilla/4.0 (compatible; MSIE 5.01; Windows NT 5.0)"
207.46.98.84 - - [20/Jun/2005:10:31:33 +0200] "GET /wiki.pl?Spam-Remover HTTP/1.0" 200 1782 "-" "msnbot/1.0 (+http://search.msn.com/msnbot.htm)"
193.147.86.254 - - [20/Jun/2005:10:31:53 +0200] "GET /wiki.pl?WxWidgets_Bounties HTTP/1.0" 200 8846 "http://www.wxwidgets.org/toolbar.htm" "Mozilla/4.0 (compatible; MSIE 6.0; Windows NT 5.0)"
194.224.199.52 - - [20/Jun/2005:10:32:04 +0200] "GET /wiki.pl?back=Sjzyxh HTTP/1.1" 200 1747 "http://wiki.wxwidgets.org/wiki.pl?action=browse&diff=1&id=Sjzyxh" "noxtrumbot/1.0 (crawler@noxtrum.com)"
65.54.188.139 - - [20/Jun/2005:10:32:15 +0200] "GET /wiki.pl?MSVC_Setup_Guide_For_Wx_2.5.4_And_Later HTTP/1.0" 200 3057 "-" "msnbot/1.0 (+http://search.msn.com/msnbot.htm)"
65.54.188.139 - - [20/Jun/2005:10:32:42 +0200] "GET /wiki.pl?back=Compiling+WxWidgets+With+MSYS HTTP/1.0" 200 1959 "-" "msnbot/1.0 (+http://search.msn.com/msnbot.htm)"
132.167.34.135 - - [20/Jun/2005:10:32:50 +0200] "GET /wiki.pl?WxGLCanvas HTTP/1.1" 200 12561 "http://forum.hardware.fr/hardwarefr/Programmation/Opengl-dans-fenetre-wxWidgets-sujet-61843-1.htm" "Mozilla/5.0 (Windows; U; Windows NT 5.1; fr-FR; rv:1.7.8) Gecko/20050511 Firefox/1.0.4"
132.167.34.135 - - [20/Jun/2005:10:32:50 +0200] "GET /wxwiki.css HTTP/1.1" 200 1540 "http://wiki.wxwidgets.org/wiki.pl?WxGLCanvas" "Mozilla/5.0 (Windows; U; Windows NT 5.1; fr-FR; rv:1.7.8) Gecko/20050511 Firefox/1.0.4"
132.167.34.135 - - [20/Jun/2005:10:32:50 +0200] "GET /wximages/wxwidgets02-small.png HTTP/1.1" 200 12468 "http://wiki.wxwidgets.org/wiki.pl?WxGLCanvas" "Mozilla/5.0 (Windows; U; Windows NT 5.1; fr-FR; rv:1.7.8) Gecko/20050511 Firefox/1.0.4"
132.167.34.135 - - [20/Jun/2005:10:32:50 +0200] "GET /favicon.ico HTTP/1.1" 200 3262 "-" "Mozilla/5.0 (Windows; U; Windows NT 5.1; fr-FR; rv:1.7.8) Gecko/20050511 Firefox/1.0.4"
61.149.97.218 - - [20/Jun/2005:10:33:03 +0200] "GET /wximages/wxwidgets02-small.png HTTP/1.1" 200 12468 "http://blog.vckbase.com/bastet/" "Mozilla/4.0 (compatible; MSIE 6.0; Windows NT 5.1)"
194.224.199.52 - - [20/Jun/2005:10:33:04 +0200] "GET /wiki.pl?action=edit&id=Sjzyxh HTTP/1.1" 200 1833 "http://wiki.wxwidgets.org/wiki.pl?action=browse&diff=1&id=Sjzyxh" "noxtrumbot/1.0 (crawler@noxtrum.com)"
207.46.98.84 - - [20/Jun/2005:10:33:29 +0200] "GET /wiki.pl?Hugh_Gibson HTTP/1.0" 200 2149 "-" "msnbot/1.0 (+http://search.msn.com/msnbot.htm)"
194.224.199.52 - - [20/Jun/2005:10:34:04 +0200] "GET /wiki.pl?action=browse&id=Sjzyxh&revision=9 HTTP/1.1" 200 8934 "http://wiki.wxwidgets.org/wiki.pl?action=history&id=Sjzyxh" "noxtrumbot/1.0 (crawler@noxtrum.com)"
128.131.49.182 - - [20/Jun/2005:10:34:20 +0200] "GET / HTTP/1.1" 200 3381 "http://www.wxwidgets.org/docs.htm" "Mozilla/5.0 (X11; U; Linux i686; en-US; rv:1.7.8) Gecko/20050608 Firefox/1.0 (Ubuntu package 1.0.4)"
128.131.49.182 - - [20/Jun/2005:10:34:26 +0200] "GET /docs.cgi?q=pipe&target=class&target=wiki HTTP/1.1" 200 265 "http://wiki.wxwidgets.org/" "Mozilla/5.0 (X11; U; Linux i686; en-US; rv:1.7.8) Gecko/20050608 Firefox/1.0 (Ubuntu package 1.0.4)"
128.131.49.182 - - [20/Jun/2005:10:34:26 +0200] "GET /man.cgi?q=pipe&target=class&target=wiki HTTP/1.1" 200 4666 "http://wiki.wxwidgets.org/docs.cgi?q=pipe&target=class&target=wiki" "Mozilla/5.0 (X11; U; Linux i686; en-US; rv:1.7.8) Gecko/20050608 Firefox/1.0 (Ubuntu package 1.0.4)"
134.95.200.175 - - [20/Jun/2005:10:34:42 +0200] "GET /wiki.pl?Mac_OS_X_And_Xcode_1.5_Project_Setup_Guide HTTP/1.1" 200 3989 "http://www.macosx.com/forums/showthread.php?t=52844" "Mozilla/5.0 (Macintosh; U; PPC Mac OS X; de-de) AppleWebKit/412 (KHTML, like Gecko) Safari/412"
194.224.199.52 - - [20/Jun/2005:10:35:04 +0200] "GET /wiki.pl?action=browse&id=Sjzyxh&revision=8 HTTP/1.1" 200 2047 "http://wiki.wxwidgets.org/wiki.pl?action=history&id=Sjzyxh" "noxtrumbot/1.0 (crawler@noxtrum.com)"
207.46.98.84 - - [20/Jun/2005:10:35:05 +0200] "GET /wiki.pl?Using_Doxygen_For_The_WxWidgets_Documentation HTTP/1.0" 200 15182 "-" "msnbot/1.0 (+http://search.msn.com/msnbot.htm)"
210.254.79.57 - - [20/Jun/2005:10:35:20 +0200] "GET /wiki.pl?Resource_Files HTTP/1.1" 200 10732 "-" "Mozilla/4.0 (compatible; MSIE 6.0; Windows NT 5.1) Opera 7.21 [en]"
210.254.79.57 - - [20/Jun/2005:10:35:20 +0200] "GET /wiki.pl?WxFrameLayout HTTP/1.1" 200 7406 "-" "Mozilla/4.0 (compatible; MSIE 6.0; Windows NT 5.1) Opera 7.21 [en]"
210.254.79.57 - - [20/Jun/2005:10:35:27 +0200] "GET /wxwiki.css HTTP/1.1" 304 - "http://wiki.wxwidgets.org/wiki.pl?Resource_Files" "Mozilla/4.0 (compatible; MSIE 6.0; Windows NT 5.1) Opera 7.21 [en]"
210.254.79.57 - - [20/Jun/2005:10:35:27 +0200] "GET /wximages/wxwidgets02-small.png HTTP/1.1" 304 - "http://wiki.wxwidgets.org/wiki.pl?Resource_Files" "Mozilla/4.0 (compatible; MSIE 6.0; Windows NT 5.1) Opera 7.21 [en]"
65.54.188.139 - - [20/Jun/2005:10:35:39 +0200] "GET /wiki.pl?The_MegaPOV_Tools_For_Using_DocBook HTTP/1.0" 200 3667 "-" "msnbot/1.0 (+http://search.msn.com/msnbot.htm)"
65.54.188.139 - - [20/Jun/2005:10:35:49 +0200] "GET /wiki.pl?back=WxBasic+Implememtation HTTP/1.0" 200 1639 "-" "msnbot/1.0 (+http://search.msn.com/msnbot.htm)"
194.224.199.52 - - [20/Jun/2005:10:36:04 +0200] "GET /wiki.pl?action=browse&id=Sjzyxh&revision=7 HTTP/1.1" 200 9018 "http://wiki.wxwidgets.org/wiki.pl?action=history&id=Sjzyxh" "noxtrumbot/1.0 (crawler@noxtrum.com)"
83.25.162.178 - - [20/Jun/2005:10:36:46 +0200] "GET /wiki.pl?WxWiki HTTP/1.1" 200 3381 "http://wiki.wxwidgets.org/wiki.pl?MSVC_.NET_Setup_Guide" "Mozilla/5.0 (Windows; U; Windows NT 5.0; pl-PL; rv:1.7.8) Gecko/20050511 Firefox/1.0.4"
83.25.162.178 - - [20/Jun/2005:10:36:51 +0200] "GET /wiki.pl?Table_Of_Contents HTTP/1.1" 200 26242 "http://wiki.wxwidgets.org/wiki.pl?WxWiki" "Mozilla/5.0 (Windows; U; Windows NT 5.0; pl-PL; rv:1.7.8) Gecko/20050511 Firefox/1.0.4"
83.25.162.178 - - [20/Jun/2005:10:36:57 +0200] "GET /wiki.pl?MSVC_Setup_Guide_For_Wx_2.5.4_And_Later HTTP/1.1" 200 3069 "http://wiki.wxwidgets.org/wiki.pl?Table_Of_Contents" "Mozilla/5.0 (Windows; U; Windows NT 5.0; pl-PL; rv:1.7.8) Gecko/20050511 Firefox/1.0.4"
194.224.199.52 - - [20/Jun/2005:10:37:04 +0200] "GET /wiki.pl?action=browse&id=Sjzyxh&revision=6 HTTP/1.1" 200 1982 "http://wiki.wxwidgets.org/wiki.pl?action=history&id=Sjzyxh" "noxtrumbot/1.0 (crawler@noxtrum.com)"
194.224.199.52 - - [20/Jun/2005:10:38:05 +0200] "GET /wiki.pl?action=edit&id=YaDoo&revision=1 HTTP/1.1" 200 6735 "http://wiki.wxwidgets.org/wiki.pl?action=browse&id=YaDoo&revision=1" "noxtrumbot/1.0 (crawler@noxtrum.com)"
219.128.164.82 - - [20/Jun/2005:10:38:33 +0200] "GET /wximages/wxwidgets02-small.png HTTP/1.1" 200 12468 "http://blog.vckbase.com/bastet/" "Mozilla/4.0 (compatible; MSIE 6.0; Windows NT 5.1; SV1)"
80.135.188.100 - - [20/Jun/2005:10:38:51 +0200] "GET /wiki.pl?WxWidgets_Bounties HTTP/1.1" 200 8873 "http://www.wxwidgets.org/toolbar.htm" "Mozilla/4.0 (compatible; MSIE 6.0; Windows NT 5.1; Z35 (HR 3030))"
80.135.188.100 - - [20/Jun/2005:10:38:51 +0200] "GET /wxwiki.css HTTP/1.1" 200 1540 "http://wiki.wxwidgets.org/wiki.pl?WxWidgets_Bounties" "Mozilla/4.0 (compatible; MSIE 6.0; Windows NT 5.1; Z35 (HR 3030))"
80.135.188.100 - - [20/Jun/2005:10:38:51 +0200] "GET /wximages/wxwidgets02-small.png HTTP/1.1" 200 12468 "http://wiki.wxwidgets.org/wiki.pl?WxWidgets_Bounties" "Mozilla/4.0 (compatible; MSIE 6.0; Windows NT 5.1; Z35 (HR 3030))"
194.224.199.52 - - [20/Jun/2005:10:39:05 +0200] "GET /wiki.pl?action=browse&diff=1&id=YaDoo&revision=1 HTTP/1.1" 200 9180 "http://wiki.wxwidgets.org/wiki.pl?action=browse&id=YaDoo&revision=1" "noxtrumbot/1.0 (crawler@noxtrum.com)"
212.186.218.198 - - [20/Jun/2005:10:39:16 +0200] "GET /wiki.pl?WxWidgets_Bounties HTTP/1.0" 200 8846 "http://www.wxwidgets.org/toolbar.htm" "Mozilla/4.0 (compatible; MSIE 6.0; Windows NT 4.0; Q312461)"
212.186.218.198 - - [20/Jun/2005:10:39:17 +0200] "GET /wxwiki.css HTTP/1.0" 304 - "http://wiki.wxwidgets.org/wiki.pl?WxWidgets_Bounties" "Mozilla/4.0 (compatible; MSIE 6.0; Windows NT 4.0; Q312461)"
212.186.218.198 - - [20/Jun/2005:10:39:17 +0200] "GET /wximages/wxwidgets02-small.png HTTP/1.0" 304 - "http://wiki.wxwidgets.org/wiki.pl?WxWidgets_Bounties" "Mozilla/4.0 (compatible; MSIE 6.0; Windows NT 4.0; Q312461)"
82.209.195.129 - - [20/Jun/2005:10:39:41 +0200] "GET / HTTP/1.1" 200 3381 "http://www.wxwidgets.org/develop2.htm" "Mozilla/5.0 (Windows; U; Windows NT 5.1; en-GB; rv:1.7.6) Gecko/20050226 Firefox/1.0.1"
82.209.195.129 - - [20/Jun/2005:10:39:41 +0200] "GET /wxwiki.css HTTP/1.1" 200 1540 "http://wiki.wxwidgets.org/" "Mozilla/5.0 (Windows; U; Windows NT 5.1; en-GB; rv:1.7.6) Gecko/20050226 Firefox/1.0.1"
82.209.195.129 - - [20/Jun/2005:10:39:42 +0200] "GET /wximages/wxwidgets02-small.png HTTP/1.1" 200 12468 "http://wiki.wxwidgets.org/" "Mozilla/5.0 (Windows; U; Windows NT 5.1; en-GB; rv:1.7.6) Gecko/20050226 Firefox/1.0.1"
82.209.195.129 - - [20/Jun/2005:10:39:45 +0200] "GET /favicon.ico HTTP/1.1" 200 3262 "-" "Mozilla/5.0 (Windows; U; Windows NT 5.1; en-GB; rv:1.7.6) Gecko/20050226 Firefox/1.0.1"
65.54.188.139 - - [20/Jun/2005:10:39:50 +0200] "GET /wiki.pl?MacOS_X_ProjectBuilder_Setup_Guide HTTP/1.0" 200 5939 "-" "msnbot/1.0 (+http://search.msn.com/msnbot.htm)"
82.209.195.129 - - [20/Jun/2005:10:39:56 +0200] "GET /wiki.pl?Table_Of_Contents HTTP/1.1" 200 26242 "http://wiki.wxwidgets.org/" "Mozilla/5.0 (Windows; U; Windows NT 5.1; en-GB; rv:1.7.6) Gecko/20050226 Firefox/1.0.1"
82.209.195.129 - - [20/Jun/2005:10:40:00 +0200] "GET /wiki.pl?WxWidgets_Compared_To_Other_Toolkits HTTP/1.1" 200 19476 "http://wiki.wxwidgets.org/wiki.pl?Table_Of_Contents" "Mozilla/5.0 (Windows; U; Windows NT 5.1; en-GB; rv:1.7.6) Gecko/20050226 Firefox/1.0.1"
82.209.195.129 - - [20/Jun/2005:10:40:03 +0200] "GET /wiki.pl?Prerequisites HTTP/1.1" 200 5268 "http://wiki.wxwidgets.org/wiki.pl?Table_Of_Contents" "Mozilla/5.0 (Windows; U; Windows NT 5.1; en-GB; rv:1.7.6) Gecko/20050226 Firefox/1.0.1"
194.224.199.52 - - [20/Jun/2005:10:40:05 +0200] "GET /wiki.pl?action=edit&id=Sjzyxh&revision=9 HTTP/1.1" 200 6738 "http://wiki.wxwidgets.org/wiki.pl?action=browse&id=Sjzyxh&revision=9" "noxtrumbot/1.0 (crawler@noxtrum.com)"
82.209.195.129 - - [20/Jun/2005:10:40:14 +0200] "GET /wiki.pl?VIM HTTP/1.1" 200 1922 "http://wiki.wxwidgets.org/wiki.pl?Table_Of_Contents" "Mozilla/5.0 (Windows; U; Windows NT 5.1; en-GB; rv:1.7.6) Gecko/20050226 Firefox/1.0.1"
82.209.195.129 - - [20/Jun/2005:10:40:29 +0200] "GET /wiki.pl?Bakefile HTTP/1.1" 200 32991 "http://wiki.wxwidgets.org/wiki.pl?Table_Of_Contents" "Mozilla/5.0 (Windows; U; Windows NT 5.1; en-GB; rv:1.7.6) Gecko/20050226 Firefox/1.0.1"
82.209.195.129 - - [20/Jun/2005:10:40:33 +0200] "GET /wiki.pl?Makefile HTTP/1.1" 200 4286 "http://wiki.wxwidgets.org/wiki.pl?Table_Of_Contents" "Mozilla/5.0 (Windows; U; Windows NT 5.1; en-GB; rv:1.7.6) Gecko/20050226 Firefox/1.0.1"
194.237.142.7 - - [20/Jun/2005:10:40:38 +0200] "GET / HTTP/1.0" 200 3369 "-" "Mozilla/5.0 (Windows; U; Windows NT 5.0; sv-SE; rv:1.7.8) Gecko/20050511 Firefox/1.0.4"
207.46.98.84 - - [20/Jun/2005:10:40:38 +0200] "GET /wiki.pl?back=Feedback HTTP/1.0" 200 2149 "-" "msnbot/1.0 (+http://search.msn.com/msnbot.htm)"
194.237.142.7 - - [20/Jun/2005:10:40:39 +0200] "GET /wiki.pl?Table_Of_Contents HTTP/1.0" 200 26183 "http://wiki.wxwidgets.org/" "Mozilla/5.0 (Windows; U; Windows NT 5.0; sv-SE; rv:1.7.8) Gecko/20050511 Firefox/1.0.4"
82.209.195.129 - - [20/Jun/2005:10:40:42 +0200] "GET /wiki.pl?Choosing_Which_Compiler_To_Use HTTP/1.1" 200 3291 "http://wiki.wxwidgets.org/wiki.pl?Table_Of_Contents" "Mozilla/5.0 (Windows; U; Windows NT 5.1; en-GB; rv:1.7.6) Gecko/20050226 Firefox/1.0.1"
194.237.142.7 - - [20/Jun/2005:10:40:46 +0200] "GET /wiki.pl?WxWizard HTTP/1.0" 200 6144 "http://wiki.wxwidgets.org/wiki.pl?Table_Of_Contents" "Mozilla/5.0 (Windows; U; Windows NT 5.0; sv-SE; rv:1.7.8) Gecko/20050511 Firefox/1.0.4"
82.209.195.129 - - [20/Jun/2005:10:41:02 +0200] "GET /wiki.pl?Installing_WxWin_Watcom HTTP/1.1" 200 2584 "http://wiki.wxwidgets.org/wiki.pl?Table_Of_Contents" "Mozilla/5.0 (Windows; U; Windows NT 5.1; en-GB; rv:1.7.6) Gecko/20050226 Firefox/1.0.1"
194.224.199.52 - - [20/Jun/2005:10:41:05 +0200] "GET /wiki.pl?action=browse&diff=1&id=Sjzyxh&revision=9 HTTP/1.1" 200 9188 "http://wiki.wxwidgets.org/wiki.pl?action=browse&id=Sjzyxh&revision=9" "noxtrumbot/1.0 (crawler@noxtrum.com)"
82.209.195.129 - - [20/Jun/2005:10:41:10 +0200] "GET /wiki.pl?Compiling_A_WxWidgets_Application HTTP/1.1" 200 6068 "http://wiki.wxwidgets.org/wiki.pl?Table_Of_Contents" "Mozilla/5.0 (Windows; U; Windows NT 5.1; en-GB; rv:1.7.6) Gecko/20050226 Firefox/1.0.1"
84.159.154.187 - - [20/Jun/2005:10:41:18 +0200] "GET /wiki.pl?WxWidgets_Bounties HTTP/1.1" 200 8873 "http://www.wxwidgets.org/toolbar.htm" "Mozilla/5.0 (Windows; U; Windows NT 5.0; en-US; rv:1.8b2) Gecko/20050523 Firefox/1.0+"
84.159.154.187 - - [20/Jun/2005:10:41:18 +0200] "GET /wxwiki.css HTTP/1.1" 200 1540 "http://wiki.wxwidgets.org/wiki.pl?WxWidgets_Bounties" "Mozilla/5.0 (Windows; U; Windows NT 5.0; en-US; rv:1.8b2) Gecko/20050523 Firefox/1.0+"
84.159.154.187 - - [20/Jun/2005:10:41:19 +0200] "GET /wximages/wxwidgets02-small.png HTTP/1.1" 200 12468 "http://wiki.wxwidgets.org/wiki.pl?WxWidgets_Bounties" "Mozilla/5.0 (Windows; U; Windows NT 5.0; en-US; rv:1.8b2) Gecko/20050523 Firefox/1.0+"
84.159.154.187 - - [20/Jun/2005:10:41:19 +0200] "GET /favicon.ico HTTP/1.1" 200 3262 "-" "Mozilla/5.0 (Windows; U; Windows NT 5.0; en-US; rv:1.8b2) Gecko/20050523 Firefox/1.0+"
194.224.199.52 - - [20/Jun/2005:10:42:05 +0200] "GET /wiki.pl?action=edit&id=Sjzyxh&revision=7 HTTP/1.1" 200 7082 "http://wiki.wxwidgets.org/wiki.pl?action=browse&id=Sjzyxh&revision=7" "noxtrumbot/1.0 (crawler@noxtrum.com)"
80.135.188.100 - - [20/Jun/2005:10:42:34 +0200] "GET /wiki.pl?WxWidgets_Compared_To_Other_Toolkits HTTP/1.1" 200 19476 "http://www.google.de/search?hl=de&q=wxwidget+versus+fox&meta=" "Mozilla/4.0 (compatible; MSIE 6.0; Windows NT 5.1; Z35 (HR 3030))"
196.3.50.254 - - [20/Jun/2005:10:42:38 +0200] "GET /wiki.pl?Mac_OS_X_And_Xcode_1.1_Setup_Guide HTTP/1.1" 200 25261 "http://www.google.ch/search?q=setup+wxWindows+Xcode&sourceid=mozilla-search&start=0&start=0&ie=utf-8&oe=utf-8&client=firefox-a&rls=org.mozilla:en-US:official" "Mozilla/5.0 (Windows; U; Windows NT 5.1; en-US; rv:1.7.8) Gecko/20050511 Firefox/1.0.4"
196.3.50.254 - - [20/Jun/2005:10:42:38 +0200] "GET /wxwiki.css HTTP/1.1" 304 - "http://wiki.wxwidgets.org/wiki.pl?Mac_OS_X_And_Xcode_1.1_Setup_Guide" "Mozilla/5.0 (Windows; U; Windows NT 5.1; en-US; rv:1.7.8) Gecko/20050511 Firefox/1.0.4"
196.3.50.254 - - [20/Jun/2005:10:42:39 +0200] "GET /wximages/wxwidgets02-small.png HTTP/1.1" 304 - "http://wiki.wxwidgets.org/wiki.pl?Mac_OS_X_And_Xcode_1.1_Setup_Guide" "Mozilla/5.0 (Windows; U; Windows NT 5.1; en-US; rv:1.7.8) Gecko/20050511 Firefox/1.0.4"
196.3.50.254 - - [20/Jun/2005:10:42:39 +0200] "GET /favicon.ico HTTP/1.1" 200 3262 "-" "Mozilla/5.0 (Windows; U; Windows NT 5.1; en-US; rv:1.7.8) Gecko/20050511 Firefox/1.0.4"
194.224.199.52 - - [20/Jun/2005:10:43:05 +0200] "GET /wiki.pl?action=browse&diff=1&id=Sjzyxh&revision=7 HTTP/1.1" 200 9272 "http://wiki.wxwidgets.org/wiki.pl?action=browse&id=Sjzyxh&revision=7" "noxtrumbot/1.0 (crawler@noxtrum.com)"
65.214.44.47 - - [20/Jun/2005:10:43:56 +0200] "GET /wiki.pl?/ICE HTTP/1.0" 200 68 "-" "Mozilla/2.0 (compatible; Ask Jeeves/Teoma; +http://sp.ask.com/docs/about/tech_crawling.html)"
207.46.98.84 - - [20/Jun/2005:10:44:01 +0200] "GET /wiki.pl?WxTFTP HTTP/1.0" 200 9182 "-" "msnbot/1.0 (+http://search.msn.com/msnbot.htm)"
194.224.199.52 - - [20/Jun/2005:10:44:05 +0200] "GET /wiki.pl?action=browse&diff=2&id=YaDoo HTTP/1.1" 200 9353 "http://wiki.wxwidgets.org/wiki.pl?action=browse&diff=1&id=YaDoo&revision=1" "noxtrumbot/1.0 (crawler@noxtrum.com)"
62.40.236.18 - - [20/Jun/2005:10:44:49 +0200] "GET / HTTP/1.1" 200 3381 "http://www.wxwidgets.org/docs.htm" "Mozilla/4.0 (compatible; MSIE 5.01; Windows 98)"
62.40.236.18 - - [20/Jun/2005:10:44:49 +0200] "GET /wxwiki.css HTTP/1.1" 304 - "http://wiki.wxwidgets.org/" "Mozilla/4.0 (compatible; MSIE 5.01; Windows 98)"
62.40.236.18 - - [20/Jun/2005:10:44:50 +0200] "GET /wximages/wxwidgets02-small.png HTTP/1.1" 304 - "http://wiki.wxwidgets.org/" "Mozilla/4.0 (compatible; MSIE 5.01; Windows 98)"
194.224.199.52 - - [20/Jun/2005:10:45:05 +0200] "GET /wiki.pl?action=browse&diff=3&id=YaDoo HTTP/1.1" 200 9354 "http://wiki.wxwidgets.org/wiki.pl?action=browse&diff=1&id=YaDoo&revision=1" "noxtrumbot/1.0 (crawler@noxtrum.com)"
65.54.188.139 - - [20/Jun/2005:10:45:10 +0200] "GET /wiki.pl?Reducing_Executable_Size HTTP/1.0" 200 5530 "-" "msnbot/1.0 (+http://search.msn.com/msnbot.htm)"
194.224.199.52 - - [20/Jun/2005:10:46:05 +0200] "GET /wiki.pl?action=browse&diff=2&id=Sjzyxh HTTP/1.1" 200 9358 "http://wiki.wxwidgets.org/wiki.pl?action=browse&diff=1&id=Sjzyxh&revision=9" "noxtrumbot/1.0 (crawler@noxtrum.com)"
195.127.152.100 - - [20/Jun/2005:10:46:29 +0200] "GET /wiki.pl?Installing_WxWin_For_MS_Free_Tools HTTP/1.1" 200 9668 "http://biolpc22.york.ac.uk/wx/wxhatch/help/visual.html" "Mozilla/5.0 (Windows; U; Windows NT 5.1; en-US; rv:1.7.8) Gecko/20050511"
195.127.152.100 - - [20/Jun/2005:10:46:29 +0200] "GET /wxwiki.css HTTP/1.1" 200 1540 "http://wiki.wxwidgets.org/wiki.pl?Installing_WxWin_For_MS_Free_Tools" "Mozilla/5.0 (Windows; U; Windows NT 5.1; en-US; rv:1.7.8) Gecko/20050511"
195.127.152.100 - - [20/Jun/2005:10:46:30 +0200] "GET /wximages/wxwidgets02-small.png HTTP/1.1" 200 12468 "http://wiki.wxwidgets.org/wiki.pl?Installing_WxWin_For_MS_Free_Tools" "Mozilla/5.0 (Windows; U; Windows NT 5.1; en-US; rv:1.7.8) Gecko/20050511"
194.224.199.52 - - [20/Jun/2005:10:47:05 +0200] "GET /wiki.pl?action=browse&diff=3&id=Sjzyxh HTTP/1.1" 200 9359 "http://wiki.wxwidgets.org/wiki.pl?action=browse&diff=1&id=Sjzyxh&revision=9" "noxtrumbot/1.0 (crawler@noxtrum.com)"
218.84.81.33 - - [20/Jun/2005:10:47:30 +0200] "GET /wximages/wxwidgets02-small.png HTTP/1.1" 200 12468 "http://blog.vckbase.com/bastet/" "Mozilla/4.0 (compatible; MSIE 6.0; Windows NT 5.0)"
68.142.250.23 - - [20/Jun/2005:10:47:43 +0200] "GET /robots.txt HTTP/1.0" 200 138 "-" "Mozilla/5.0 (compatible; Yahoo! Slurp; http://help.yahoo.com/help/us/ysearch/slurp)"
68.142.251.60 - - [20/Jun/2005:10:47:45 +0200] "GET /wiki.pl?Compiling_WxWidgets HTTP/1.0" 200 15564 "-" "Mozilla/5.0 (compatible; Yahoo! Slurp; http://help.yahoo.com/help/us/ysearch/slurp)"
83.176.115.151 - - [20/Jun/2005:10:48:40 +0200] "GET /wiki.pl?Table_Of_Contents HTTP/1.1" 200 26314 "-" "Mozilla/5.0 (Windows; U; Windows NT 5.1; it-IT; rv:1.7.8) Gecko/20050511 Firefox/1.0.4"
83.176.115.151 - - [20/Jun/2005:10:48:43 +0200] "GET /wiki.pl?Bakefile_Tips HTTP/1.1" 200 8123 "http://wiki.wxwidgets.org/wiki.pl?Table_Of_Contents" "Mozilla/5.0 (Windows; U; Windows NT 5.1; it-IT; rv:1.7.8) Gecko/20050511 Firefox/1.0.4"
62.174.241.29 - - [20/Jun/2005:10:49:52 +0200] "GET / HTTP/1.1" 200 3381 "http://www.wxwidgets.org/docs.htm" "Mozilla/5.0 (Windows; U; Windows NT 5.1; es-ES; rv:1.7.3) Gecko/20040910"
62.174.241.29 - - [20/Jun/2005:10:49:53 +0200] "GET /wxwiki.css HTTP/1.1" 200 1540 "http://wiki.wxwidgets.org/" "Mozilla/5.0 (Windows; U; Windows NT 5.1; es-ES; rv:1.7.3) Gecko/20040910"
62.174.241.29 - - [20/Jun/2005:10:49:53 +0200] "GET /wximages/wxwidgets02-small.png HTTP/1.1" 200 12468 "http://wiki.wxwidgets.org/" "Mozilla/5.0 (Windows; U; Windows NT 5.1; es-ES; rv:1.7.3) Gecko/20040910"
80.135.188.100 - - [20/Jun/2005:10:50:23 +0200] "GET /wiki.pl?WxWidgets_For_MFC_Programmers HTTP/1.1" 200 12586 "http://wiki.wxwidgets.org/wiki.pl?WxWidgets_Compared_To_Other_Toolkits" "Mozilla/4.0 (compatible; MSIE 6.0; Windows NT 5.1; Z35 (HR 3030))"
219.147.251.123 - - [20/Jun/2005:10:51:54 +0200] "GET /wximages/wxwidgets02-small.png HTTP/1.1" 200 12468 "http://blog.vckbase.com/bastet/" "Mozilla/4.0 (compatible; MSIE 6.0; Windows NT 5.1)"
80.219.83.128 - - [20/Jun/2005:10:52:13 +0200] "GET /wiki.pl?WxStaticBox HTTP/1.1" 200 2219 "http://www.google.ch/search?hl=fr&q=wxStaticBox&btnG=Rechercher&meta=" "Mozilla/5.0 (Windows; U; Windows NT 5.0; fr-FR; rv:1.7.8) Gecko/20050511 Firefox/1.0.4"
222.217.128.186 - - [20/Jun/2005:10:52:16 +0200] "GET /wximages/wxwidgets02-small.png HTTP/1.1" 200 12468 "http://blog.vckbase.com/bastet/" "Mozilla/4.0 (compatible; MSIE 5.01; Windows NT 5.0)"
65.54.188.139 - - [20/Jun/2005:10:52:51 +0200] "GET /wiki.pl?Build_System_Management HTTP/1.0" 200 6364 "-" "msnbot/1.0 (+http://search.msn.com/msnbot.htm)"
62.212.105.14 - - [20/Jun/2005:10:53:48 +0200] "GET /wiki.pl?RecentChanges HTTP/1.1" 200 11665 "-" "Mozilla/5.0 (Windows; U; Windows NT 5.1; fr-FR; rv:1.7.8) Gecko/20050511 Firefox/1.0.4"
84.166.64.229 - - [20/Jun/2005:10:54:30 +0200] "GET /wiki.pl?MSVC_.NET_Setup_Guide HTTP/1.1" 200 12582 "http://www.google.com/search?q=_CRT_SECURE_NO_DEPRECATE&sourceid=opera&num=0&ie=utf-8&oe=utf-8" "Mozilla/4.0 (compatible; MSIE 6.0; Windows NT 5.1; en) Opera 8.0"
84.166.64.229 - - [20/Jun/2005:10:54:30 +0200] "GET /wxwiki.css HTTP/1.1" 200 1540 "http://wiki.wxwidgets.org/wiki.pl?MSVC_.NET_Setup_Guide" "Mozilla/4.0 (compatible; MSIE 6.0; Windows NT 5.1; en) Opera 8.0"
84.166.64.229 - - [20/Jun/2005:10:54:30 +0200] "GET /wximages/wxwidgets02-small.png HTTP/1.1" 200 12468 "http://wiki.wxwidgets.org/wiki.pl?MSVC_.NET_Setup_Guide" "Mozilla/4.0 (compatible; MSIE 6.0; Windows NT 5.1; en) Opera 8.0"
84.166.64.229 - - [20/Jun/2005:10:54:31 +0200] "GET /favicon.ico HTTP/1.1" 200 3262 "http://wiki.wxwidgets.org/wiki.pl?MSVC_.NET_Setup_Guide" "Mozilla/4.0 (compatible; MSIE 6.0; Windows NT 5.1; en) Opera 8.0"
68.142.251.160 - - [20/Jun/2005:10:55:17 +0200] "GET /wiki.pl?UPX HTTP/1.0" 200 2076 "-" "Mozilla/5.0 (compatible; Yahoo! Slurp; http://help.yahoo.com/help/us/ysearch/slurp)"
192.11.236.114 - - [20/Jun/2005:10:55:20 +0200] "HEAD /wiki.pl?MSVC_Setup_Guide HTTP/1.0" 200 0 "-" "Mozilla/4.0 (compatible; Powermarks/3.5; Windows 95/98/2000/NT)"
192.11.236.114 - - [20/Jun/2005:10:55:24 +0200] "GET /wiki.pl?MSVC_Setup_Guide HTTP/1.0" 200 18648 "-" "Mozilla/4.0 (compatible; Powermarks/3.5; Windows 95/98/2000/NT)"
195.90.9.79 - - [20/Jun/2005:10:55:30 +0200] "GET /wiki.pl?WxBitmapButton HTTP/1.1" 200 4086 "http://www.google.de/search?hl=de&q=wxbitmapbutton+flat&btnG=Google-Suche&meta=" "Mozilla/5.0 (Windows; U; Windows NT 5.1; en-US; rv:1.8a6) Gecko/20050111"
195.90.9.79 - - [20/Jun/2005:10:55:30 +0200] "GET /wxwiki.css HTTP/1.1" 200 1540 "http://wiki.wxwidgets.org/wiki.pl?WxBitmapButton" "Mozilla/5.0 (Windows; U; Windows NT 5.1; en-US; rv:1.8a6) Gecko/20050111"
195.90.9.79 - - [20/Jun/2005:10:55:30 +0200] "GET /wximages/wxwidgets02-small.png HTTP/1.1" 200 12468 "http://wiki.wxwidgets.org/wiki.pl?WxBitmapButton" "Mozilla/5.0 (Windows; U; Windows NT 5.1; en-US; rv:1.8a6) Gecko/20050111"
82.54.244.111 - - [20/Jun/2005:10:57:26 +0200] "GET /wiki.pl?WxWindows_For_MFC_Programmers HTTP/1.1" 200 2034 "http://it.altavista.com/web/results?itag=ody&q=wxWindows+mfc&kgs=0&kls=0" "Opera/8.0 (Windows NT 5.1; U; en)"
82.54.244.111 - - [20/Jun/2005:10:57:26 +0200] "GET /wxwiki.css HTTP/1.1" 304 - "http://wiki.wxwidgets.org/wiki.pl?WxWindows_For_MFC_Programmers" "Opera/8.0 (Windows NT 5.1; U; en)"
82.54.244.111 - - [20/Jun/2005:10:57:27 +0200] "GET /wximages/wxwidgets02-small.png HTTP/1.1" 304 - "http://wiki.wxwidgets.org/wiki.pl?WxWindows_For_MFC_Programmers" "Opera/8.0 (Windows NT 5.1; U; en)"
82.54.244.111 - - [20/Jun/2005:10:57:27 +0200] "GET /favicon.ico HTTP/1.1" 304 - "http://wiki.wxwidgets.org/wiki.pl?WxWindows_For_MFC_Programmers" "Opera/8.0 (Windows NT 5.1; U; en)"
82.54.244.111 - - [20/Jun/2005:10:57:32 +0200] "GET /wiki.pl?WxWidgets_For_MFC_Programmers HTTP/1.1" 200 12586 "http://wiki.wxwidgets.org/wiki.pl?WxWindows_For_MFC_Programmers" "Opera/8.0 (Windows NT 5.1; U; en)"
82.54.244.111 - - [20/Jun/2005:10:57:32 +0200] "GET /wxwiki.css HTTP/1.1" 304 - "http://wiki.wxwidgets.org/wiki.pl?WxWidgets_For_MFC_Programmers" "Opera/8.0 (Windows NT 5.1; U; en)"
82.54.244.111 - - [20/Jun/2005:10:57:33 +0200] "GET /wximages/wxwidgets02-small.png HTTP/1.1" 304 - "http://wiki.wxwidgets.org/wiki.pl?WxWidgets_For_MFC_Programmers" "Opera/8.0 (Windows NT 5.1; U; en)"
60.0.74.193 - - [20/Jun/2005:10:57:38 +0200] "GET /wximages/wxwidgets02-small.png HTTP/1.1" 200 12468 "http://blog.vckbase.com/bastet/" "Mozilla/4.0 (compatible; MSIE 6.0; Windows NT 5.1; SV1)"
68.142.249.14 - - [20/Jun/2005:10:57:46 +0200] "GET /wiki.pl?Subclassing_WxControl HTTP/1.0" 200 4269 "-" "Mozilla/5.0 (compatible; Yahoo! Slurp; http://help.yahoo.com/help/us/ysearch/slurp)"
213.10.254.239 - - [20/Jun/2005:10:57:47 +0200] "GET /wiki.pl?WxSQLite HTTP/1.1" 200 6064 "http://www.google.nl/search?sourceid=mozclient&ie=utf-8&oe=utf-8&q=wxSqlite" "Mozilla/5.0 (X11; U; Linux i686; en-US; rv:1.7.8) Gecko/20050511 Firefox/1.0.4"
65.54.188.139 - - [20/Jun/2005:10:58:32 +0200] "GET /wiki.pl?Binary_Files HTTP/1.0" 200 2378 "-" "msnbot/1.0 (+http://search.msn.com/msnbot.htm)"
195.37.0.4 - - [20/Jun/2005:10:59:38 +0200] "GET /wiki.pl?Resource_Files HTTP/1.0" 200 10705 "http://www.google.de/search?biw=1024&hl=de&q=convertrc&btnG=Google-Suche&meta=" "Mozilla/5.0 (Windows; U; Win98; de-DE; rv:1.7.8) Gecko/20050511 Firefox/1.0.4"
195.37.0.4 - - [20/Jun/2005:10:59:39 +0200] "GET /wxwiki.css HTTP/1.0" 200 1540 "http://wiki.wxwidgets.org/wiki.pl?Resource_Files" "Mozilla/5.0 (Windows; U; Win98; de-DE; rv:1.7.8) Gecko/20050511 Firefox/1.0.4"
195.37.0.4 - - [20/Jun/2005:10:59:39 +0200] "GET /wximages/wxwidgets02-small.png HTTP/1.0" 200 12468 "http://wiki.wxwidgets.org/wiki.pl?Resource_Files" "Mozilla/5.0 (Windows; U; Win98; de-DE; rv:1.7.8) Gecko/20050511 Firefox/1.0.4"
195.37.0.4 - - [20/Jun/2005:10:59:39 +0200] "GET /favicon.ico HTTP/1.0" 200 3262 "-" "Mozilla/5.0 (Windows; U; Win98; de-DE; rv:1.7.8) Gecko/20050511 Firefox/1.0.4"
65.54.188.139 - - [20/Jun/2005:10:59:42 +0200] "GET /wiki.pl?back=BrianHV HTTP/1.0" 200 1744 "-" "msnbot/1.0 (+http://search.msn.com/msnbot.htm)"
195.37.0.4 - - [20/Jun/2005:10:59:49 +0200] "GET /wiki.pl?IDEs HTTP/1.0" 200 10185 "http://wiki.wxwidgets.org/wiki.pl?Resource_Files" "Mozilla/5.0 (Windows; U; Win98; de-DE; rv:1.7.8) Gecko/20050511 Firefox/1.0.4"
222.33.2.202 - - [20/Jun/2005:10:59:52 +0200] "GET /wximages/wxwidgets02-small.png HTTP/1.1" 200 12468 "http://blog.vckbase.com/bastet/" "Mozilla/4.0 (compatible; MSIE 6.0; Windows NT 5.1; SV1)"
219.82.210.50 - - [20/Jun/2005:11:00:14 +0200] "GET /wximages/wxwidgets02-small.png HTTP/1.1" 200 12468 "http://blog.vckbase.com/bastet/" "Mozilla/4.0 (compatible; MSIE 6.0; Windows NT 5.1; SV1)"
84.57.205.96 - - [20/Jun/2005:11:00:26 +0200] "GET /wiki.pl?Cross-Compiling_Under_Linux HTTP/1.1" 200 8213 "-" "Mozilla/5.0 (compatible; Konqueror/3.3; Linux) (KHTML, like Gecko)"
192.167.20.67 - - [20/Jun/2005:11:01:51 +0200] "GET /wiki.pl?IDEs HTTP/1.1" 200 10212 "http://www.google.it/search?hl=it&client=firefox-a&rls=org.mozilla%3Aen-US%3Aofficial&q=wxwidgets+intel+compiler&btnG=Cerca&meta=" "Mozilla/5.0 (X11; U; Linux i686; en-US; rv:1.7.5) Gecko/20041107 Firefox/1.0"
192.167.20.67 - - [20/Jun/2005:11:01:52 +0200] "GET /wxwiki.css HTTP/1.1" 200 1540 "http://wiki.wxwidgets.org/wiki.pl?IDEs" "Mozilla/5.0 (X11; U; Linux i686; en-US; rv:1.7.5) Gecko/20041107 Firefox/1.0"
192.167.20.67 - - [20/Jun/2005:11:01:52 +0200] "GET /wximages/wxwidgets02-small.png HTTP/1.1" 200 12468 "http://wiki.wxwidgets.org/wiki.pl?IDEs" "Mozilla/5.0 (X11; U; Linux i686; en-US; rv:1.7.5) Gecko/20041107 Firefox/1.0"
192.167.20.67 - - [20/Jun/2005:11:01:52 +0200] "GET /favicon.ico HTTP/1.1" 200 3262 "-" "Mozilla/5.0 (X11; U; Linux i686; en-US; rv:1.7.5) Gecko/20041107 Firefox/1.0"
222.168.12.178 - - [20/Jun/2005:11:01:53 +0200] "GET /wximages/wxwidgets02-small.png HTTP/1.1" 200 12468 "http://blog.vckbase.com/bastet/" "Mozilla/4.0 (compatible; MSIE 6.0; Windows NT 5.0; .NET CLR 1.1.4322)"
65.214.44.47 - - [20/Jun/2005:11:02:34 +0200] "GET /wiki.pl?Continue HTTP/1.0" 200 1804 "-" "Mozilla/2.0 (compatible; Ask Jeeves/Teoma; +http://sp.ask.com/docs/about/tech_crawling.html)"
192.167.20.67 - - [20/Jun/2005:11:03:35 +0200] "GET /wiki.pl?Developers_Notebook/WxWinCECompiling HTTP/1.1" 200 11076 "http://www.google.it/search?q=visual+studio+to+cbuilderx+project+convert&sourceid=mozilla-search&start=0&start=0&ie=utf-8&oe=utf-8&client=firefox-a&rls=org.mozilla:en-US:official" "Mozilla/5.0 (X11; U; Linux i686; en-US; rv:1.7.5) Gecko/20041107 Firefox/1.0"
217.24.204.7 - - [20/Jun/2005:11:03:59 +0200] "GET /wiki.pl?WxWidgets_Compared_To_Other_Toolkits HTTP/1.0" 200 19433 "http://www.google.de/search?q=Framebuffer+Toolkits&hl=de&lr=&start=20&sa=N" "Mozilla/4.0 (compatible; MSIE 6.0; Windows NT 5.0)"
217.24.204.7 - - [20/Jun/2005:11:03:59 +0200] "GET /wxwiki.css HTTP/1.0" 200 1540 "http://wiki.wxwidgets.org/wiki.pl?WxWidgets_Compared_To_Other_Toolkits" "Mozilla/4.0 (compatible; MSIE 6.0; Windows NT 5.0)"
217.24.204.7 - - [20/Jun/2005:11:03:59 +0200] "GET /wximages/wxwidgets02-small.png HTTP/1.0" 200 12468 "http://wiki.wxwidgets.org/wiki.pl?WxWidgets_Compared_To_Other_Toolkits" "Mozilla/4.0 (compatible; MSIE 6.0; Windows NT 5.0)"
195.37.0.4 - - [20/Jun/2005:11:04:16 +0200] "GET /wiki.pl?WxSizer HTTP/1.0" 200 9871 "http://wiki.wxwidgets.org/wiki.pl?Resource_Files" "Mozilla/5.0 (Windows; U; Win98; de-DE; rv:1.7.8) Gecko/20050511 Firefox/1.0.4"
80.11.62.31 - - [20/Jun/2005:11:04:43 +0200] "GET /wiki.pl?WxWidgets_Vacancies HTTP/1.1" 200 3602 "http://www.wxwidgets.org/toolbar.htm" "Mozilla/5.0 (X11; U; Linux i686; fr; rv:1.7.8) Gecko/20050517 Firefox/1.0.4 (Debian package 1.0.4-2)"
80.11.62.31 - - [20/Jun/2005:11:04:44 +0200] "GET /wxwiki.css HTTP/1.1" 200 1540 "http://wiki.wxwidgets.org/wiki.pl?WxWidgets_Vacancies" "Mozilla/5.0 (X11; U; Linux i686; fr; rv:1.7.8) Gecko/20050517 Firefox/1.0.4 (Debian package 1.0.4-2)"
80.11.62.31 - - [20/Jun/2005:11:04:44 +0200] "GET /wximages/wxwidgets02-small.png HTTP/1.1" 200 12468 "http://wiki.wxwidgets.org/wiki.pl?WxWidgets_Vacancies" "Mozilla/5.0 (X11; U; Linux i686; fr; rv:1.7.8) Gecko/20050517 Firefox/1.0.4 (Debian package 1.0.4-2)"
80.11.62.31 - - [20/Jun/2005:11:04:44 +0200] "GET /favicon.ico HTTP/1.1" 200 3262 "-" "Mozilla/5.0 (X11; U; Linux i686; fr; rv:1.7.8) Gecko/20050517 Firefox/1.0.4 (Debian package 1.0.4-2)"
20.133.0.14 - - [20/Jun/2005:11:06:00 +0200] "GET /wiki.pl?RecentChanges HTTP/1.1" 200 11693 "http://wiki.wxwidgets.org/" "Mozilla/4.0 (compatible; MSIE 6.0; Windows NT 5.0)"
61.53.212.54 - - [20/Jun/2005:11:06:40 +0200] "GET /wximages/wxwidgets02-small.png HTTP/1.1" 200 12468 "http://blog.vckbase.com/bastet/" "Mozilla/4.0 (compatible; MSIE 6.0; Windows NT 5.1)"
20.133.0.14 - - [20/Jun/2005:11:06:49 +0200] "GET /wiki.pl?Writing_Your_First_Application/Introduction HTTP/1.1" 200 7803 "http://wiki.wxwidgets.org/wiki.pl?RecentChanges" "Mozilla/4.0 (compatible; MSIE 6.0; Windows NT 5.0)"
131.207.146.154 - - [20/Jun/2005:11:07:24 +0200] "GET /wxwiki.css HTTP/1.1" 200 1540 "http://wiki.wxwidgets.org/wiki.pl?FindWxWin.Cmake" "Mozilla/5.0 (Windows; U; Windows NT 5.0; en-US; rv:1.7.8) Gecko/20050511 Firefox/1.0.4"
131.207.146.154 - - [20/Jun/2005:11:07:24 +0200] "GET /wiki.pl?FindWxWin.Cmake HTTP/1.1" 200 21313 "http://www.google.fi/search?q=cmake+copy+directories&sourceid=mozilla-search&start=0&start=0&ie=utf-8&oe=utf-8&client=firefox-a&rls=org.mozilla:en-US:official" "Mozilla/5.0 (Windows; U; Windows NT 5.0; en-US; rv:1.7.8) Gecko/20050511 Firefox/1.0.4"
131.207.146.154 - - [20/Jun/2005:11:07:24 +0200] "GET /wximages/wxwidgets02-small.png HTTP/1.1" 200 12468 "http://wiki.wxwidgets.org/wiki.pl?FindWxWin.Cmake" "Mozilla/5.0 (Windows; U; Windows NT 5.0; en-US; rv:1.7.8) Gecko/20050511 Firefox/1.0.4"
131.207.146.154 - - [20/Jun/2005:11:07:24 +0200] "GET /favicon.ico HTTP/1.1" 200 3262 "-" "Mozilla/5.0 (Windows; U; Windows NT 5.0; en-US; rv:1.7.8) Gecko/20050511 Firefox/1.0.4"
202.115.31.83 - - [20/Jun/2005:11:08:37 +0200] "GET /wximages/wxwidgets02-small.png HTTP/1.1" 200 12468 "http://blog.vckbase.com/BastEt" "Mozilla/4.0 (compatible; MSIE 6.0; Windows NT 5.1; SV1)"
61.141.144.183 - - [20/Jun/2005:11:09:09 +0200] "GET /wximages/wxwidgets02-small.png HTTP/1.1" 200 12468 "http://blog.vckbase.com/bastet/" "Mozilla/4.0 (compatible; MSIE 6.0; Windows NT 5.1; SV1)"
65.54.188.139 - - [20/Jun/2005:11:09:59 +0200] "GET /wiki.pl?Internationalization HTTP/1.0" 200 4179 "-" "msnbot/1.0 (+http://search.msn.com/msnbot.htm)"
61.146.233.228 - - [20/Jun/2005:11:10:08 +0200] "GET /wximages/wxwidgets02-small.png HTTP/1.1" 200 12468 "http://blog.vckbase.com/bastet/" "Mozilla/4.0 (compatible; MSIE 6.0; Windows NT 5.1)"
67.40.147.28 - - [20/Jun/2005:11:10:28 +0200] "GET /wiki.pl?Reducing_Executable_Size HTTP/1.1" 200 5549 "http://www.google.com/search?q=wxwidgets+setup.h+strip&sourceid=mozilla-search&start=0&start=0&ie=utf-8&oe=utf-8&client=firefox-a&rls=org.mozilla:en-US:official" "Mozilla/5.0 (Windows; U; Windows NT 5.1; en-US; rv:1.7.8) Gecko/20050511 Firefox/1.0.4"
217.136.169.125 - - [20/Jun/2005:11:10:28 +0200] "GET / HTTP/1.1" 200 3381 "http://www.wxwidgets.org/docs.htm" "Mozilla/5.0 (Windows; U; Windows NT 5.1; de-DE; rv:1.7.8) Gecko/20050511 Firefox/1.0.4"
217.136.169.125 - - [20/Jun/2005:11:10:28 +0200] "GET /wxwiki.css HTTP/1.1" 200 1540 "http://wiki.wxwidgets.org/" "Mozilla/5.0 (Windows; U; Windows NT 5.1; de-DE; rv:1.7.8) Gecko/20050511 Firefox/1.0.4"
217.136.169.125 - - [20/Jun/2005:11:10:28 +0200] "GET /wximages/wxwidgets02-small.png HTTP/1.1" 200 12468 "http://wiki.wxwidgets.org/" "Mozilla/5.0 (Windows; U; Windows NT 5.1; de-DE; rv:1.7.8) Gecko/20050511 Firefox/1.0.4"
217.136.169.125 - - [20/Jun/2005:11:10:28 +0200] "GET /favicon.ico HTTP/1.1" 200 3262 "-" "Mozilla/5.0 (Windows; U; Windows NT 5.1; de-DE; rv:1.7.8) Gecko/20050511 Firefox/1.0.4"
67.40.147.28 - - [20/Jun/2005:11:10:30 +0200] "GET /wxwiki.css HTTP/1.1" 200 1540 "http://wiki.wxwidgets.org/wiki.pl?Reducing_Executable_Size" "Mozilla/5.0 (Windows; U; Windows NT 5.1; en-US; rv:1.7.8) Gecko/20050511 Firefox/1.0.4"
67.40.147.28 - - [20/Jun/2005:11:10:30 +0200] "GET /wximages/wxwidgets02-small.png HTTP/1.1" 200 12468 "http://wiki.wxwidgets.org/wiki.pl?Reducing_Executable_Size" "Mozilla/5.0 (Windows; U; Windows NT 5.1; en-US; rv:1.7.8) Gecko/20050511 Firefox/1.0.4"
67.40.147.28 - - [20/Jun/2005:11:10:34 +0200] "GET /favicon.ico HTTP/1.1" 200 3262 "-" "Mozilla/5.0 (Windows; U; Windows NT 5.1; en-US; rv:1.7.8) Gecko/20050511 Firefox/1.0.4"
217.136.169.125 - - [20/Jun/2005:11:10:36 +0200] "GET /wiki.pl?Resources HTTP/1.1" 200 5882 "http://wiki.wxwidgets.org/" "Mozilla/5.0 (Windows; U; Windows NT 5.1; de-DE; rv:1.7.8) Gecko/20050511 Firefox/1.0.4"
222.181.106.51 - - [20/Jun/2005:11:12:09 +0200] "GET /wximages/wxwidgets02-small.png HTTP/1.1" 200 12468 "http://blog.vckbase.com/bastet/" "Mozilla/4.0 (compatible; MSIE 6.0; Windows NT 5.1; SV1)"
195.113.217.219 - - [20/Jun/2005:11:12:15 +0200] "GET / HTTP/1.1" 200 3381 "http://www.wxwidgets.org/docs.htm" "Mozilla/4.0 (compatible; MSIE 6.0; Windows NT 5.0; .NET CLR 1.1.4322)"
195.113.217.219 - - [20/Jun/2005:11:12:15 +0200] "GET /wxwiki.css HTTP/1.1" 200 1540 "http://wiki.wxwidgets.org/" "Mozilla/4.0 (compatible; MSIE 6.0; Windows NT 5.0; .NET CLR 1.1.4322)"
195.113.217.219 - - [20/Jun/2005:11:12:15 +0200] "GET /wximages/wxwidgets02-small.png HTTP/1.1" 200 12468 "http://wiki.wxwidgets.org/" "Mozilla/4.0 (compatible; MSIE 6.0; Windows NT 5.0; .NET CLR 1.1.4322)"
195.113.217.219 - - [20/Jun/2005:11:12:18 +0200] "GET /wiki.pl?action=editprefs HTTP/1.1" 200 4431 "http://wiki.wxwidgets.org/" "Mozilla/4.0 (compatible; MSIE 6.0; Windows NT 5.0; .NET CLR 1.1.4322)"
217.136.169.125 - - [20/Jun/2005:11:12:19 +0200] "GET /wiki.pl?Table_Of_Contents HTTP/1.1" 200 26242 "http://wiki.wxwidgets.org/" "Mozilla/5.0 (Windows; U; Windows NT 5.1; de-DE; rv:1.7.8) Gecko/20050511 Firefox/1.0.4"
217.136.169.125 - - [20/Jun/2005:11:12:38 +0200] "GET /wiki.pl?Resource_Files HTTP/1.1" 200 10732 "http://wiki.wxwidgets.org/wiki.pl?Table_Of_Contents" "Mozilla/5.0 (Windows; U; Windows NT 5.1; de-DE; rv:1.7.8) Gecko/20050511 Firefox/1.0.4"
218.79.107.127 - - [20/Jun/2005:11:12:51 +0200] "GET /wiki.pl?Cross-Compiling_Under_Linux HTTP/1.1" 200 8213 "-" "Mozilla/5.0 (compatible; Konqueror/3.3; SunOS) (KHTML, like Gecko)"
221.199.138.155 - - [20/Jun/2005:11:13:45 +0200] "GET /wximages/wxwidgets02-small.png HTTP/1.1" 200 12468 "http://blog.vckbase.com/bastet/" "Mozilla/4.0 (compatible; MSIE 6.0; Windows NT 5.1; SV1)"
218.83.123.145 - - [20/Jun/2005:11:13:53 +0200] "GET /wximages/wxwidgets02-small.png HTTP/1.1" 200 12468 "http://blog.vckbase.com/bastet/" "Mozilla/4.0 (compatible; MSIE 6.0; Windows NT 5.1; SV1)"
222.132.197.101 - - [20/Jun/2005:11:13:57 +0200] "GET /wximages/wxwidgets02-small.png HTTP/1.1" 200 12468 "http://blog.vckbase.com/bastet/" "Mozilla/4.0 (compatible; MSIE 6.0; Windows NT 5.1; TencentTraveler )"
217.136.169.125 - - [20/Jun/2005:11:14:05 +0200] "GET /wiki.pl?RTTI HTTP/1.1" 200 8995 "http://wiki.wxwidgets.org/wiki.pl?Table_Of_Contents" "Mozilla/5.0 (Windows; U; Windows NT 5.1; de-DE; rv:1.7.8) Gecko/20050511 Firefox/1.0.4"
195.113.217.219 - - [20/Jun/2005:11:14:55 +0200] "GET /wiki.pl?WxWidgets_Vacancies HTTP/1.1" 200 3676 "http://www.wxwidgets.org/toolbar.htm" "Mozilla/4.0 (compatible; MSIE 6.0; Windows NT 5.0; .NET CLR 1.1.4322)"
207.46.98.84 - - [20/Jun/2005:11:14:58 +0200] "GET /wiki.pl?Mac_OS_X_And_Xcode_For_Beginners HTTP/1.0" 200 31927 "-" "msnbot/1.0 (+http://search.msn.com/msnbot.htm)"
195.113.217.219 - - [20/Jun/2005:11:15:04 +0200] "GET /wiki.pl?WxWidgets_Bounties HTTP/1.1" 200 8946 "http://www.wxwidgets.org/toolbar.htm" "Mozilla/4.0 (compatible; MSIE 6.0; Windows NT 5.0; .NET CLR 1.1.4322)"
219.144.210.2 - - [20/Jun/2005:11:15:10 +0200] "GET /wximages/wxwidgets02-small.png HTTP/1.1" 200 12439 "http://blog.vckbase.com/bastet/" "Mozilla/4.0 (compatible; MSIE 6.0; Windows NT 5.1; SV1)"
65.54.188.139 - - [20/Jun/2005:11:15:44 +0200] "GET /wiki.pl?Subclassing_WxControl HTTP/1.0" 200 4269 "-" "msnbot/1.0 (+http://search.msn.com/msnbot.htm)"
144.138.164.67 - - [20/Jun/2005:11:16:06 +0200] "GET /wiki.pl?MS_Free_Tools_And_WxWidgets HTTP/1.1" 200 16120 "http://www.google.com.au/search?hl=en&q=Framework+SDK+directory+in+your+path&meta=" "Mozilla/4.0 (compatible; MSIE 6.0; Windows NT 5.1; SV1; .NET CLR 1.1.4322)"
